{"id":37,"date":"2024-11-07T11:22:24","date_gmt":"2024-11-07T14:22:24","guid":{"rendered":"https:\/\/departamentos.uel.br\/psicologia-social-e-institucional\/?page_id=37"},"modified":"2024-11-07T14:18:33","modified_gmt":"2024-11-07T17:18:33","slug":"sobre-o-departamento","status":"publish","type":"page","link":"https:\/\/departamentos.uel.br\/psicologia-social-e-institucional\/sobre-o-departamento\/","title":{"rendered":"Sobre o Departamento"},"content":{"rendered":"\n<p>O Departamento de Psicologia Social e Institucional da Universidade Estadual de Londrina se organizou em 1990, e ficou respons\u00e1vel por articular as teorias psicol\u00f3gicas no contexto das rela\u00e7\u00f5es sociais.<\/p>\n\n\n\n<p>Tem como miss\u00e3o desenvolver, disseminar e aplicar conhecimentos que contribuem para a compreens\u00e3o das rela\u00e7\u00f5es e din\u00e2micas sociais, culturais e institucionais que afetam os indiv\u00edduos e os coletivos. <\/p>\n\n\n\n<p>Com um compromisso \u00e9tico e social, nosso departamento busca formar profissionais e pesquisadores cr\u00edticos, capazes de intervir de maneira transformadora em diferentes contextos, desde organiza\u00e7\u00f5es e pol\u00edticas p\u00fablicas at\u00e9 comunidades e ambientes educacionais.<\/p>\n\n\n\n<p>Nossa equipe de docentes e pesquisadores \u00e9 composta por especialistas dedicados a investigar temas como: preconceito e discrimina\u00e7\u00e3o, sa\u00fade mental e trabalho, desenvolvimento comunit\u00e1rio, al\u00e9m de fen\u00f4menos emergentes na sociedade contempor\u00e2nea. <\/p>\n\n\n\n<p>Por meio de projetos de pesquisa, ensino e extens\u00e3o, oferecemos aos nossos estudantes a oportunidade de aplicar o conhecimento em situa\u00e7\u00f5es reais, participando de iniciativas que visam o bem-estar social e a promo\u00e7\u00e3o de mudan\u00e7as positivas nas estruturas sociais. <\/p>\n","protected":false},"excerpt":{"rendered":"<p>O Departamento de Psicologia Social e Institucional da Universidade Estadual de Londrina se organizou em 1990, e ficou respons\u00e1vel por articular as teorias psicol\u00f3gicas no contexto das rela\u00e7\u00f5es sociais. Tem como miss\u00e3o desenvolver, disseminar e aplicar conhecimentos que contribuem para a compreens\u00e3o das rela\u00e7\u00f5es e din\u00e2micas sociais, culturais e institucionais que afetam os indiv\u00edduos e [&hellip;]<\/p>\n","protected":false},"author":6,"featured_media":0,"parent":0,"menu_order":0,"comment_status":"closed","ping_status":"closed","template":"","meta":{"_acf_changed":false,"_themeisle_gutenberg_block_has_review":false,"footnotes":""},"class_list":["post-37","page","type-page","status-publish","hentry"],"acf":[],"_links":{"self":[{"href":"https:\/\/departamentos.uel.br\/psicologia-social-e-institucional\/wp-json\/wp\/v2\/pages\/37","targetHints":{"allow":["GET"]}}],"collection":[{"href":"https:\/\/departamentos.uel.br\/psicologia-social-e-institucional\/wp-json\/wp\/v2\/pages"}],"about":[{"href":"https:\/\/departamentos.uel.br\/psicologia-social-e-institucional\/wp-json\/wp\/v2\/types\/page"}],"author":[{"embeddable":true,"href":"https:\/\/departamentos.uel.br\/psicologia-social-e-institucional\/wp-json\/wp\/v2\/users\/6"}],"replies":[{"embeddable":true,"href":"https:\/\/departamentos.uel.br\/psicologia-social-e-institucional\/wp-json\/wp\/v2\/comments?post=37"}],"version-history":[{"count":3,"href":"https:\/\/departamentos.uel.br\/psicologia-social-e-institucional\/wp-json\/wp\/v2\/pages\/37\/revisions"}],"predecessor-version":[{"id":64,"href":"https:\/\/departamentos.uel.br\/psicologia-social-e-institucional\/wp-json\/wp\/v2\/pages\/37\/revisions\/64"}],"wp:attachment":[{"href":"https:\/\/departamentos.uel.br\/psicologia-social-e-institucional\/wp-json\/wp\/v2\/media?parent=37"}],"curies":[{"name":"wp","href":"https:\/\/api.w.org\/{rel}","templated":true}]}}

<p>O Departamento de Psicologia Social e Institucional da Universidade Estadual de Londrina se organizou em 1990, e ficou responsável por articular as teorias psicológicas no contexto das relações sociais.</p>



<p>Tem como missão desenvolver, disseminar e aplicar conhecimentos que contribuem para a compreensão das relações e dinâmicas sociais, culturais e institucionais que afetam os indivíduos e os coletivos. </p>



<p>Com um compromisso ético e social, nosso departamento busca formar profissionais e pesquisadores críticos, capazes de intervir de maneira transformadora em diferentes contextos, desde organizações e políticas públicas até comunidades e ambientes educacionais.</p>



<p>Nossa equipe de docentes e pesquisadores é composta por especialistas dedicados a investigar temas como: preconceito e discriminação, saúde mental e trabalho, desenvolvimento comunitário, além de fenômenos emergentes na sociedade contemporânea. </p>



<p>Por meio de projetos de pesquisa, ensino e extensão, oferecemos aos nossos estudantes a oportunidade de aplicar o conhecimento em situações reais, participando de iniciativas que visam o bem-estar social e a promoção de mudanças positivas nas estruturas sociais. </p>

<p>O Departamento de Psicologia Social e Institucional da Universidade Estadual de Londrina se organizou em 1990, e ficou responsável por articular as teorias psicológicas no contexto das relações sociais. Tem como missão desenvolver, disseminar e aplicar conhecimentos que contribuem para a compreensão das relações e dinâmicas sociais, culturais e institucionais que afetam os indivíduos e [&hellip;]</p>
