{"id":37,"date":"2024-11-06T16:27:39","date_gmt":"2024-11-06T19:27:39","guid":{"rendered":"https:\/\/departamentos.uel.br\/psicologia-geral-e-analise-do-comportamento\/?page_id=37"},"modified":"2024-11-06T16:34:52","modified_gmt":"2024-11-06T19:34:52","slug":"sobre-o-departamento","status":"publish","type":"page","link":"https:\/\/departamentos.uel.br\/psicologia-geral-e-analise-do-comportamento\/sobre-o-departamento\/","title":{"rendered":"Sobre o Departamento"},"content":{"rendered":"\n<p>O Departamento de Psicologia Geral e An\u00e1lise do Comportamento foi criado em 1990 (Resolu\u00e7\u00e3o n\u00ba 1490\/90, de 16\/03\/1990) a partir da divis\u00e3o do Departamento de Psicologia Geral e Experimental, que administrava o curso de Psicologia da UEL (criado pela Resolu\u00e7\u00e3o 53\/71, de 26\/10\/1971). <\/p>\n\n\n\n<p>A divis\u00e3o do Departamento de Psicologia Geral e Experimental se concretizou no ano de 1990 com a cria\u00e7\u00e3o de tr\u00eas departamentos de Psicologia: Departamento de Psicologia Geral e An\u00e1lise do Comportamento (PGAC) e Departamento de Psicologia Social e Institucional (PSI).<\/p>\n\n\n\n<p>Departamento de Fundamentos de Psicologia e Psican\u00e1lise (FPP). Em 22\/01\/2004, atrav\u00e9s da Resolu\u00e7\u00e3o CU n\u00ba 01\/2004, houve altera\u00e7\u00e3o na nomenclatura deste departamento, passando para\u00a0Departamento de Psicologia e Psican\u00e1lise (PPSIC).<\/p>\n\n\n\n<p>O Departamento de Psicologia Geral e An\u00e1lise do Comportamento, criado pela Resolu\u00e7\u00e3o n\u00ba 1490\/90, de 16\/03\/1990, como um dos integrantes do Centro de Ci\u00eancias Biol\u00f3gicas vem desenvolvendo, desde sua cria\u00e7\u00e3o, atividades voltadas ao ensino da An\u00e1lise do Comportamento e pesquisas b\u00e1sica e aplicada ao comportamento humano. <\/p>\n\n\n\n<p>O Departamento \u00e9 constitu\u00eddo por 24 docentes, na sua maioria doutores, que tem atividades did\u00e1ticas nos cursos de gradua\u00e7\u00e3o em Psicologia, Esporte e Medicina; Ensino de Ci\u00eancias e Educa\u00e7\u00e3o Matem\u00e1tica (Doutorado); An\u00e1lise do Comportamento (Mestrado); Resid\u00eancia M\u00e9dica em Psiquiatria (Especializa\u00e7\u00e3o); Resid\u00eancia Multiprofissional em Sa\u00fade da Mulher (Especializa\u00e7\u00e3o).<\/p>\n\n\n\n<p>Em 1991, o Departamento de Psicologia Geral e An\u00e1lise do Comportamento passou a oferecer o curso de Especializa\u00e7\u00e3o em Psicoterapia na An\u00e1lise do comportamento (criado pela Resolu\u00e7\u00e3o n\u00ba 1602\/90, de 10\/10\/1990), destinado a graduados nas \u00e1reas de Psicologia (Forma\u00e7\u00e3o de Psic\u00f3logo) e Psiquiatria. <\/p>\n\n\n\n<p>O curso tinha como objetivo aprimorar a forma\u00e7\u00e3o de psicoterapeutas que atuavam na \u00e1rea de An\u00e1lise do Comportamento, possibilitando o desenvolvimento de pesquisa aliada \u00e0 pr\u00e1tica profissional.<\/p>\n\n\n\n<p>Ao longo de sua exist\u00eancia (1990 a 2005), o curso passou por diversas reestrutura\u00e7\u00f5es, primando sempre pela qualidade dos conte\u00fados ministrados e dos conhecimentos produzidos. Resolu\u00e7\u00f5es que reestruturaram o curso de Psicoterapia na An\u00e1lise do Comportamento: Resolu\u00e7\u00e3o n\u00ba 2253\/93, de 25\/03\/1993; Resolu\u00e7\u00e3o n\u00ba 2.739\/94, de 14\/12\/1994; Resolu\u00e7\u00e3o n\u00ba 2.940\/96, de 17\/01\/1996; Resolu\u00e7\u00e3o 3.065\/96, de 23\/10\/1996; Resolu\u00e7\u00e3o 66\/98, de 22\/09\/1998; Resolu\u00e7\u00e3o CEPE 131\/2001, de 19\/09\/2001.<\/p>\n\n\n\n<p>Em 2005, houve altera\u00e7\u00e3o no Regimento do Departamento de Psicologia Geral e An\u00e1lise do Comportamento (Resolu\u00e7\u00e3o CU n\u00ba 262\/2005, de 10\/10\/2005) e o departamento passou a dividir-se internamente em tr\u00eas \u00e1reas: <\/p>\n\n\n\n<p><strong>\u00c1rea I<\/strong> &#8211; Psicologia Geral e Processos B\u00e1sicos; <br><strong>\u00c1rea II<\/strong> &#8211; Psicologia do Desenvolvimento e da Personalidade e Fundamentos e Aplica\u00e7\u00f5es da An\u00e1lise do Comportamento e;<br><strong>\u00c1rea III<\/strong> &#8211; Tratamento e Preven\u00e7\u00e3o Psicol\u00f3gica. As \u00e1reas passaram a ter finalidades did\u00e1tica, administrativa, de capacita\u00e7\u00e3o e para defini\u00e7\u00e3o de vagas para contrata\u00e7\u00e3o docente.<\/p>\n\n\n\n<p>Em mar\u00e7o de 2005, inicia-se a primeira turma do Programa de Mestrado em An\u00e1lise do Comportamento, criado pela Resolu\u00e7\u00e3o CA n\u00ba 57\/2004, de 24 de junho de 2004 e aprovado pela CAPES em novembro de 2004.<\/p>\n\n\n\n<p>O Programa de Mestrado em An\u00e1lise do Comportamento \u00e9 o primeiro programa de p\u00f3s-gradua\u00e7\u00e3o stricto sensu na \u00e1rea de Psicologia das IEES do Paran\u00e1 e o primeiro do pa\u00eds na \u00e1rea de An\u00e1lise do Comportamento. <\/p>\n\n\n\n<p>O programa \u00e9 dirigido a graduados em Psicologia e em outros cursos das \u00e1reas biol\u00f3gica, social, humana, da sa\u00fade e afins interessados no estudo do comportamento humano desde a perspectiva da An\u00e1lise do Comportamento e visa: <\/p>\n\n\n\n<p>a) formar analistas do comportamento para atuar em campos do ensino superior e para atuar em atividades de pesquisa que fortale\u00e7am a produ\u00e7\u00e3o de conhecimento em an\u00e1lise do comportamento em n\u00edveis te\u00f3rico-conceitual e metodol\u00f3gico; <\/p>\n\n\n\n<p>b) formar analistas do comportamento habilitados a interpretar e solucionar problemas de ordem comportamental pr\u00f3prios de demandas regionais ou de diferentes campos de atua\u00e7\u00e3o atrav\u00e9s da produ\u00e7\u00e3o ou adapta\u00e7\u00e3o de tecnologias apropriadas.<\/p>\n\n\n\n<p>Este breve hist\u00f3rico caracteriza um compromisso do Departamento de Psicologia Geral e An\u00e1lise do Comportamento com a permanente constru\u00e7\u00e3o de novos modelos acad\u00eamicos para favorecer a forma\u00e7\u00e3o dos estudantes e serve para reafirmar que o desenvolvimento do departamento nos pr\u00f3ximos anos continuar\u00e1 primando pela busca de novas alternativas para o crescimento do conhecimento na \u00e1rea.<\/p>\n\n\n\n<p><\/p>\n","protected":false},"excerpt":{"rendered":"<p>O Departamento de Psicologia Geral e An\u00e1lise do Comportamento foi criado em 1990 (Resolu\u00e7\u00e3o n\u00ba 1490\/90, de 16\/03\/1990) a partir da divis\u00e3o do Departamento de Psicologia Geral e Experimental, que administrava o curso de Psicologia da UEL (criado pela Resolu\u00e7\u00e3o 53\/71, de 26\/10\/1971). A divis\u00e3o do Departamento de Psicologia Geral e Experimental se concretizou no [&hellip;]<\/p>\n","protected":false},"author":6,"featured_media":0,"parent":0,"menu_order":0,"comment_status":"closed","ping_status":"closed","template":"","meta":{"_acf_changed":false,"_themeisle_gutenberg_block_has_review":false,"footnotes":""},"class_list":["post-37","page","type-page","status-publish","hentry"],"acf":[],"_links":{"self":[{"href":"https:\/\/departamentos.uel.br\/psicologia-geral-e-analise-do-comportamento\/wp-json\/wp\/v2\/pages\/37","targetHints":{"allow":["GET"]}}],"collection":[{"href":"https:\/\/departamentos.uel.br\/psicologia-geral-e-analise-do-comportamento\/wp-json\/wp\/v2\/pages"}],"about":[{"href":"https:\/\/departamentos.uel.br\/psicologia-geral-e-analise-do-comportamento\/wp-json\/wp\/v2\/types\/page"}],"author":[{"embeddable":true,"href":"https:\/\/departamentos.uel.br\/psicologia-geral-e-analise-do-comportamento\/wp-json\/wp\/v2\/users\/6"}],"replies":[{"embeddable":true,"href":"https:\/\/departamentos.uel.br\/psicologia-geral-e-analise-do-comportamento\/wp-json\/wp\/v2\/comments?post=37"}],"version-history":[{"count":4,"href":"https:\/\/departamentos.uel.br\/psicologia-geral-e-analise-do-comportamento\/wp-json\/wp\/v2\/pages\/37\/revisions"}],"predecessor-version":[{"id":52,"href":"https:\/\/departamentos.uel.br\/psicologia-geral-e-analise-do-comportamento\/wp-json\/wp\/v2\/pages\/37\/revisions\/52"}],"wp:attachment":[{"href":"https:\/\/departamentos.uel.br\/psicologia-geral-e-analise-do-comportamento\/wp-json\/wp\/v2\/media?parent=37"}],"curies":[{"name":"wp","href":"https:\/\/api.w.org\/{rel}","templated":true}]}}