{"id":110,"date":"2024-12-11T15:44:52","date_gmt":"2024-12-11T18:44:52","guid":{"rendered":"https:\/\/departamentos.uel.br\/psicologia-geral-e-analise-do-comportamento\/?page_id=110"},"modified":"2024-12-11T15:44:53","modified_gmt":"2024-12-11T18:44:53","slug":"latec-laboratorio-de-analises-e-tecnologias-comportamentais","status":"publish","type":"page","link":"https:\/\/departamentos.uel.br\/psicologia-geral-e-analise-do-comportamento\/latec-laboratorio-de-analises-e-tecnologias-comportamentais\/","title":{"rendered":"LATEC &#8211; Laborat\u00f3rio de An\u00e1lises e Tecnologias Comportamentais"},"content":{"rendered":"\n<p>O LATEC tem como objetivo integrar projetos de pesquisa e de extens\u00e3o fundamentados em princ\u00edpios da An\u00e1lise do Comportamento, bem como promover campos de est\u00e1gio a estudantes de gradua\u00e7\u00e3o e de p\u00f3s-gradua\u00e7\u00e3o voltados para o desenvolvimento, a avalia\u00e7\u00e3o e a aplica\u00e7\u00e3o de tecnologias comportamentais.<\/p>\n\n\n\n<p>Para a coleta de dados nas pesquisas com humanos tem sido utilizado um simulador de realidade virtual&nbsp;<em>Virtua.Therapy<\/em>&nbsp;e os&nbsp;<em>softwares<\/em>&nbsp;IRAP 2008 e Equival\u00eancia.<\/p>\n","protected":false},"excerpt":{"rendered":"<p>O LATEC tem como objetivo integrar projetos de pesquisa e de extens\u00e3o fundamentados em princ\u00edpios da An\u00e1lise do Comportamento, bem como promover campos de est\u00e1gio a estudantes de gradua\u00e7\u00e3o e de p\u00f3s-gradua\u00e7\u00e3o voltados para o desenvolvimento, a avalia\u00e7\u00e3o e a aplica\u00e7\u00e3o de tecnologias comportamentais. Para a coleta de dados nas pesquisas com humanos tem sido [&hellip;]<\/p>\n","protected":false},"author":6,"featured_media":0,"parent":0,"menu_order":0,"comment_status":"closed","ping_status":"closed","template":"","meta":{"_acf_changed":false,"_themeisle_gutenberg_block_has_review":false,"footnotes":""},"class_list":["post-110","page","type-page","status-publish","hentry"],"acf":[],"_links":{"self":[{"href":"https:\/\/departamentos.uel.br\/psicologia-geral-e-analise-do-comportamento\/wp-json\/wp\/v2\/pages\/110","targetHints":{"allow":["GET"]}}],"collection":[{"href":"https:\/\/departamentos.uel.br\/psicologia-geral-e-analise-do-comportamento\/wp-json\/wp\/v2\/pages"}],"about":[{"href":"https:\/\/departamentos.uel.br\/psicologia-geral-e-analise-do-comportamento\/wp-json\/wp\/v2\/types\/page"}],"author":[{"embeddable":true,"href":"https:\/\/departamentos.uel.br\/psicologia-geral-e-analise-do-comportamento\/wp-json\/wp\/v2\/users\/6"}],"replies":[{"embeddable":true,"href":"https:\/\/departamentos.uel.br\/psicologia-geral-e-analise-do-comportamento\/wp-json\/wp\/v2\/comments?post=110"}],"version-history":[{"count":1,"href":"https:\/\/departamentos.uel.br\/psicologia-geral-e-analise-do-comportamento\/wp-json\/wp\/v2\/pages\/110\/revisions"}],"predecessor-version":[{"id":111,"href":"https:\/\/departamentos.uel.br\/psicologia-geral-e-analise-do-comportamento\/wp-json\/wp\/v2\/pages\/110\/revisions\/111"}],"wp:attachment":[{"href":"https:\/\/departamentos.uel.br\/psicologia-geral-e-analise-do-comportamento\/wp-json\/wp\/v2\/media?parent=110"}],"curies":[{"name":"wp","href":"https:\/\/api.w.org\/{rel}","templated":true}]}}

LATEC &#8211; Laboratório de Análises e Tecnologias Comportamentais

<p>O LATEC tem como objetivo integrar projetos de pesquisa e de extensão fundamentados em princípios da Análise do Comportamento, bem como promover campos de estágio a estudantes de graduação e de pós-graduação voltados para o desenvolvimento, a avaliação e a aplicação de tecnologias comportamentais.</p>



<p>Para a coleta de dados nas pesquisas com humanos tem sido utilizado um simulador de realidade virtual&nbsp;<em>Virtua.Therapy</em>&nbsp;e os&nbsp;<em>softwares</em>&nbsp;IRAP 2008 e Equivalência.</p>

<p>O LATEC tem como objetivo integrar projetos de pesquisa e de extensão fundamentados em princípios da Análise do Comportamento, bem como promover campos de estágio a estudantes de graduação e de pós-graduação voltados para o desenvolvimento, a avaliação e a aplicação de tecnologias comportamentais. Para a coleta de dados nas pesquisas com humanos tem sido [&hellip;]</p>
