{"id":106,"date":"2024-12-11T15:40:59","date_gmt":"2024-12-11T18:40:59","guid":{"rendered":"https:\/\/departamentos.uel.br\/psicologia-geral-e-analise-do-comportamento\/?page_id=106"},"modified":"2024-12-11T15:42:16","modified_gmt":"2024-12-11T18:42:16","slug":"laboratorio-de-psicologia-experimental-e-psicobiologia","status":"publish","type":"page","link":"https:\/\/departamentos.uel.br\/psicologia-geral-e-analise-do-comportamento\/laboratorio-de-psicologia-experimental-e-psicobiologia\/","title":{"rendered":"Laborat\u00f3rio de Psicologia experimental e Psicobiologia"},"content":{"rendered":"\n<p>No Laborat\u00f3rio de Psicologia Experimental e Psicobiologia s\u00e3o desenvolvidas pesquisas sobre o desempenho de n\u00e3o humanos (ratos) em programas de refor\u00e7o. <\/p>\n\n\n\n<p>Para a coleta de dados nas pesquisas com n\u00e3o humanos (ratos) t\u00eam sido utilizadas caixas operantes da\u00a0INSIGHT\u00a0(Modelo EP102) com conex\u00e3o via USB para microcomputador. Tamb\u00e9m s\u00e3o realizadas pesquisas sobre modelos animais de transtornos comportamentais. <\/p>\n\n\n\n<p>Para tanto, utilizam-se diversos equipamentos de teste, bem como filmadoras, computadores, balan\u00e7as etc.<\/p>\n\n\n\n<p>O laborat\u00f3rio possui um total\u00a034,27 m<sup>2<\/sup>\u00a0de \u00e1rea f\u00edsica,\u00a0\u00e9 constitu\u00eddo de quatro salas de teste, destinadas a estudos experimentais ou observacionais com ratos. <\/p>\n\n\n\n<p>Essas salas foram projetadas para a condu\u00e7\u00e3o de experimentos de forma mais isolada poss\u00edvel de outras atividades e ru\u00eddos dos espa\u00e7os vizinhos. S\u00e3o microambientes pr\u00f3prios para poucos equipamentos ou s\u00f3 para um aparato de teste (3-4 metros quadrados). <\/p>\n\n\n\n<p>No mesmo espa\u00e7o em que se localizam as salas experimentais h\u00e1 uma antessala maior, que serve para: <\/p>\n\n\n\n<p>(1) perman\u00eancia de estudantes de mestrado e de inicia\u00e7\u00e3o cient\u00edfica, <\/p>\n\n\n\n<p>(2) aloca\u00e7\u00e3o de equipamentos para observa\u00e7\u00e3o e registro comportamental (microcomputadores, TV, videocassete etc.). <\/p>\n\n\n\n<p>Essa sala \u00e9 provida ainda de mesas, arm\u00e1rios, uma bancada e uma pia de m\u00e1rmore destinada \u00e0 higieniza\u00e7\u00e3o das pessoas e de equipamentos usados nos experimentos.<\/p>\n","protected":false},"excerpt":{"rendered":"<p>No Laborat\u00f3rio de Psicologia Experimental e Psicobiologia s\u00e3o desenvolvidas pesquisas sobre o desempenho de n\u00e3o humanos (ratos) em programas de refor\u00e7o. Para a coleta de dados nas pesquisas com n\u00e3o humanos (ratos) t\u00eam sido utilizadas caixas operantes da\u00a0INSIGHT\u00a0(Modelo EP102) com conex\u00e3o via USB para microcomputador. Tamb\u00e9m s\u00e3o realizadas pesquisas sobre modelos animais de transtornos comportamentais. [&hellip;]<\/p>\n","protected":false},"author":6,"featured_media":0,"parent":0,"menu_order":0,"comment_status":"closed","ping_status":"closed","template":"","meta":{"_acf_changed":false,"_themeisle_gutenberg_block_has_review":false,"footnotes":""},"class_list":["post-106","page","type-page","status-publish","hentry"],"acf":[],"_links":{"self":[{"href":"https:\/\/departamentos.uel.br\/psicologia-geral-e-analise-do-comportamento\/wp-json\/wp\/v2\/pages\/106","targetHints":{"allow":["GET"]}}],"collection":[{"href":"https:\/\/departamentos.uel.br\/psicologia-geral-e-analise-do-comportamento\/wp-json\/wp\/v2\/pages"}],"about":[{"href":"https:\/\/departamentos.uel.br\/psicologia-geral-e-analise-do-comportamento\/wp-json\/wp\/v2\/types\/page"}],"author":[{"embeddable":true,"href":"https:\/\/departamentos.uel.br\/psicologia-geral-e-analise-do-comportamento\/wp-json\/wp\/v2\/users\/6"}],"replies":[{"embeddable":true,"href":"https:\/\/departamentos.uel.br\/psicologia-geral-e-analise-do-comportamento\/wp-json\/wp\/v2\/comments?post=106"}],"version-history":[{"count":2,"href":"https:\/\/departamentos.uel.br\/psicologia-geral-e-analise-do-comportamento\/wp-json\/wp\/v2\/pages\/106\/revisions"}],"predecessor-version":[{"id":108,"href":"https:\/\/departamentos.uel.br\/psicologia-geral-e-analise-do-comportamento\/wp-json\/wp\/v2\/pages\/106\/revisions\/108"}],"wp:attachment":[{"href":"https:\/\/departamentos.uel.br\/psicologia-geral-e-analise-do-comportamento\/wp-json\/wp\/v2\/media?parent=106"}],"curies":[{"name":"wp","href":"https:\/\/api.w.org\/{rel}","templated":true}]}}