{"id":37,"date":"2024-11-07T09:29:34","date_gmt":"2024-11-07T12:29:34","guid":{"rendered":"https:\/\/departamentos.uel.br\/psicologia-e-psicanalise\/?page_id=37"},"modified":"2024-11-07T10:40:48","modified_gmt":"2024-11-07T13:40:48","slug":"sobre-o-departamento","status":"publish","type":"page","link":"https:\/\/departamentos.uel.br\/psicologia-e-psicanalise\/sobre-o-departamento\/","title":{"rendered":"Sobre o Departamento"},"content":{"rendered":"\n<p><strong>1 &#8211; Fundamentos do Departamento de Psicologia e Psican\u00e1lise<\/strong><\/p>\n\n\n\n<p>A preocupa\u00e7\u00e3o b\u00e1sica desta \u00e1rea de conhecimento, e que define a identidade deste departamento e seus integrantes, \u00e9 compreender o ser humano e sua realidade conduzida pelo princ\u00edpio do determinismo ps\u00edquico, ou da causalidade ps\u00edquica, em que a consci\u00eancia \u00e9 antes um atributo excepcional e n\u00e3o inerente aos processos ps\u00edquicos\/comportamentais. <\/p>\n\n\n\n<p>Nessa perspectiva interessa o ser humano na sua complexidade constitutiva, expressa em sua personalidade motivada pela dualidade das puls\u00f5es, com suas vicissitudes e recursos determinando, assim, a realidade do sujeito.<\/p>\n\n\n\n<p>S\u00e3o \u00e1reas de Conhecimento: <\/p>\n\n\n\n<p>(a) Fundamentos de Psicologia, <br>(b) Psican\u00e1lise, <br>(c) Clinica Psicanal\u00edtica e<br>(d) Clinica Psicanal\u00edtica na Institui\u00e7\u00e3o.<\/p>\n\n\n\n<p> A \u00e1rea de Fundamentos de Psicologia responde ao campo predominantemente da avalia\u00e7\u00e3o psicol\u00f3gica, com suas especificidades te\u00f3rico e metodol\u00f3gicas. Essas \u00e1reas do conhecimento est\u00e3o alocadas nas 3 \u00eanfases pedag\u00f3gicas estabelecidas pelo Projeto Pedag\u00f3gico do Curso de Psicologia (Resolu\u00e7\u00e3o CEPE\/CA n\u00ba 055\/2013). <\/p>\n\n\n\n<p>S\u00e3o elas:<\/p>\n\n\n\n<p>\u00canfase 1:&nbsp;Investiga\u00e7\u00e3o e Interven\u00e7\u00e3o em Processos Cl\u00ednicos e Sa\u00fade<br>\u00canfase 2:&nbsp;Investiga\u00e7\u00e3o e Interven\u00e7\u00e3o em Processos Sociais e Institucionais<\/p>\n\n\n\n<p><strong>2 &#8211; Caracter\u00edsticas Te\u00f3ricas, Metodol\u00f3gicas e Objetivos<\/strong><\/p>\n\n\n\n<p>Este departamento tem como proposta de trabalho compreender o homem e sua exist\u00eancia, \u00e0 luz da Psican\u00e1lise. <\/p>\n\n\n\n<p>A estrutura\u00e7\u00e3o do psiquismo e sua din\u00e2mica, as express\u00f5es de sa\u00fade mental e as manifesta\u00e7\u00f5es psicopatol\u00f3gicas, resultantes da incid\u00eancia pulsional na constitui\u00e7\u00e3o do sujeito. <\/p>\n\n\n\n<p>Paralelamente, busca-se apresentar os m\u00e9todos diagn\u00f3sticos para fundamentar as pr\u00e1ticas interventivas.<\/p>\n\n\n\n<p><strong>2.1 &#8211; S\u00e3o Objetivos do Departamento:<\/strong><\/p>\n\n\n\n<p>a) Ensinar ao aluno a metapsicologia psicanal\u00edtica, a t\u00e9cnica psicanal\u00edtica e as teorias e as t\u00e9cnicas oriundas da psican\u00e1lise; bem como a cl\u00ednica psicanal\u00edtica na contemporaneidade;<\/p>\n\n\n\n<p>b) Ensinar ao aluno as formas diagn\u00f3sticas de avalia\u00e7\u00e3o nas interfaces com a Psicologia.<\/p>\n\n\n\n<p>Para tanto, pretende oferecer ao aluno meios para:<\/p>\n\n\n\n<p>a.1 &#8211; refletir sobre o homem na perspectiva da constitui\u00e7\u00e3o do aparelho ps\u00edquico em sua articula\u00e7\u00e3o com o desenvolvimento humano: da inf\u00e2ncia a velhice;<\/p>\n\n\n\n<p>a.2 &#8211; compreender o m\u00e9todo cl\u00ednico, fenomenol\u00f3gico e psicanal\u00edtico;<\/p>\n\n\n\n<p>a.3 &#8211; compreender o desenvolvimento ps\u00edquico normal e patol\u00f3gico;<\/p>\n\n\n\n<p>a.4 &#8211; estruturar um racioc\u00ednio l\u00f3gico, cr\u00edtico e cl\u00ednico \u00e0 luz da Psican\u00e1lise;<\/p>\n\n\n\n<p>b.1 \u2013 conhecer e manejar as t\u00e9cnicas de avalia\u00e7\u00e3o diagn\u00f3stica;<\/p>\n\n\n\n<p>b.2 &#8211; estruturar um racioc\u00ednio l\u00f3gico, cr\u00edtico e cl\u00ednico \u00e0 luz dos princ\u00edpios que regem o campo do diagn\u00f3stico psicol\u00f3gico.<\/p>\n\n\n\n<p><strong>2.2 &#8211; S\u00e3o Propostas de Trabalho do Departamento:<\/strong><\/p>\n\n\n\n<p>a) Realiza\u00e7\u00e3o de psicodiagn\u00f3stico, pesquisa e psicoterapia (orienta\u00e7\u00e3o psicanal\u00edtica) de todas as faixas et\u00e1rias, individuais e ou grupais;<\/p>\n\n\n\n<p>b) Ofertar cursos extensionistas de psican\u00e1lise;<\/p>\n\n\n\n<p>c) Propor o ensino da psican\u00e1lise e suas interfaces nos n\u00edveis de gradua\u00e7\u00e3o e p\u00f3s-gradua\u00e7\u00e3o.<\/p>\n","protected":false},"excerpt":{"rendered":"<p>1 &#8211; Fundamentos do Departamento de Psicologia e Psican\u00e1lise A preocupa\u00e7\u00e3o b\u00e1sica desta \u00e1rea de conhecimento, e que define a identidade deste departamento e seus integrantes, \u00e9 compreender o ser humano e sua realidade conduzida pelo princ\u00edpio do determinismo ps\u00edquico, ou da causalidade ps\u00edquica, em que a consci\u00eancia \u00e9 antes um atributo excepcional e n\u00e3o [&hellip;]<\/p>\n","protected":false},"author":6,"featured_media":0,"parent":0,"menu_order":0,"comment_status":"closed","ping_status":"closed","template":"","meta":{"_acf_changed":false,"_themeisle_gutenberg_block_has_review":false,"footnotes":""},"class_list":["post-37","page","type-page","status-publish","hentry"],"acf":[],"_links":{"self":[{"href":"https:\/\/departamentos.uel.br\/psicologia-e-psicanalise\/wp-json\/wp\/v2\/pages\/37","targetHints":{"allow":["GET"]}}],"collection":[{"href":"https:\/\/departamentos.uel.br\/psicologia-e-psicanalise\/wp-json\/wp\/v2\/pages"}],"about":[{"href":"https:\/\/departamentos.uel.br\/psicologia-e-psicanalise\/wp-json\/wp\/v2\/types\/page"}],"author":[{"embeddable":true,"href":"https:\/\/departamentos.uel.br\/psicologia-e-psicanalise\/wp-json\/wp\/v2\/users\/6"}],"replies":[{"embeddable":true,"href":"https:\/\/departamentos.uel.br\/psicologia-e-psicanalise\/wp-json\/wp\/v2\/comments?post=37"}],"version-history":[{"count":3,"href":"https:\/\/departamentos.uel.br\/psicologia-e-psicanalise\/wp-json\/wp\/v2\/pages\/37\/revisions"}],"predecessor-version":[{"id":90,"href":"https:\/\/departamentos.uel.br\/psicologia-e-psicanalise\/wp-json\/wp\/v2\/pages\/37\/revisions\/90"}],"wp:attachment":[{"href":"https:\/\/departamentos.uel.br\/psicologia-e-psicanalise\/wp-json\/wp\/v2\/media?parent=37"}],"curies":[{"name":"wp","href":"https:\/\/api.w.org\/{rel}","templated":true}]}}

<p><strong>1 &#8211; Fundamentos do Departamento de Psicologia e Psicanálise</strong></p>



<p>A preocupação básica desta área de conhecimento, e que define a identidade deste departamento e seus integrantes, é compreender o ser humano e sua realidade conduzida pelo princípio do determinismo psíquico, ou da causalidade psíquica, em que a consciência é antes um atributo excepcional e não inerente aos processos psíquicos/comportamentais. </p>



<p>Nessa perspectiva interessa o ser humano na sua complexidade constitutiva, expressa em sua personalidade motivada pela dualidade das pulsões, com suas vicissitudes e recursos determinando, assim, a realidade do sujeito.</p>



<p>São áreas de Conhecimento: </p>



<p>(a) Fundamentos de Psicologia, <br>(b) Psicanálise, <br>(c) Clinica Psicanalítica e<br>(d) Clinica Psicanalítica na Instituição.</p>



<p> A área de Fundamentos de Psicologia responde ao campo predominantemente da avaliação psicológica, com suas especificidades teórico e metodológicas. Essas áreas do conhecimento estão alocadas nas 3 ênfases pedagógicas estabelecidas pelo Projeto Pedagógico do Curso de Psicologia (Resolução CEPE/CA nº 055/2013). </p>



<p>São elas:</p>



<p>Ênfase 1:&nbsp;Investigação e Intervenção em Processos Clínicos e Saúde<br>Ênfase 2:&nbsp;Investigação e Intervenção em Processos Sociais e Institucionais</p>



<p><strong>2 &#8211; Características Teóricas, Metodológicas e Objetivos</strong></p>



<p>Este departamento tem como proposta de trabalho compreender o homem e sua existência, à luz da Psicanálise. </p>



<p>A estruturação do psiquismo e sua dinâmica, as expressões de saúde mental e as manifestações psicopatológicas, resultantes da incidência pulsional na constituição do sujeito. </p>



<p>Paralelamente, busca-se apresentar os métodos diagnósticos para fundamentar as práticas interventivas.</p>



<p><strong>2.1 &#8211; São Objetivos do Departamento:</strong></p>



<p>a) Ensinar ao aluno a metapsicologia psicanalítica, a técnica psicanalítica e as teorias e as técnicas oriundas da psicanálise; bem como a clínica psicanalítica na contemporaneidade;</p>



<p>b) Ensinar ao aluno as formas diagnósticas de avaliação nas interfaces com a Psicologia.</p>



<p>Para tanto, pretende oferecer ao aluno meios para:</p>



<p>a.1 &#8211; refletir sobre o homem na perspectiva da constituição do aparelho psíquico em sua articulação com o desenvolvimento humano: da infância a velhice;</p>



<p>a.2 &#8211; compreender o método clínico, fenomenológico e psicanalítico;</p>



<p>a.3 &#8211; compreender o desenvolvimento psíquico normal e patológico;</p>



<p>a.4 &#8211; estruturar um raciocínio lógico, crítico e clínico à luz da Psicanálise;</p>



<p>b.1 – conhecer e manejar as técnicas de avaliação diagnóstica;</p>



<p>b.2 &#8211; estruturar um raciocínio lógico, crítico e clínico à luz dos princípios que regem o campo do diagnóstico psicológico.</p>



<p><strong>2.2 &#8211; São Propostas de Trabalho do Departamento:</strong></p>



<p>a) Realização de psicodiagnóstico, pesquisa e psicoterapia (orientação psicanalítica) de todas as faixas etárias, individuais e ou grupais;</p>



<p>b) Ofertar cursos extensionistas de psicanálise;</p>



<p>c) Propor o ensino da psicanálise e suas interfaces nos níveis de graduação e pós-graduação.</p>

<p>1 &#8211; Fundamentos do Departamento de Psicologia e Psicanálise A preocupação básica desta área de conhecimento, e que define a identidade deste departamento e seus integrantes, é compreender o ser humano e sua realidade conduzida pelo princípio do determinismo psíquico, ou da causalidade psíquica, em que a consciência é antes um atributo excepcional e não [&hellip;]</p>
