{"id":427,"date":"2025-07-21T14:18:21","date_gmt":"2025-07-21T17:18:21","guid":{"rendered":"https:\/\/departamentos.uel.br\/medicina-veterinaria-preventiva\/?page_id=427"},"modified":"2026-03-31T14:29:59","modified_gmt":"2026-03-31T17:29:59","slug":"medicos-veterinarios-residentes","status":"publish","type":"page","link":"https:\/\/departamentos.uel.br\/medicina-veterinaria-preventiva\/medicos-veterinarios-residentes\/","title":{"rendered":"M\u00e9dicos Veterin\u00e1rios Residentes"},"content":{"rendered":"\n<p><strong>Mol\u00e9stias Infecciosas<\/strong><br>Larissa Caroline de Jesus (R1)<br>Larissa Silva de Oliveira (R1)<br>Aline Cristina Piasecki da Costa (R2)<br>Gabrielle Fran\u00e7a Ribeiro (R2)<br><br><strong>Inspe\u00e7\u00e3o de Leite e Derivados<\/strong><br>Ana Gabriely Campos de Faria (R1)<br>Bianca Balbino Sacomori (R1)<br>Daniela Rodrigues de Lima (R1)<br>Matheus Santos Lanza Mendes (R1)<br>Bianca Cristina de Souza (R2)<br>Gabriela Alves Carnetta (R2)<br><br><strong>Mol\u00e9stias Parasit\u00e1rias<\/strong><br>Maria Julia Papin Filadelfo (R1)<br>Jos\u00e9 Arthur dos Santos Cust\u00f3dio (R2)<\/p>\n\n\n\n<p><strong>Patologia Cl\u00ednica Veterin\u00e1ria<\/strong><br>Lucas Ariel Florentino Siqueira (R1)<br>Luis Gustavo Ferreira Belisario (R1)<br>Maria Ant\u00f4nia de Campos Tornich (R2)<\/p>\n\n\n\n<p><strong>Medicina Avi\u00e1ria<\/strong><br>Ana Paula Muller Fernandes (R1)<br>Maria Fernanda Marques Pilli (R2)<\/p>\n\n\n\n<p><strong>Patologia Animal<\/strong><br>Lunna Uemura Bosquetti (R1)<br>Lorena dos Santos Pinheiro (R1)<br>Camila Bronstein Franceschetti (R2)<br>Victoria Ferreira Borges (R2)<br><br><strong>Sa\u00fade P\u00fablica Veterin\u00e1ria<\/strong><br>Bruna Lima Hortencio (R1)<br>Jerry Aparecido Barreto (R2)<br><br><br><br><br><br><\/p>\n\n\n\n<p><\/p>\n","protected":false},"excerpt":{"rendered":"<p>Mol\u00e9stias InfecciosasLarissa Caroline de Jesus (R1)Larissa Silva de Oliveira (R1)Aline Cristina Piasecki da Costa (R2)Gabrielle Fran\u00e7a Ribeiro (R2) Inspe\u00e7\u00e3o de Leite e DerivadosAna Gabriely Campos de Faria (R1)Bianca Balbino Sacomori (R1)Daniela Rodrigues de Lima (R1)Matheus Santos Lanza Mendes (R1)Bianca Cristina de Souza (R2)Gabriela Alves Carnetta (R2) Mol\u00e9stias Parasit\u00e1riasMaria Julia Papin Filadelfo (R1)Jos\u00e9 Arthur dos Santos [&hellip;]<\/p>\n","protected":false},"author":6,"featured_media":0,"parent":0,"menu_order":0,"comment_status":"closed","ping_status":"closed","template":"","meta":{"_acf_changed":false,"_themeisle_gutenberg_block_has_review":false,"footnotes":""},"class_list":["post-427","page","type-page","status-publish","hentry"],"acf":[],"_links":{"self":[{"href":"https:\/\/departamentos.uel.br\/medicina-veterinaria-preventiva\/wp-json\/wp\/v2\/pages\/427","targetHints":{"allow":["GET"]}}],"collection":[{"href":"https:\/\/departamentos.uel.br\/medicina-veterinaria-preventiva\/wp-json\/wp\/v2\/pages"}],"about":[{"href":"https:\/\/departamentos.uel.br\/medicina-veterinaria-preventiva\/wp-json\/wp\/v2\/types\/page"}],"author":[{"embeddable":true,"href":"https:\/\/departamentos.uel.br\/medicina-veterinaria-preventiva\/wp-json\/wp\/v2\/users\/6"}],"replies":[{"embeddable":true,"href":"https:\/\/departamentos.uel.br\/medicina-veterinaria-preventiva\/wp-json\/wp\/v2\/comments?post=427"}],"version-history":[{"count":10,"href":"https:\/\/departamentos.uel.br\/medicina-veterinaria-preventiva\/wp-json\/wp\/v2\/pages\/427\/revisions"}],"predecessor-version":[{"id":653,"href":"https:\/\/departamentos.uel.br\/medicina-veterinaria-preventiva\/wp-json\/wp\/v2\/pages\/427\/revisions\/653"}],"wp:attachment":[{"href":"https:\/\/departamentos.uel.br\/medicina-veterinaria-preventiva\/wp-json\/wp\/v2\/media?parent=427"}],"curies":[{"name":"wp","href":"https:\/\/api.w.org\/{rel}","templated":true}]}}

Médicos Veterinários Residentes

<p><strong>Moléstias Infecciosas</strong><br>Larissa Caroline de Jesus (R1)<br>Larissa Silva de Oliveira (R1)<br>Aline Cristina Piasecki da Costa (R2)<br>Gabrielle França Ribeiro (R2)<br><br><strong>Inspeção de Leite e Derivados</strong><br>Ana Gabriely Campos de Faria (R1)<br>Bianca Balbino Sacomori (R1)<br>Daniela Rodrigues de Lima (R1)<br>Matheus Santos Lanza Mendes (R1)<br>Bianca Cristina de Souza (R2)<br>Gabriela Alves Carnetta (R2)<br><br><strong>Moléstias Parasitárias</strong><br>Maria Julia Papin Filadelfo (R1)<br>José Arthur dos Santos Custódio (R2)</p>



<p><strong>Patologia Clínica Veterinária</strong><br>Lucas Ariel Florentino Siqueira (R1)<br>Luis Gustavo Ferreira Belisario (R1)<br>Maria Antônia de Campos Tornich (R2)</p>



<p><strong>Medicina Aviária</strong><br>Ana Paula Muller Fernandes (R1)<br>Maria Fernanda Marques Pilli (R2)</p>



<p><strong>Patologia Animal</strong><br>Lunna Uemura Bosquetti (R1)<br>Lorena dos Santos Pinheiro (R1)<br>Camila Bronstein Franceschetti (R2)<br>Victoria Ferreira Borges (R2)<br><br><strong>Saúde Pública Veterinária</strong><br>Bruna Lima Hortencio (R1)<br>Jerry Aparecido Barreto (R2)<br><br><br><br><br><br></p>



<p></p>

<p>Moléstias InfecciosasLarissa Caroline de Jesus (R1)Larissa Silva de Oliveira (R1)Aline Cristina Piasecki da Costa (R2)Gabrielle França Ribeiro (R2) Inspeção de Leite e DerivadosAna Gabriely Campos de Faria (R1)Bianca Balbino Sacomori (R1)Daniela Rodrigues de Lima (R1)Matheus Santos Lanza Mendes (R1)Bianca Cristina de Souza (R2)Gabriela Alves Carnetta (R2) Moléstias ParasitáriasMaria Julia Papin Filadelfo (R1)José Arthur dos Santos [&hellip;]</p>
