{"id":425,"date":"2025-07-21T14:17:13","date_gmt":"2025-07-21T17:17:13","guid":{"rendered":"https:\/\/departamentos.uel.br\/medicina-veterinaria-preventiva\/?page_id=425"},"modified":"2026-04-23T10:48:10","modified_gmt":"2026-04-23T13:48:10","slug":"coordenadores","status":"publish","type":"page","link":"https:\/\/departamentos.uel.br\/medicina-veterinaria-preventiva\/coordenadores\/","title":{"rendered":"Coordenadores"},"content":{"rendered":"\n<p><strong>Inspe\u00e7\u00e3o de Leite e Derivados <\/strong><br>Rafael Fagnani &#8211; Coordenador<br>Elsa Helena Walter de Santana: Vice-Coordenadora<\/p>\n\n\n\n<p><strong>Mol\u00e9stias Infecciosas <\/strong><br>Lucienne Garcia Pretto Giordano: Coordenadora<br>Alice Fernandes Alfieri: Vice-Coordenadora<\/p>\n\n\n\n<p><strong>Mol\u00e9stias Parasit\u00e1rias <\/strong><br>Amanda Fonseca Zangirolamo: Coordenadora<br>Fernando de Souza Rodrigues: Vice-Coordenador<\/p>\n\n\n\n<p><strong>Sa\u00fade P\u00fablica Veterin\u00e1ria <\/strong><br>Fernanda Pinto Ferreira: Coordenadora<br>Eloiza Teles Caldart: Vice-Coordenadora<\/p>\n\n\n\n<p><strong>Patologia Cl\u00ednica Veterin\u00e1ria <\/strong><br>Karina Keller Marques da Costa Flaiban: Coordenadora<br>Ana Angelita Sampaio Baptista: Vice-Coordenadora<\/p>\n\n\n\n<p><strong>Patologia Animal <\/strong><br>Ana Paula F.R.L. Bracarense: Coordenadora<br>Selwyn Arlington Headley: Vice-Coordenador<\/p>\n\n\n\n<p><strong>Medicina Avi\u00e1ria <\/strong><br>Ana Angelita Sampaio Baptista: Coordenadora<br>Ana Paula F.R.L.Bracarense: Vice-Coordenadora<\/p>\n","protected":false},"excerpt":{"rendered":"<p>Inspe\u00e7\u00e3o de Leite e Derivados Rafael Fagnani &#8211; CoordenadorElsa Helena Walter de Santana: Vice-Coordenadora Mol\u00e9stias Infecciosas Lucienne Garcia Pretto Giordano: CoordenadoraAlice Fernandes Alfieri: Vice-Coordenadora Mol\u00e9stias Parasit\u00e1rias Amanda Fonseca Zangirolamo: CoordenadoraFernando de Souza Rodrigues: Vice-Coordenador Sa\u00fade P\u00fablica Veterin\u00e1ria Fernanda Pinto Ferreira: CoordenadoraEloiza Teles Caldart: Vice-Coordenadora Patologia Cl\u00ednica Veterin\u00e1ria Karina Keller Marques da Costa Flaiban: CoordenadoraAna Angelita [&hellip;]<\/p>\n","protected":false},"author":6,"featured_media":0,"parent":0,"menu_order":0,"comment_status":"closed","ping_status":"closed","template":"","meta":{"_acf_changed":false,"_themeisle_gutenberg_block_has_review":false,"footnotes":""},"class_list":["post-425","page","type-page","status-publish","hentry"],"acf":[],"_links":{"self":[{"href":"https:\/\/departamentos.uel.br\/medicina-veterinaria-preventiva\/wp-json\/wp\/v2\/pages\/425","targetHints":{"allow":["GET"]}}],"collection":[{"href":"https:\/\/departamentos.uel.br\/medicina-veterinaria-preventiva\/wp-json\/wp\/v2\/pages"}],"about":[{"href":"https:\/\/departamentos.uel.br\/medicina-veterinaria-preventiva\/wp-json\/wp\/v2\/types\/page"}],"author":[{"embeddable":true,"href":"https:\/\/departamentos.uel.br\/medicina-veterinaria-preventiva\/wp-json\/wp\/v2\/users\/6"}],"replies":[{"embeddable":true,"href":"https:\/\/departamentos.uel.br\/medicina-veterinaria-preventiva\/wp-json\/wp\/v2\/comments?post=425"}],"version-history":[{"count":18,"href":"https:\/\/departamentos.uel.br\/medicina-veterinaria-preventiva\/wp-json\/wp\/v2\/pages\/425\/revisions"}],"predecessor-version":[{"id":662,"href":"https:\/\/departamentos.uel.br\/medicina-veterinaria-preventiva\/wp-json\/wp\/v2\/pages\/425\/revisions\/662"}],"wp:attachment":[{"href":"https:\/\/departamentos.uel.br\/medicina-veterinaria-preventiva\/wp-json\/wp\/v2\/media?parent=425"}],"curies":[{"name":"wp","href":"https:\/\/api.w.org\/{rel}","templated":true}]}}

<p><strong>Inspeção de Leite e Derivados </strong><br>Rafael Fagnani &#8211; Coordenador<br>Elsa Helena Walter de Santana: Vice-Coordenadora</p>



<p><strong>Moléstias Infecciosas </strong><br>Lucienne Garcia Pretto Giordano: Coordenadora<br>Alice Fernandes Alfieri: Vice-Coordenadora</p>



<p><strong>Moléstias Parasitárias </strong><br>Amanda Fonseca Zangirolamo: Coordenadora<br>Fernando de Souza Rodrigues: Vice-Coordenador</p>



<p><strong>Saúde Pública Veterinária </strong><br>Fernanda Pinto Ferreira: Coordenadora<br>Eloiza Teles Caldart: Vice-Coordenadora</p>



<p><strong>Patologia Clínica Veterinária </strong><br>Karina Keller Marques da Costa Flaiban: Coordenadora<br>Ana Angelita Sampaio Baptista: Vice-Coordenadora</p>



<p><strong>Patologia Animal </strong><br>Ana Paula F.R.L. Bracarense: Coordenadora<br>Selwyn Arlington Headley: Vice-Coordenador</p>



<p><strong>Medicina Aviária </strong><br>Ana Angelita Sampaio Baptista: Coordenadora<br>Ana Paula F.R.L.Bracarense: Vice-Coordenadora</p>

<p>Inspeção de Leite e Derivados Rafael Fagnani &#8211; CoordenadorElsa Helena Walter de Santana: Vice-Coordenadora Moléstias Infecciosas Lucienne Garcia Pretto Giordano: CoordenadoraAlice Fernandes Alfieri: Vice-Coordenadora Moléstias Parasitárias Amanda Fonseca Zangirolamo: CoordenadoraFernando de Souza Rodrigues: Vice-Coordenador Saúde Pública Veterinária Fernanda Pinto Ferreira: CoordenadoraEloiza Teles Caldart: Vice-Coordenadora Patologia Clínica Veterinária Karina Keller Marques da Costa Flaiban: CoordenadoraAna Angelita [&hellip;]</p>
