{"id":422,"date":"2025-07-21T14:08:16","date_gmt":"2025-07-21T17:08:16","guid":{"rendered":"https:\/\/departamentos.uel.br\/medicina-veterinaria-preventiva\/?page_id=422"},"modified":"2026-03-20T10:42:07","modified_gmt":"2026-03-20T13:42:07","slug":"comissoes","status":"publish","type":"page","link":"https:\/\/departamentos.uel.br\/medicina-veterinaria-preventiva\/comissoes\/","title":{"rendered":"Comiss\u00f5es vinculadas ao DMVP"},"content":{"rendered":"\n<p><strong>Comiss\u00e3o de Ensino do Departamento&nbsp;<\/strong>&#8211; <strong>DMVP<\/strong><br>Prof\u00aa. Dr\u00aa. Ana Paula Frederico Rodrigues Loureiro (Coordenadora)<br>Prof\u00aa. Dr\u00aa. Karina Keller Marques da Costa Flaiban (Suplente)<br>Prof\u00aa. Dr\u00aa. Ana Angelita Sampaio Baptista (Suplente)<\/p>\n\n\n\n<p><strong>Comiss\u00e3o de Extens\u00e3o do Departamento <\/strong>&#8211; <strong>DMVP<\/strong><br>Prof\u00aa. Dr\u00aa. Karina Keller Marques da Costa Flaiban (Coordenadora)<br>Prof\u00aa. Dr\u00aa. Ana Paula Frederico Rodrigues Loureiro (Suplente)<br>Prof\u00aa. Dr\u00aa. Alice Fernandes Alfieri (Membro)<\/p>\n\n\n\n<p><strong>Comiss\u00e3o de Pesquisa do Departamento <\/strong>&#8211; <strong>DMVP<\/strong><br>Prof\u00aa. Dr\u00aa. Ana Paula Frederico Rodrigues Loureiro (Coordenadora)<br>Prof. Dr. Selwyn Arlington Headley (Suplente)<br>Prof\u00aa. Dr\u00aa. Alice Fernandes Alfieri (Membro)<\/p>\n\n\n\n<p><strong>Comiss\u00e3o de P\u00f3s-Gradua\u00e7\u00e3o do Departamento &#8211; DMVP<\/strong><br>Prof. Dr. Amauri Alcindo Alfieri (Coordenador)<br>Prof. Dr. Jo\u00e3o Luis Garcia (Suplente)<br>Prof. Dr. Selwyn Arlington Headley (Membro)<\/p>\n\n\n\n<p><strong>Comiss\u00e3o de Pesquisa do Centro &#8211; CCA<\/strong><br>Prof. Dr. Marcelo Giovaneti Canteri (Coordenador)<br>Prof\u00aa. Dr\u00aa. Ana Paula Frederico Rodrigues Loureiro (Vice-coordenadora)<\/p>\n\n\n\n<p><strong>Comiss\u00e3o de Extens\u00e3o do Centro &#8211; CCA<\/strong><br>Prof\u00aa. Dr\u00aa. Maria Isabel Mello Martins (Coordenadora)<br>Prof\u00aa. Dr\u00aa. Karina Keller Marques da Costa Flaiban (Vice-coordenadora)<\/p>\n\n\n\n<p><strong>Comiss\u00e3o de P\u00f3s-Gradua\u00e7\u00e3o do Centro &#8211; CCA<\/strong><br>Prof\u00aa. Dr\u00aa. Karla Bigetti Guergoletto (Coordenadora)<br>Prof. Dr. Claudemir Zucareli (Vice-coordenador)<\/p>\n","protected":false},"excerpt":{"rendered":"<p>Comiss\u00e3o de Ensino do Departamento&nbsp;&#8211; DMVPProf\u00aa. Dr\u00aa. Ana Paula Frederico Rodrigues Loureiro (Coordenadora)Prof\u00aa. Dr\u00aa. Karina Keller Marques da Costa Flaiban (Suplente)Prof\u00aa. Dr\u00aa. Ana Angelita Sampaio Baptista (Suplente) Comiss\u00e3o de Extens\u00e3o do Departamento &#8211; DMVPProf\u00aa. Dr\u00aa. Karina Keller Marques da Costa Flaiban (Coordenadora)Prof\u00aa. Dr\u00aa. Ana Paula Frederico Rodrigues Loureiro (Suplente)Prof\u00aa. Dr\u00aa. Alice Fernandes Alfieri (Membro) Comiss\u00e3o [&hellip;]<\/p>\n","protected":false},"author":6,"featured_media":0,"parent":0,"menu_order":0,"comment_status":"closed","ping_status":"closed","template":"","meta":{"_acf_changed":false,"_themeisle_gutenberg_block_has_review":false,"footnotes":""},"class_list":["post-422","page","type-page","status-publish","hentry"],"acf":[],"_links":{"self":[{"href":"https:\/\/departamentos.uel.br\/medicina-veterinaria-preventiva\/wp-json\/wp\/v2\/pages\/422","targetHints":{"allow":["GET"]}}],"collection":[{"href":"https:\/\/departamentos.uel.br\/medicina-veterinaria-preventiva\/wp-json\/wp\/v2\/pages"}],"about":[{"href":"https:\/\/departamentos.uel.br\/medicina-veterinaria-preventiva\/wp-json\/wp\/v2\/types\/page"}],"author":[{"embeddable":true,"href":"https:\/\/departamentos.uel.br\/medicina-veterinaria-preventiva\/wp-json\/wp\/v2\/users\/6"}],"replies":[{"embeddable":true,"href":"https:\/\/departamentos.uel.br\/medicina-veterinaria-preventiva\/wp-json\/wp\/v2\/comments?post=422"}],"version-history":[{"count":11,"href":"https:\/\/departamentos.uel.br\/medicina-veterinaria-preventiva\/wp-json\/wp\/v2\/pages\/422\/revisions"}],"predecessor-version":[{"id":651,"href":"https:\/\/departamentos.uel.br\/medicina-veterinaria-preventiva\/wp-json\/wp\/v2\/pages\/422\/revisions\/651"}],"wp:attachment":[{"href":"https:\/\/departamentos.uel.br\/medicina-veterinaria-preventiva\/wp-json\/wp\/v2\/media?parent=422"}],"curies":[{"name":"wp","href":"https:\/\/api.w.org\/{rel}","templated":true}]}}

Comissões vinculadas ao DMVP

<p><strong>Comissão de Ensino do Departamento&nbsp;</strong>&#8211; <strong>DMVP</strong><br>Profª. Drª. Ana Paula Frederico Rodrigues Loureiro (Coordenadora)<br>Profª. Drª. Karina Keller Marques da Costa Flaiban (Suplente)<br>Profª. Drª. Ana Angelita Sampaio Baptista (Suplente)</p>



<p><strong>Comissão de Extensão do Departamento </strong>&#8211; <strong>DMVP</strong><br>Profª. Drª. Karina Keller Marques da Costa Flaiban (Coordenadora)<br>Profª. Drª. Ana Paula Frederico Rodrigues Loureiro (Suplente)<br>Profª. Drª. Alice Fernandes Alfieri (Membro)</p>



<p><strong>Comissão de Pesquisa do Departamento </strong>&#8211; <strong>DMVP</strong><br>Profª. Drª. Ana Paula Frederico Rodrigues Loureiro (Coordenadora)<br>Prof. Dr. Selwyn Arlington Headley (Suplente)<br>Profª. Drª. Alice Fernandes Alfieri (Membro)</p>



<p><strong>Comissão de Pós-Graduação do Departamento &#8211; DMVP</strong><br>Prof. Dr. Amauri Alcindo Alfieri (Coordenador)<br>Prof. Dr. João Luis Garcia (Suplente)<br>Prof. Dr. Selwyn Arlington Headley (Membro)</p>



<p><strong>Comissão de Pesquisa do Centro &#8211; CCA</strong><br>Prof. Dr. Marcelo Giovaneti Canteri (Coordenador)<br>Profª. Drª. Ana Paula Frederico Rodrigues Loureiro (Vice-coordenadora)</p>



<p><strong>Comissão de Extensão do Centro &#8211; CCA</strong><br>Profª. Drª. Maria Isabel Mello Martins (Coordenadora)<br>Profª. Drª. Karina Keller Marques da Costa Flaiban (Vice-coordenadora)</p>



<p><strong>Comissão de Pós-Graduação do Centro &#8211; CCA</strong><br>Profª. Drª. Karla Bigetti Guergoletto (Coordenadora)<br>Prof. Dr. Claudemir Zucareli (Vice-coordenador)</p>

<p>Comissão de Ensino do Departamento&nbsp;&#8211; DMVPProfª. Drª. Ana Paula Frederico Rodrigues Loureiro (Coordenadora)Profª. Drª. Karina Keller Marques da Costa Flaiban (Suplente)Profª. Drª. Ana Angelita Sampaio Baptista (Suplente) Comissão de Extensão do Departamento &#8211; DMVPProfª. Drª. Karina Keller Marques da Costa Flaiban (Coordenadora)Profª. Drª. Ana Paula Frederico Rodrigues Loureiro (Suplente)Profª. Drª. Alice Fernandes Alfieri (Membro) Comissão [&hellip;]</p>
