{"id":39,"date":"2024-10-29T10:37:18","date_gmt":"2024-10-29T13:37:18","guid":{"rendered":"https:\/\/departamentos.uel.br\/medicina-veterinaria-preventiva\/?page_id=39"},"modified":"2026-04-27T13:58:11","modified_gmt":"2026-04-27T16:58:11","slug":"corpo-tecnico","status":"publish","type":"page","link":"https:\/\/departamentos.uel.br\/medicina-veterinaria-preventiva\/corpo-tecnico\/","title":{"rendered":"Corpo T\u00e9cnico"},"content":{"rendered":"\n<p><\/p>\n\n\n\n<figure class=\"wp-block-table is-style-stripes has-small-font-size\"><table class=\"has-fixed-layout\"><tbody><tr><td class=\"has-text-align-left\" data-align=\"left\"><strong>SECRET\u00c1RIOS<\/strong><\/td><\/tr><tr><td class=\"has-text-align-left\" data-align=\"left\">Helenice Kieski \u2013 P\u00f3s-Gradua\u00e7\u00e3o em Ci\u00eancia Animal<\/td><\/tr><tr><td class=\"has-text-align-left\" data-align=\"left\">Valdecir Gomes da Silva \u2013 Departamento de Medicina Veterin\u00e1ria Preventiva<\/td><\/tr><tr><td class=\"has-text-align-left\" data-align=\"left\">&nbsp;<strong>M\u00c9DICOS VETERIN\u00c1RIOS<\/strong>&nbsp;<\/td><\/tr><tr><td class=\"has-text-align-left\" data-align=\"left\">Claudia Cristina Boselli &#8211; Laborat\u00f3rio de Patologia Animal<\/td><\/tr><tr><td class=\"has-text-align-left\" data-align=\"left\">Kerlei Cristina Medici &#8211; Laborat\u00f3rio de Zoonoses e Sa\u00fade P\u00fablica<\/td><\/tr><tr><td class=\"has-text-align-left\" data-align=\"left\">Lucienne Garcia Pretto Giordano &#8211; Laborat\u00f3rio de Leptospirose\/Micologia<\/td><\/tr><tr><td class=\"has-text-align-left\" data-align=\"left\">Juliana Torres Tomazi Fritzen &#8211; Laborat\u00f3rio de Virologia Animal<\/td><\/tr><tr><td class=\"has-text-align-left\" data-align=\"left\">Ronaldo Tamanini &#8211; Laborat\u00f3rio de Inspe\u00e7\u00e3o de Produtos de Origem Animal<\/td><\/tr><tr><td class=\"has-text-align-left\" data-align=\"left\">&nbsp;<strong>T\u00c9CNICOS DE LABORAT\u00d3RIO&nbsp;<\/strong><\/td><\/tr><tr><td class=\"has-text-align-left\" data-align=\"left\">Alda\u00edr Calistro de Matos &#8211; Laborat\u00f3rio de Parasitologia&nbsp;<\/td><\/tr><tr><td class=\"has-text-align-left\" data-align=\"left\">Beatriz de Souza Lima Nino &#8211; Laborat\u00f3rio de Protozoologia<\/td><\/tr><tr><td class=\"has-text-align-left\" data-align=\"left\">Romulo Jord\u00e3o Neves Aroucha &#8211; Laborat\u00f3rio de Patologia Animal<\/td><\/tr><tr><td class=\"has-text-align-left\" data-align=\"left\">Cristiane da Silva &#8211; Laborat\u00f3rio de Leptospirose<\/td><\/tr><tr><td class=\"has-text-align-left\" data-align=\"left\">Eliana Celia Pereira &#8211; Laborat\u00f3rio de Micologia<\/td><\/tr><tr><td class=\"has-text-align-left\" data-align=\"left\">Hamilton de Oliveira &#8211; Laborat\u00f3rio de Bacteriologia<\/td><\/tr><tr><td class=\"has-text-align-left\" data-align=\"left\">In\u00eas de F\u00e1tima Germano &#8211; Laborat\u00f3rio de Patologia Cl\u00ednica&nbsp;<\/td><\/tr><tr><td class=\"has-text-align-left\" data-align=\"left\">Jos\u00e9 Roberto Campos de Magalh\u00e3es &#8211; Laborat\u00f3rio de Patologia Cl\u00ednica&nbsp;<\/td><\/tr><tr><td class=\"has-text-align-left\" data-align=\"left\">Lucimara Aparecida Alves &#8211; Laborat\u00f3rio de Bacteriologia<\/td><\/tr><tr><td class=\"has-text-align-left\" data-align=\"left\">Marcos Vinicius de Oliveira &#8211; Laborat\u00f3rio de Virologia Animal<\/td><\/tr><tr><td class=\"has-text-align-left\" data-align=\"left\">Renilda Calabrio Cianca &#8211; Laborat\u00f3rio de Virologia Animal<\/td><\/tr><tr><td class=\"has-text-align-left\" data-align=\"left\">R\u00f4mulo Jord\u00e3o Neves Aroucha &#8211; Laborat\u00f3rio de Patologia Animal<\/td><\/tr><tr><td class=\"has-text-align-left\" data-align=\"left\"><strong>AUXILIAR DE LABORAT\u00d3RIO<\/strong><\/td><\/tr><tr><td class=\"has-text-align-left\" data-align=\"left\">Laercio da Silva &#8211; Laborat\u00f3rio de Medicina Aviaria<\/td><\/tr><tr><td class=\"has-text-align-left\" data-align=\"left\"><strong>AUXILIAR OPERACIONAL<\/strong><\/td><\/tr><tr><td class=\"has-text-align-left\" data-align=\"left\">Maria Jos\u00e9 Rodrigues da Silva &#8211; Zeladoria<\/td><\/tr><tr><td class=\"has-text-align-left\" data-align=\"left\">Neusa Ribeiro Oliveira &#8211; Zeladoria<\/td><\/tr><tr><td class=\"has-text-align-left\" data-align=\"left\"><\/td><\/tr><tr><td class=\"has-text-align-left\" data-align=\"left\"><br><\/td><\/tr><tr><td class=\"has-text-align-left\" data-align=\"left\"><\/td><\/tr><\/tbody><\/table><\/figure>\n\n\n\n<p><\/p>\n","protected":false},"excerpt":{"rendered":"<p>SECRET\u00c1RIOS Helenice Kieski \u2013 P\u00f3s-Gradua\u00e7\u00e3o em Ci\u00eancia Animal Valdecir Gomes da Silva \u2013 Departamento de Medicina Veterin\u00e1ria Preventiva &nbsp;M\u00c9DICOS VETERIN\u00c1RIOS&nbsp; Claudia Cristina Boselli &#8211; Laborat\u00f3rio de Patologia Animal Kerlei Cristina Medici &#8211; Laborat\u00f3rio de Zoonoses e Sa\u00fade P\u00fablica Lucienne Garcia Pretto Giordano &#8211; Laborat\u00f3rio de Leptospirose\/Micologia Juliana Torres Tomazi Fritzen &#8211; Laborat\u00f3rio de Virologia Animal [&hellip;]<\/p>\n","protected":false},"author":6,"featured_media":0,"parent":0,"menu_order":0,"comment_status":"closed","ping_status":"closed","template":"","meta":{"_acf_changed":false,"_themeisle_gutenberg_block_has_review":false,"footnotes":""},"class_list":["post-39","page","type-page","status-publish","hentry"],"acf":[],"_links":{"self":[{"href":"https:\/\/departamentos.uel.br\/medicina-veterinaria-preventiva\/wp-json\/wp\/v2\/pages\/39","targetHints":{"allow":["GET"]}}],"collection":[{"href":"https:\/\/departamentos.uel.br\/medicina-veterinaria-preventiva\/wp-json\/wp\/v2\/pages"}],"about":[{"href":"https:\/\/departamentos.uel.br\/medicina-veterinaria-preventiva\/wp-json\/wp\/v2\/types\/page"}],"author":[{"embeddable":true,"href":"https:\/\/departamentos.uel.br\/medicina-veterinaria-preventiva\/wp-json\/wp\/v2\/users\/6"}],"replies":[{"embeddable":true,"href":"https:\/\/departamentos.uel.br\/medicina-veterinaria-preventiva\/wp-json\/wp\/v2\/comments?post=39"}],"version-history":[{"count":25,"href":"https:\/\/departamentos.uel.br\/medicina-veterinaria-preventiva\/wp-json\/wp\/v2\/pages\/39\/revisions"}],"predecessor-version":[{"id":667,"href":"https:\/\/departamentos.uel.br\/medicina-veterinaria-preventiva\/wp-json\/wp\/v2\/pages\/39\/revisions\/667"}],"wp:attachment":[{"href":"https:\/\/departamentos.uel.br\/medicina-veterinaria-preventiva\/wp-json\/wp\/v2\/media?parent=39"}],"curies":[{"name":"wp","href":"https:\/\/api.w.org\/{rel}","templated":true}]}}