{"id":31,"date":"2024-10-29T10:35:51","date_gmt":"2024-10-29T13:35:51","guid":{"rendered":"https:\/\/departamentos.uel.br\/medicina-veterinaria-preventiva\/?page_id=31"},"modified":"2025-09-16T09:31:58","modified_gmt":"2025-09-16T12:31:58","slug":"eventos","status":"publish","type":"page","link":"https:\/\/departamentos.uel.br\/medicina-veterinaria-preventiva\/eventos\/","title":{"rendered":"Eventos"},"content":{"rendered":"\n<p class=\"has-medium-font-size\"><strong>202<\/strong>5<\/p>\n\n\n\n<div id=\"wp-block-themeisle-blocks-accordion-6a102dee\" class=\"wp-block-themeisle-blocks-accordion exclusive\">\n<details class=\"wp-block-themeisle-blocks-accordion-item\"><summary class=\"wp-block-themeisle-blocks-accordion-item__title\"><div><strong>CICLOVET 2025 &#8211; SEMANA ACAD\u00caMICA DE MEDICINA VETERIN\u00c1RIA E MOSTRA ACAD\u00caMICA DE TRABALHOS CIENT\u00cdFICOS<\/strong><br><strong>Per\u00edodo<\/strong>: 17 a 20 de Setembro<br>Informa\u00e7\u00f5es clique em <a href=\"https:\/\/www.instagram.com\/ciclovet2025.uel\/\" data-type=\"link\" data-id=\"https:\/\/www.instagram.com\/ciclovet2025.uel\/\"><strong>saiba mais<\/strong>.<\/a><\/div><\/summary><div class=\"wp-block-themeisle-blocks-accordion-item__content\">\n<figure class=\"wp-block-image size-full\"><img loading=\"lazy\" decoding=\"async\" width=\"503\" height=\"149\" src=\"https:\/\/departamentos.uel.br\/medicina-veterinaria-preventiva\/wp-content\/uploads\/2025\/09\/image.png\" alt=\"\" class=\"wp-image-597\" srcset=\"https:\/\/departamentos.uel.br\/medicina-veterinaria-preventiva\/wp-content\/uploads\/2025\/09\/image.png 503w, https:\/\/departamentos.uel.br\/medicina-veterinaria-preventiva\/wp-content\/uploads\/2025\/09\/image-300x89.png 300w\" sizes=\"auto, (max-width: 503px) 100vw, 503px\" \/><\/figure>\n<\/div><\/details>\n<\/div>\n\n\n\n<p class=\"has-medium-font-size\"><strong>2023<\/strong><\/p>\n\n\n\n<div id=\"wp-block-themeisle-blocks-accordion-a9ee7e83\" class=\"wp-block-themeisle-blocks-accordion exclusive\">\n<details class=\"wp-block-themeisle-blocks-accordion-item\"><summary class=\"wp-block-themeisle-blocks-accordion-item__title\"><div><strong>Curso de Treinamento em M\u00e9todos de Diagn\u00f3stico e Controle da Brucelose e Tuberculose Animal, e de No\u00e7\u00f5es em Encefalopatias Espongiformes Transmiss\u00edveis<\/strong><\/div><\/summary><div class=\"wp-block-themeisle-blocks-accordion-item__content\">\n<p>Os interessados em maiores informa\u00e7\u00f5es entrar em contato com:<\/p>\n\n\n\n<p>Prof. Dr. Ulisses de P\u00e1dua Pereira&nbsp;<\/p>\n\n\n\n<p>Telefone: (43) 3371-4765 ou E-mail:&nbsp;<a href=\"mailto:upaduapereira@uel.br\">upaduapereira@uel.br<\/a><\/p>\n\n\n\n<p><br><strong>Clique e Veja o Documento Oficial:<\/strong><\/p>\n\n\n\n<div class=\"wp-block-file\"><a id=\"wp-block-file--media-1b5c6d66-43a0-4b08-95f4-2e0df4e20172\" href=\"https:\/\/departamentos.uel.br\/medicina-veterinaria-preventiva\/wp-content\/uploads\/2025\/07\/Doc-Diario-Oficial-Brucelose.jpg\">Doc Diario Oficial Brucelose<\/a><a href=\"https:\/\/departamentos.uel.br\/medicina-veterinaria-preventiva\/wp-content\/uploads\/2025\/07\/Doc-Diario-Oficial-Brucelose.jpg\" class=\"wp-block-file__button wp-element-button\" download aria-describedby=\"wp-block-file--media-1b5c6d66-43a0-4b08-95f4-2e0df4e20172\">Baixar<\/a><\/div>\n\n\n\n<p><\/p>\n<\/div><\/details>\n<\/div>\n","protected":false},"excerpt":{"rendered":"<p>2025 2023<\/p>\n","protected":false},"author":6,"featured_media":0,"parent":0,"menu_order":0,"comment_status":"closed","ping_status":"closed","template":"","meta":{"_acf_changed":false,"_themeisle_gutenberg_block_has_review":false,"footnotes":""},"class_list":["post-31","page","type-page","status-publish","hentry"],"acf":[],"_links":{"self":[{"href":"https:\/\/departamentos.uel.br\/medicina-veterinaria-preventiva\/wp-json\/wp\/v2\/pages\/31","targetHints":{"allow":["GET"]}}],"collection":[{"href":"https:\/\/departamentos.uel.br\/medicina-veterinaria-preventiva\/wp-json\/wp\/v2\/pages"}],"about":[{"href":"https:\/\/departamentos.uel.br\/medicina-veterinaria-preventiva\/wp-json\/wp\/v2\/types\/page"}],"author":[{"embeddable":true,"href":"https:\/\/departamentos.uel.br\/medicina-veterinaria-preventiva\/wp-json\/wp\/v2\/users\/6"}],"replies":[{"embeddable":true,"href":"https:\/\/departamentos.uel.br\/medicina-veterinaria-preventiva\/wp-json\/wp\/v2\/comments?post=31"}],"version-history":[{"count":15,"href":"https:\/\/departamentos.uel.br\/medicina-veterinaria-preventiva\/wp-json\/wp\/v2\/pages\/31\/revisions"}],"predecessor-version":[{"id":598,"href":"https:\/\/departamentos.uel.br\/medicina-veterinaria-preventiva\/wp-json\/wp\/v2\/pages\/31\/revisions\/598"}],"wp:attachment":[{"href":"https:\/\/departamentos.uel.br\/medicina-veterinaria-preventiva\/wp-json\/wp\/v2\/media?parent=31"}],"curies":[{"name":"wp","href":"https:\/\/api.w.org\/{rel}","templated":true}]}}

<p class="has-medium-font-size"><strong>202</strong>5</p>



<div id="wp-block-themeisle-blocks-accordion-6a102dee" class="wp-block-themeisle-blocks-accordion exclusive">
<details class="wp-block-themeisle-blocks-accordion-item"><summary class="wp-block-themeisle-blocks-accordion-item__title"><div><strong>CICLOVET 2025 &#8211; SEMANA ACADÊMICA DE MEDICINA VETERINÁRIA E MOSTRA ACADÊMICA DE TRABALHOS CIENTÍFICOS</strong><br><strong>Período</strong>: 17 a 20 de Setembro<br>Informações clique em <a href="https://www.instagram.com/ciclovet2025.uel/" data-type="link" data-id="https://www.instagram.com/ciclovet2025.uel/"><strong>saiba mais</strong>.</a></div></summary><div class="wp-block-themeisle-blocks-accordion-item__content">
<figure class="wp-block-image size-full"><img loading="lazy" decoding="async" width="503" height="149" src="https://departamentos.uel.br/medicina-veterinaria-preventiva/wp-content/uploads/2025/09/image.png" alt="" class="wp-image-597" srcset="https://departamentos.uel.br/medicina-veterinaria-preventiva/wp-content/uploads/2025/09/image.png 503w, https://departamentos.uel.br/medicina-veterinaria-preventiva/wp-content/uploads/2025/09/image-300x89.png 300w" sizes="auto, (max-width: 503px) 100vw, 503px" /></figure>
</div></details>
</div>



<p class="has-medium-font-size"><strong>2023</strong></p>



<div id="wp-block-themeisle-blocks-accordion-a9ee7e83" class="wp-block-themeisle-blocks-accordion exclusive">
<details class="wp-block-themeisle-blocks-accordion-item"><summary class="wp-block-themeisle-blocks-accordion-item__title"><div><strong>Curso de Treinamento em Métodos de Diagnóstico e Controle da Brucelose e Tuberculose Animal, e de Noções em Encefalopatias Espongiformes Transmissíveis</strong></div></summary><div class="wp-block-themeisle-blocks-accordion-item__content">
<p>Os interessados em maiores informações entrar em contato com:</p>



<p>Prof. Dr. Ulisses de Pádua Pereira&nbsp;</p>



<p>Telefone: (43) 3371-4765 ou E-mail:&nbsp;<a href="mailto:upaduapereira@uel.br">upaduapereira@uel.br</a></p>



<p><br><strong>Clique e Veja o Documento Oficial:</strong></p>



<div class="wp-block-file"><a id="wp-block-file--media-1b5c6d66-43a0-4b08-95f4-2e0df4e20172" href="https://departamentos.uel.br/medicina-veterinaria-preventiva/wp-content/uploads/2025/07/Doc-Diario-Oficial-Brucelose.jpg">Doc Diario Oficial Brucelose</a><a href="https://departamentos.uel.br/medicina-veterinaria-preventiva/wp-content/uploads/2025/07/Doc-Diario-Oficial-Brucelose.jpg" class="wp-block-file__button wp-element-button" download aria-describedby="wp-block-file--media-1b5c6d66-43a0-4b08-95f4-2e0df4e20172">Baixar</a></div>



<p></p>
</div></details>
</div>
