{"id":22,"date":"2024-03-07T16:16:01","date_gmt":"2024-03-07T19:16:01","guid":{"rendered":"https:\/\/departamentos.uel.br\/medicina-oral-e-odontologia-infantil\/?page_id=22"},"modified":"2024-04-18T17:15:05","modified_gmt":"2024-04-18T20:15:05","slug":"contatos","status":"publish","type":"page","link":"https:\/\/departamentos.uel.br\/medicina-oral-e-odontologia-infantil\/contatos\/","title":{"rendered":"Contatos"},"content":{"rendered":"\n<p><strong>Chefe do Departamento<\/strong><br>Elisa Emi Tanaka Carloto<br>elisaemi@uel.br<br>Contato: 3371-6753<\/p>\n\n\n\n<p><strong>Vice-Chefe do Departamento<\/strong><br>Luis S\u00e9rgio Carreiro<br>cls@uel.br<\/p>\n\n\n\n<p><strong>Coordenadora de Colegiado<\/strong><br>Maria Luiza Hiromi Iwakura Kasai<br>luiza.iwa@uel.br<\/p>\n\n\n\n<p><strong>Vice-Coordenador de Colegiado<\/strong><br>Ricardo Shibayama<br>ricardoshibayama@uel.br<\/p>\n\n\n\n<p><strong>Coordenadora de Est\u00e1gio<\/strong><br>Maura Sassahara Higasi <br>maurash@uel.br<\/p>\n\n\n\n<p><strong>Coordenador de TCC<\/strong><br>M\u00e1rcio Grama Hoeppner<br>hoeppner@uel.br<\/p>\n\n\n\n<p><strong>Coordenador da Comiss\u00e3o de P\u00f3s-Gradua\u00e7\u00e3o<\/strong><br>Paulo Eduardo Baggio<br>pbaggio@uel.br<\/p>\n\n\n\n<p><strong>Coordenadora de AEX<\/strong><br>Lucimar Aparecida Britto Codato<br>lucimarcodato@uel.br<\/p>\n\n\n\n<p><strong>Coordenador da Comiss\u00e3o de Ensino<\/strong><br>F\u00e1bio Augusto Ito<br>fabioaito@uel.br<\/p>\n\n\n\n<p><strong>Coordenadora da Comiss\u00e3o de Extens\u00e3o<\/strong><br>Lucimar Aparecida Britto Codato<br>lucimarcodato@uel.br<\/p>\n\n\n\n<p><strong>Coordenador da Comiss\u00e3o de Pesquisa<\/strong><br>Hedelson Odenir Lecher Borges<br>hedelson@uel.br<\/p>\n\n\n\n<p><strong>Coordenador do N\u00facleo Docente Estruturante (NDE)<\/strong><br>M\u00e1rcio Grama Hoeppner<br>hoeppner@uel.br<\/p>\n","protected":false},"excerpt":{"rendered":"<p>Chefe do DepartamentoElisa Emi Tanaka Carlotoelisaemi@uel.brContato: 3371-6753 Vice-Chefe do DepartamentoLuis S\u00e9rgio Carreirocls@uel.br Coordenadora de ColegiadoMaria Luiza Hiromi Iwakura Kasailuiza.iwa@uel.br Vice-Coordenador de ColegiadoRicardo Shibayamaricardoshibayama@uel.br Coordenadora de Est\u00e1gioMaura Sassahara Higasi maurash@uel.br Coordenador de TCCM\u00e1rcio Grama Hoeppnerhoeppner@uel.br Coordenador da Comiss\u00e3o de P\u00f3s-Gradua\u00e7\u00e3oPaulo Eduardo Baggiopbaggio@uel.br Coordenadora de AEXLucimar Aparecida Britto Codatolucimarcodato@uel.br Coordenador da Comiss\u00e3o de EnsinoF\u00e1bio Augusto Itofabioaito@uel.br Coordenadora [&hellip;]<\/p>\n","protected":false},"author":6,"featured_media":0,"parent":0,"menu_order":0,"comment_status":"closed","ping_status":"closed","template":"","meta":{"_acf_changed":false,"_themeisle_gutenberg_block_has_review":false,"footnotes":""},"class_list":["post-22","page","type-page","status-publish","hentry"],"acf":[],"_links":{"self":[{"href":"https:\/\/departamentos.uel.br\/medicina-oral-e-odontologia-infantil\/wp-json\/wp\/v2\/pages\/22","targetHints":{"allow":["GET"]}}],"collection":[{"href":"https:\/\/departamentos.uel.br\/medicina-oral-e-odontologia-infantil\/wp-json\/wp\/v2\/pages"}],"about":[{"href":"https:\/\/departamentos.uel.br\/medicina-oral-e-odontologia-infantil\/wp-json\/wp\/v2\/types\/page"}],"author":[{"embeddable":true,"href":"https:\/\/departamentos.uel.br\/medicina-oral-e-odontologia-infantil\/wp-json\/wp\/v2\/users\/6"}],"replies":[{"embeddable":true,"href":"https:\/\/departamentos.uel.br\/medicina-oral-e-odontologia-infantil\/wp-json\/wp\/v2\/comments?post=22"}],"version-history":[{"count":10,"href":"https:\/\/departamentos.uel.br\/medicina-oral-e-odontologia-infantil\/wp-json\/wp\/v2\/pages\/22\/revisions"}],"predecessor-version":[{"id":164,"href":"https:\/\/departamentos.uel.br\/medicina-oral-e-odontologia-infantil\/wp-json\/wp\/v2\/pages\/22\/revisions\/164"}],"wp:attachment":[{"href":"https:\/\/departamentos.uel.br\/medicina-oral-e-odontologia-infantil\/wp-json\/wp\/v2\/media?parent=22"}],"curies":[{"name":"wp","href":"https:\/\/api.w.org\/{rel}","templated":true}]}}

<p><strong>Chefe do Departamento</strong><br>Elisa Emi Tanaka Carloto<br>elisaemi@uel.br<br>Contato: 3371-6753</p>



<p><strong>Vice-Chefe do Departamento</strong><br>Luis Sérgio Carreiro<br>cls@uel.br</p>



<p><strong>Coordenadora de Colegiado</strong><br>Maria Luiza Hiromi Iwakura Kasai<br>luiza.iwa@uel.br</p>



<p><strong>Vice-Coordenador de Colegiado</strong><br>Ricardo Shibayama<br>ricardoshibayama@uel.br</p>



<p><strong>Coordenadora de Estágio</strong><br>Maura Sassahara Higasi <br>maurash@uel.br</p>



<p><strong>Coordenador de TCC</strong><br>Márcio Grama Hoeppner<br>hoeppner@uel.br</p>



<p><strong>Coordenador da Comissão de Pós-Graduação</strong><br>Paulo Eduardo Baggio<br>pbaggio@uel.br</p>



<p><strong>Coordenadora de AEX</strong><br>Lucimar Aparecida Britto Codato<br>lucimarcodato@uel.br</p>



<p><strong>Coordenador da Comissão de Ensino</strong><br>Fábio Augusto Ito<br>fabioaito@uel.br</p>



<p><strong>Coordenadora da Comissão de Extensão</strong><br>Lucimar Aparecida Britto Codato<br>lucimarcodato@uel.br</p>



<p><strong>Coordenador da Comissão de Pesquisa</strong><br>Hedelson Odenir Lecher Borges<br>hedelson@uel.br</p>



<p><strong>Coordenador do Núcleo Docente Estruturante (NDE)</strong><br>Márcio Grama Hoeppner<br>hoeppner@uel.br</p>

<p>Chefe do DepartamentoElisa Emi Tanaka Carlotoelisaemi@uel.brContato: 3371-6753 Vice-Chefe do DepartamentoLuis Sérgio Carreirocls@uel.br Coordenadora de ColegiadoMaria Luiza Hiromi Iwakura Kasailuiza.iwa@uel.br Vice-Coordenador de ColegiadoRicardo Shibayamaricardoshibayama@uel.br Coordenadora de EstágioMaura Sassahara Higasi maurash@uel.br Coordenador de TCCMárcio Grama Hoeppnerhoeppner@uel.br Coordenador da Comissão de Pós-GraduaçãoPaulo Eduardo Baggiopbaggio@uel.br Coordenadora de AEXLucimar Aparecida Britto Codatolucimarcodato@uel.br Coordenador da Comissão de EnsinoFábio Augusto Itofabioaito@uel.br Coordenadora [&hellip;]</p>
