{"id":110,"date":"2024-09-04T15:16:54","date_gmt":"2024-09-04T18:16:54","guid":{"rendered":"https:\/\/departamentos.uel.br\/matematica\/?page_id=110"},"modified":"2024-09-05T16:01:37","modified_gmt":"2024-09-05T19:01:37","slug":"corpo-tecnico","status":"publish","type":"page","link":"https:\/\/departamentos.uel.br\/matematica\/corpo-tecnico\/","title":{"rendered":"Corpo T\u00e9cnico"},"content":{"rendered":"\n<p><strong>T\u00e9cnico Administrativo (Secret\u00e1rio)<\/strong><br>Paulo Rog\u00e9rio Corso<br>corso@uel.br<\/p>\n\n\n\n<p><strong>T\u00e9cnico em Inform\u00e1tica<\/strong><br>Eduardo Pereira Campos<br>epcampos@uel.br<\/p>\n","protected":false},"excerpt":{"rendered":"<p>T\u00e9cnico Administrativo (Secret\u00e1rio)Paulo Rog\u00e9rio Corsocorso@uel.br T\u00e9cnico em Inform\u00e1ticaEduardo Pereira Camposepcampos@uel.br<\/p>\n","protected":false},"author":6,"featured_media":0,"parent":0,"menu_order":0,"comment_status":"closed","ping_status":"closed","template":"","meta":{"_acf_changed":false,"_themeisle_gutenberg_block_has_review":false,"footnotes":""},"class_list":["post-110","page","type-page","status-publish","hentry"],"acf":[],"_links":{"self":[{"href":"https:\/\/departamentos.uel.br\/matematica\/wp-json\/wp\/v2\/pages\/110","targetHints":{"allow":["GET"]}}],"collection":[{"href":"https:\/\/departamentos.uel.br\/matematica\/wp-json\/wp\/v2\/pages"}],"about":[{"href":"https:\/\/departamentos.uel.br\/matematica\/wp-json\/wp\/v2\/types\/page"}],"author":[{"embeddable":true,"href":"https:\/\/departamentos.uel.br\/matematica\/wp-json\/wp\/v2\/users\/6"}],"replies":[{"embeddable":true,"href":"https:\/\/departamentos.uel.br\/matematica\/wp-json\/wp\/v2\/comments?post=110"}],"version-history":[{"count":2,"href":"https:\/\/departamentos.uel.br\/matematica\/wp-json\/wp\/v2\/pages\/110\/revisions"}],"predecessor-version":[{"id":116,"href":"https:\/\/departamentos.uel.br\/matematica\/wp-json\/wp\/v2\/pages\/110\/revisions\/116"}],"wp:attachment":[{"href":"https:\/\/departamentos.uel.br\/matematica\/wp-json\/wp\/v2\/media?parent=110"}],"curies":[{"name":"wp","href":"https:\/\/api.w.org\/{rel}","templated":true}]}}