{"id":49,"date":"2024-02-26T16:44:27","date_gmt":"2024-02-26T19:44:27","guid":{"rendered":"https:\/\/departamentos.uel.br\/letras-vernaculas-e-classicas\/?page_id=49"},"modified":"2026-04-24T22:23:05","modified_gmt":"2026-04-25T01:23:05","slug":"contatos","status":"publish","type":"page","link":"https:\/\/departamentos.uel.br\/letras-vernaculas-e-classicas\/contatos\/","title":{"rendered":"Contatos"},"content":{"rendered":"\n<p><strong>Chefe do Departamento<\/strong><br>Fabiane Cristina Altino<br>fabiane@uel.br<\/p>\n\n\n\n<p><strong>Vice-Chefe do Departamento<\/strong><br>Marcelo Silveira<br>celosilveira@uel.br<\/p>\n\n\n\n<p><strong>Coordenador de Colegiado<\/strong><br>Fl\u00e1vio Luis Freire Rodrigues<br>flaviofreire@uel.br<\/p>\n\n\n\n<p><strong>Vice-Coordenador de Colegiado<\/strong><br>Lolyane Cristina Guerreiro de Oliveira<br>lolyane@uel.br<\/p>\n\n\n\n<p><strong>Coordena\u00e7\u00e3o de Est\u00e1gio<\/strong><br>Paula Baracat De Grande Ikeda<br>pauladegrande@uel.br<\/p>\n\n\n\n<p><\/p>\n\n\n\n<p><strong>Coordena\u00e7\u00e3o de AEX<\/strong><br>Silvio Cesar dos Santos Alves <br>silvioalves@uel.br<\/p>\n\n\n\n<p><strong>Coordena\u00e7\u00e3o da Comiss\u00e3o de Extens\u00e3o<\/strong><br>Maria Carolina de Godoy<br>mcdegodoy@uel.br<br><br>Isabel Cristiane Jer\u00f4nimo<br>cristianejeronimo@uel.br<br><br>Cl\u00e1udia Lopes Nascimento<br>cln_saito@uel.br<\/p>\n\n\n\n<p><strong>Coordena\u00e7\u00e3o da Comiss\u00e3o de Pesquisa<\/strong><br>Antonio Lemes Guerra Junior<br>guerrajr@uel.br<br><br>Sheila Oliveira Lima<br>sheilalima@uel.br<br><br>Adilson dos Santos<br>adilson.santos@uel.br<\/p>\n\n\n\n<p><strong><strong>Coordena\u00e7\u00e3o do N\u00facleo Docente Estruturante (NDE)<\/strong><\/strong><br>Sonia Aparecida Vido Pascolati<br>pascolati@uel.br<\/p>\n\n\n\n<p><\/p>\n\n\n\n<p><\/p>\n\n\n\n<p><\/p>\n\n\n\n<p><\/p>\n","protected":false},"excerpt":{"rendered":"<p>Chefe do DepartamentoFabiane Cristina Altinofabiane@uel.br Vice-Chefe do DepartamentoMarcelo Silveiracelosilveira@uel.br Coordenador de ColegiadoFl\u00e1vio Luis Freire Rodriguesflaviofreire@uel.br Vice-Coordenador de ColegiadoLolyane Cristina Guerreiro de Oliveiralolyane@uel.br Coordena\u00e7\u00e3o de Est\u00e1gioPaula Baracat De Grande Ikedapauladegrande@uel.br Coordena\u00e7\u00e3o de AEXSilvio Cesar dos Santos Alves silvioalves@uel.br Coordena\u00e7\u00e3o da Comiss\u00e3o de Extens\u00e3oMaria Carolina de Godoymcdegodoy@uel.br Isabel Cristiane Jer\u00f4nimocristianejeronimo@uel.br Cl\u00e1udia Lopes Nascimentocln_saito@uel.br Coordena\u00e7\u00e3o da Comiss\u00e3o de [&hellip;]<\/p>\n","protected":false},"author":6,"featured_media":0,"parent":0,"menu_order":0,"comment_status":"closed","ping_status":"closed","template":"","meta":{"_acf_changed":false,"_themeisle_gutenberg_block_has_review":false,"footnotes":""},"class_list":["post-49","page","type-page","status-publish","hentry"],"acf":[],"_links":{"self":[{"href":"https:\/\/departamentos.uel.br\/letras-vernaculas-e-classicas\/wp-json\/wp\/v2\/pages\/49","targetHints":{"allow":["GET"]}}],"collection":[{"href":"https:\/\/departamentos.uel.br\/letras-vernaculas-e-classicas\/wp-json\/wp\/v2\/pages"}],"about":[{"href":"https:\/\/departamentos.uel.br\/letras-vernaculas-e-classicas\/wp-json\/wp\/v2\/types\/page"}],"author":[{"embeddable":true,"href":"https:\/\/departamentos.uel.br\/letras-vernaculas-e-classicas\/wp-json\/wp\/v2\/users\/6"}],"replies":[{"embeddable":true,"href":"https:\/\/departamentos.uel.br\/letras-vernaculas-e-classicas\/wp-json\/wp\/v2\/comments?post=49"}],"version-history":[{"count":23,"href":"https:\/\/departamentos.uel.br\/letras-vernaculas-e-classicas\/wp-json\/wp\/v2\/pages\/49\/revisions"}],"predecessor-version":[{"id":350,"href":"https:\/\/departamentos.uel.br\/letras-vernaculas-e-classicas\/wp-json\/wp\/v2\/pages\/49\/revisions\/350"}],"wp:attachment":[{"href":"https:\/\/departamentos.uel.br\/letras-vernaculas-e-classicas\/wp-json\/wp\/v2\/media?parent=49"}],"curies":[{"name":"wp","href":"https:\/\/api.w.org\/{rel}","templated":true}]}}

<p><strong>Chefe do Departamento</strong><br>Fabiane Cristina Altino<br>fabiane@uel.br</p>



<p><strong>Vice-Chefe do Departamento</strong><br>Marcelo Silveira<br>celosilveira@uel.br</p>



<p><strong>Coordenador de Colegiado</strong><br>Flávio Luis Freire Rodrigues<br>flaviofreire@uel.br</p>



<p><strong>Vice-Coordenador de Colegiado</strong><br>Lolyane Cristina Guerreiro de Oliveira<br>lolyane@uel.br</p>



<p><strong>Coordenação de Estágio</strong><br>Paula Baracat De Grande Ikeda<br>pauladegrande@uel.br</p>



<p></p>



<p><strong>Coordenação de AEX</strong><br>Silvio Cesar dos Santos Alves <br>silvioalves@uel.br</p>



<p><strong>Coordenação da Comissão de Extensão</strong><br>Maria Carolina de Godoy<br>mcdegodoy@uel.br<br><br>Isabel Cristiane Jerônimo<br>cristianejeronimo@uel.br<br><br>Cláudia Lopes Nascimento<br>cln_saito@uel.br</p>



<p><strong>Coordenação da Comissão de Pesquisa</strong><br>Antonio Lemes Guerra Junior<br>guerrajr@uel.br<br><br>Sheila Oliveira Lima<br>sheilalima@uel.br<br><br>Adilson dos Santos<br>adilson.santos@uel.br</p>



<p><strong><strong>Coordenação do Núcleo Docente Estruturante (NDE)</strong></strong><br>Sonia Aparecida Vido Pascolati<br>pascolati@uel.br</p>



<p></p>



<p></p>



<p></p>



<p></p>

<p>Chefe do DepartamentoFabiane Cristina Altinofabiane@uel.br Vice-Chefe do DepartamentoMarcelo Silveiracelosilveira@uel.br Coordenador de ColegiadoFlávio Luis Freire Rodriguesflaviofreire@uel.br Vice-Coordenador de ColegiadoLolyane Cristina Guerreiro de Oliveiralolyane@uel.br Coordenação de EstágioPaula Baracat De Grande Ikedapauladegrande@uel.br Coordenação de AEXSilvio Cesar dos Santos Alves silvioalves@uel.br Coordenação da Comissão de ExtensãoMaria Carolina de Godoymcdegodoy@uel.br Isabel Cristiane Jerônimocristianejeronimo@uel.br Cláudia Lopes Nascimentocln_saito@uel.br Coordenação da Comissão de [&hellip;]</p>
