{"id":36,"date":"2024-02-26T16:22:30","date_gmt":"2024-02-26T19:22:30","guid":{"rendered":"https:\/\/departamentos.uel.br\/letras-vernaculas-e-classicas\/?page_id=36"},"modified":"2024-11-14T14:35:51","modified_gmt":"2024-11-14T17:35:51","slug":"eventos","status":"publish","type":"page","link":"https:\/\/departamentos.uel.br\/letras-vernaculas-e-classicas\/eventos\/","title":{"rendered":"Eventos"},"content":{"rendered":"\n<p>Conhe\u00e7a os eventos da \u00e1rea de Letras, a serem realizados na UEL:<\/p>\n\n\n\n<div id=\"wp-block-themeisle-blocks-accordion-731fcfdb\" class=\"wp-block-themeisle-blocks-accordion exclusive\">\n<details class=\"wp-block-themeisle-blocks-accordion-item\"><summary class=\"wp-block-themeisle-blocks-accordion-item__title\"><div><strong>2023<\/strong><\/div><\/summary><div class=\"wp-block-themeisle-blocks-accordion-item__content\">\n<p><strong>ESTAGIAR<\/strong>: <br>Encontro do Est\u00e1gio de L\u00edngua Portuguesa e Literaturas de L\u00edngua Portuguesa, <strong>realizado anualmente <\/strong>pela Coordena\u00e7\u00e3o do Est\u00e1gio do Colegiado de Letras\/Portugu\u00eas, com o apoio da Coordena\u00e7\u00e3o de L\u00edngua Portuguesa do N\u00facleo Regional de Educa\u00e7\u00e3o de Londrina. Mais informa\u00e7\u00f5es <strong><a href=\"https:\/\/www.facebook.com\/estagiar.uel\/?locale=pt_BR\">clique aqui<\/a><\/strong>.<br><strong>Anais do Evento<\/strong>: <br>Para baixar essa edi\u00e7\u00e3o do Anais, <strong><a href=\"https:\/\/anais.uel.br\/portal\/index.php\/estagiar\">clique aqui<\/a><\/strong>.<\/p>\n<\/div><\/details>\n<\/div>\n\n\n\n<div id=\"wp-block-themeisle-blocks-accordion-13cad2bc\" class=\"wp-block-themeisle-blocks-accordion exclusive\">\n<details class=\"wp-block-themeisle-blocks-accordion-item\"><summary class=\"wp-block-themeisle-blocks-accordion-item__title\"><div><strong>2022<\/strong><\/div><\/summary><div class=\"wp-block-themeisle-blocks-accordion-item__content\">\n<p><strong>SELISIGNO &#8211;<\/strong> <strong>Simp\u00f3sio de Leitura<\/strong> &#8211; Per\u00edodo 11, 12 e 13 de Maio.<\/p>\n\n\n\n<p>Evento realizado bianualmente pelo Programa de P\u00f3s-Gradua\u00e7\u00e3o em Estudos da Linguagem (PPGEL).<\/p>\n\n\n\n<p>Para mais informa\u00e7\u00f5es <strong><a href=\"https:\/\/sites.google.com\/uel.br\/xiiselisignoexiiisimpleitura\/programa\u00e7\u00e3o?authuser=0\">clique aqui<\/a><\/strong>.<\/p>\n\n\n\n<p><strong>SEDA &#8211;<\/strong> <strong>Semin\u00e1rio de Disserta\u00e7\u00f5es<\/strong> &#8211; Per\u00edodo 27 a 29 de Julho.<\/p>\n\n\n\n<p>O Evento ocorrer\u00e1, ainda, no formato remoto, devido a quest\u00f5es decorrentes do contexto de pandemia enfrentado nos \u00faltimos anos pela COVID-19.<\/p>\n\n\n\n<p>Para mais informa\u00e7\u00f5es <strong><a href=\"https:\/\/sites.google.com\/uel.br\/seda-ppgluel\/seda-20221?authuser=3\">clique aqui<\/a><\/strong>.<\/p>\n\n\n\n<p><strong>SEDATA &#8211; Semin\u00e1rio de Disserta\u00e7\u00f5es e Teses<\/strong> &#8211; Per\u00edodo 24, 25 e 26 de Agosto<\/p>\n\n\n\n<p>Semin\u00e1rio de Disserta\u00e7\u00f5es e Teses em Andamento, evento organizado anualmente pelo PPGEL \u2013 Programa de P\u00f3s-Gradua\u00e7\u00e3o em Estudos da Linguagem da UEL.<\/p>\n\n\n\n<p>Para mais informa\u00e7\u00f5es <strong><a href=\"https:\/\/www.uel.br\/eventos\/sedata\/pages\/sedata-2022.php\">clique aqui<\/a><\/strong>.<\/p>\n<\/div><\/details>\n<\/div>\n","protected":false},"excerpt":{"rendered":"<p>Conhe\u00e7a os eventos da \u00e1rea de Letras, a serem realizados na UEL:<\/p>\n","protected":false},"author":6,"featured_media":0,"parent":0,"menu_order":0,"comment_status":"closed","ping_status":"closed","template":"","meta":{"_acf_changed":false,"_themeisle_gutenberg_block_has_review":false,"footnotes":""},"class_list":["post-36","page","type-page","status-publish","hentry"],"acf":[],"_links":{"self":[{"href":"https:\/\/departamentos.uel.br\/letras-vernaculas-e-classicas\/wp-json\/wp\/v2\/pages\/36","targetHints":{"allow":["GET"]}}],"collection":[{"href":"https:\/\/departamentos.uel.br\/letras-vernaculas-e-classicas\/wp-json\/wp\/v2\/pages"}],"about":[{"href":"https:\/\/departamentos.uel.br\/letras-vernaculas-e-classicas\/wp-json\/wp\/v2\/types\/page"}],"author":[{"embeddable":true,"href":"https:\/\/departamentos.uel.br\/letras-vernaculas-e-classicas\/wp-json\/wp\/v2\/users\/6"}],"replies":[{"embeddable":true,"href":"https:\/\/departamentos.uel.br\/letras-vernaculas-e-classicas\/wp-json\/wp\/v2\/comments?post=36"}],"version-history":[{"count":14,"href":"https:\/\/departamentos.uel.br\/letras-vernaculas-e-classicas\/wp-json\/wp\/v2\/pages\/36\/revisions"}],"predecessor-version":[{"id":258,"href":"https:\/\/departamentos.uel.br\/letras-vernaculas-e-classicas\/wp-json\/wp\/v2\/pages\/36\/revisions\/258"}],"wp:attachment":[{"href":"https:\/\/departamentos.uel.br\/letras-vernaculas-e-classicas\/wp-json\/wp\/v2\/media?parent=36"}],"curies":[{"name":"wp","href":"https:\/\/api.w.org\/{rel}","templated":true}]}}