{"id":338,"date":"2025-04-17T17:25:37","date_gmt":"2025-04-17T20:25:37","guid":{"rendered":"https:\/\/departamentos.uel.br\/letras-vernaculas-e-classicas\/?page_id=338"},"modified":"2025-04-17T19:06:56","modified_gmt":"2025-04-17T22:06:56","slug":"areas-e-linhas-de-pesquisa","status":"publish","type":"page","link":"https:\/\/departamentos.uel.br\/letras-vernaculas-e-classicas\/areas-e-linhas-de-pesquisa\/","title":{"rendered":"\u00c1reas e Linhas de Pesquisa"},"content":{"rendered":"\n<p><strong>\u00c1REA: ESTUDOS LITER\u00c1RIOS<\/strong><\/p>\n\n\n\n<p><strong>Linha: Constru\u00e7\u00f5es e processos identit\u00e1rios <br><\/strong>Objetivo: Estudo das identidades em objetos liter\u00e1rios, buscando refletir sobre as diferen\u00e7as existentes e fundadas em g\u00eanero, faixa et\u00e1ria, constitui\u00e7\u00e3o familiar e de parentesco, viv\u00eancia das sexualidades, religiosidades, etnia\/etnicidades, nacionalidades e regionalidades. <\/p>\n\n\n\n<p><strong>Linha: Intermedialidades e novas formas art\u00edsticas <br><\/strong>Objetivo: Estudo da intermedialidade enquanto fen\u00f4meno de cria\u00e7\u00e3o\/produ\u00e7\u00e3o de novas formas art\u00edsticas (nos campos: literatura, m\u00fasica, teatro, artes visuais, r\u00e1dio, cinema, novas m\u00eddias) e cr\u00edticas inovadoras, nas pr\u00e1ticas culturais contempor\u00e2neas, observados aspectos da globaliza\u00e7\u00e3o enquanto transgress\u00e3o dos loci de produ\u00e7\u00e3o\/recep\u00e7\u00e3o e a ind\u00fastria cultural. <\/p>\n\n\n\n<p><strong>Linha: Representa\u00e7\u00f5es e textualidades <br><\/strong>Objetivo: Estudo das representa\u00e7\u00f5es de mundo e da hist\u00f3ria, colocados em discuss\u00e3o os conceitos de texto, hipertexto e intertexto, as pr\u00e1ticas discursivas e constitutivas nos objetos liter\u00e1rios, e as rela\u00e7\u00f5es sociais de poder em suas manifesta\u00e7\u00f5es e contesta\u00e7\u00f5es. <\/p>\n\n\n\n<p><strong>\u00c1REA: LINGUAGEM E EDUCA\u00c7\u00c3O<\/strong><\/p>\n\n\n\n<p><strong>Linha: Ensino\/aprendizagem e forma\u00e7\u00e3o do professor de l\u00edngua portuguesa e de outras linguagens<br><\/strong>Objetivo: Estudos direcionados \u00e0s situa\u00e7\u00f5es de ensino\/aprendizagem de l\u00edngua portuguesa e de linguagens sincr\u00e9ticas, objetivando estabelecer rela\u00e7\u00f5es entre aspectos te\u00f3ricos e a pr\u00e1tica docente. <\/p>\n\n\n\n<p><strong>\u00c1REA: LINGUAGEM E SIGNIFICA\u00c7\u00c3O<\/strong><\/p>\n\n\n\n<p><strong>Linha: Descri\u00e7\u00e3o e an\u00e1lises lingu\u00edsticas<br><\/strong>Objetivo: Conceitua\u00e7\u00e3o, descri\u00e7\u00e3o e an\u00e1lise de n\u00edveis lingu\u00edsticos. Varia\u00e7\u00e3o sincr\u00f4nica e diacr\u00f4nica. <\/p>\n\n\n\n<p><strong>Linha: Estudos do texto\/discurso <br><\/strong>Objetivo: Estudo de processos de constru\u00e7\u00e3o textual e aspectos interativo-discursivos da linguagem.<\/p>\n\n\n\n<p><\/p>\n","protected":false},"excerpt":{"rendered":"<p>\u00c1REA: ESTUDOS LITER\u00c1RIOS Linha: Constru\u00e7\u00f5es e processos identit\u00e1rios Objetivo: Estudo das identidades em objetos liter\u00e1rios, buscando refletir sobre as diferen\u00e7as existentes e fundadas em g\u00eanero, faixa et\u00e1ria, constitui\u00e7\u00e3o familiar e de parentesco, viv\u00eancia das sexualidades, religiosidades, etnia\/etnicidades, nacionalidades e regionalidades. Linha: Intermedialidades e novas formas art\u00edsticas Objetivo: Estudo da intermedialidade enquanto fen\u00f4meno de cria\u00e7\u00e3o\/produ\u00e7\u00e3o de [&hellip;]<\/p>\n","protected":false},"author":10,"featured_media":0,"parent":0,"menu_order":0,"comment_status":"closed","ping_status":"closed","template":"","meta":{"_acf_changed":false,"_themeisle_gutenberg_block_has_review":false,"footnotes":""},"class_list":["post-338","page","type-page","status-publish","hentry"],"acf":[],"_links":{"self":[{"href":"https:\/\/departamentos.uel.br\/letras-vernaculas-e-classicas\/wp-json\/wp\/v2\/pages\/338","targetHints":{"allow":["GET"]}}],"collection":[{"href":"https:\/\/departamentos.uel.br\/letras-vernaculas-e-classicas\/wp-json\/wp\/v2\/pages"}],"about":[{"href":"https:\/\/departamentos.uel.br\/letras-vernaculas-e-classicas\/wp-json\/wp\/v2\/types\/page"}],"author":[{"embeddable":true,"href":"https:\/\/departamentos.uel.br\/letras-vernaculas-e-classicas\/wp-json\/wp\/v2\/users\/10"}],"replies":[{"embeddable":true,"href":"https:\/\/departamentos.uel.br\/letras-vernaculas-e-classicas\/wp-json\/wp\/v2\/comments?post=338"}],"version-history":[{"count":2,"href":"https:\/\/departamentos.uel.br\/letras-vernaculas-e-classicas\/wp-json\/wp\/v2\/pages\/338\/revisions"}],"predecessor-version":[{"id":340,"href":"https:\/\/departamentos.uel.br\/letras-vernaculas-e-classicas\/wp-json\/wp\/v2\/pages\/338\/revisions\/340"}],"wp:attachment":[{"href":"https:\/\/departamentos.uel.br\/letras-vernaculas-e-classicas\/wp-json\/wp\/v2\/media?parent=338"}],"curies":[{"name":"wp","href":"https:\/\/api.w.org\/{rel}","templated":true}]}}

Áreas e Linhas de Pesquisa

<p><strong>ÁREA: ESTUDOS LITERÁRIOS</strong></p>



<p><strong>Linha: Construções e processos identitários <br></strong>Objetivo: Estudo das identidades em objetos literários, buscando refletir sobre as diferenças existentes e fundadas em gênero, faixa etária, constituição familiar e de parentesco, vivência das sexualidades, religiosidades, etnia/etnicidades, nacionalidades e regionalidades. </p>



<p><strong>Linha: Intermedialidades e novas formas artísticas <br></strong>Objetivo: Estudo da intermedialidade enquanto fenômeno de criação/produção de novas formas artísticas (nos campos: literatura, música, teatro, artes visuais, rádio, cinema, novas mídias) e críticas inovadoras, nas práticas culturais contemporâneas, observados aspectos da globalização enquanto transgressão dos loci de produção/recepção e a indústria cultural. </p>



<p><strong>Linha: Representações e textualidades <br></strong>Objetivo: Estudo das representações de mundo e da história, colocados em discussão os conceitos de texto, hipertexto e intertexto, as práticas discursivas e constitutivas nos objetos literários, e as relações sociais de poder em suas manifestações e contestações. </p>



<p><strong>ÁREA: LINGUAGEM E EDUCAÇÃO</strong></p>



<p><strong>Linha: Ensino/aprendizagem e formação do professor de língua portuguesa e de outras linguagens<br></strong>Objetivo: Estudos direcionados às situações de ensino/aprendizagem de língua portuguesa e de linguagens sincréticas, objetivando estabelecer relações entre aspectos teóricos e a prática docente. </p>



<p><strong>ÁREA: LINGUAGEM E SIGNIFICAÇÃO</strong></p>



<p><strong>Linha: Descrição e análises linguísticas<br></strong>Objetivo: Conceituação, descrição e análise de níveis linguísticos. Variação sincrônica e diacrônica. </p>



<p><strong>Linha: Estudos do texto/discurso <br></strong>Objetivo: Estudo de processos de construção textual e aspectos interativo-discursivos da linguagem.</p>



<p></p>

<p>ÁREA: ESTUDOS LITERÁRIOS Linha: Construções e processos identitários Objetivo: Estudo das identidades em objetos literários, buscando refletir sobre as diferenças existentes e fundadas em gênero, faixa etária, constituição familiar e de parentesco, vivência das sexualidades, religiosidades, etnia/etnicidades, nacionalidades e regionalidades. Linha: Intermedialidades e novas formas artísticas Objetivo: Estudo da intermedialidade enquanto fenômeno de criação/produção de [&hellip;]</p>
