{"id":289,"date":"2025-02-19T10:47:33","date_gmt":"2025-02-19T13:47:33","guid":{"rendered":"https:\/\/departamentos.uel.br\/letras-vernaculas-e-classicas\/?page_id=289"},"modified":"2025-02-19T11:20:06","modified_gmt":"2025-02-19T14:20:06","slug":"projeto-radio","status":"publish","type":"page","link":"https:\/\/departamentos.uel.br\/letras-vernaculas-e-classicas\/projeto-radio\/","title":{"rendered":"Literatura Viva"},"content":{"rendered":"\n<p><a href=\"https:\/\/radio.uel.br\/programas\/coluna-literatura-viva\">Literatura Viva<\/a> busca apresentar e refletir sobre obras liter\u00e1rias das mais diferentes nacionalidades e \u00e9pocas. O objetivo \u00e9 fazer com que os ouvintes da r\u00e1dio tomem contato com os textos liter\u00e1rios apresentados e se inspirem neles para uma boa leitura.<\/p>\n","protected":false},"excerpt":{"rendered":"<p>Literatura Viva busca apresentar e refletir sobre obras liter\u00e1rias das mais diferentes nacionalidades e \u00e9pocas. O objetivo \u00e9 fazer com que os ouvintes da r\u00e1dio tomem contato com os textos liter\u00e1rios apresentados e se inspirem neles para uma boa leitura.<\/p>\n","protected":false},"author":8,"featured_media":0,"parent":0,"menu_order":0,"comment_status":"closed","ping_status":"closed","template":"","meta":{"_acf_changed":false,"_themeisle_gutenberg_block_has_review":false,"footnotes":""},"class_list":["post-289","page","type-page","status-publish","hentry"],"acf":[],"_links":{"self":[{"href":"https:\/\/departamentos.uel.br\/letras-vernaculas-e-classicas\/wp-json\/wp\/v2\/pages\/289","targetHints":{"allow":["GET"]}}],"collection":[{"href":"https:\/\/departamentos.uel.br\/letras-vernaculas-e-classicas\/wp-json\/wp\/v2\/pages"}],"about":[{"href":"https:\/\/departamentos.uel.br\/letras-vernaculas-e-classicas\/wp-json\/wp\/v2\/types\/page"}],"author":[{"embeddable":true,"href":"https:\/\/departamentos.uel.br\/letras-vernaculas-e-classicas\/wp-json\/wp\/v2\/users\/8"}],"replies":[{"embeddable":true,"href":"https:\/\/departamentos.uel.br\/letras-vernaculas-e-classicas\/wp-json\/wp\/v2\/comments?post=289"}],"version-history":[{"count":4,"href":"https:\/\/departamentos.uel.br\/letras-vernaculas-e-classicas\/wp-json\/wp\/v2\/pages\/289\/revisions"}],"predecessor-version":[{"id":314,"href":"https:\/\/departamentos.uel.br\/letras-vernaculas-e-classicas\/wp-json\/wp\/v2\/pages\/289\/revisions\/314"}],"wp:attachment":[{"href":"https:\/\/departamentos.uel.br\/letras-vernaculas-e-classicas\/wp-json\/wp\/v2\/media?parent=289"}],"curies":[{"name":"wp","href":"https:\/\/api.w.org\/{rel}","templated":true}]}}

<p><a href="https://radio.uel.br/programas/coluna-literatura-viva">Literatura Viva</a> busca apresentar e refletir sobre obras literárias das mais diferentes nacionalidades e épocas. O objetivo é fazer com que os ouvintes da rádio tomem contato com os textos literários apresentados e se inspirem neles para uma boa leitura.</p>

<p>Literatura Viva busca apresentar e refletir sobre obras literárias das mais diferentes nacionalidades e épocas. O objetivo é fazer com que os ouvintes da rádio tomem contato com os textos literários apresentados e se inspirem neles para uma boa leitura.</p>
