{"id":261,"date":"2024-11-14T14:37:11","date_gmt":"2024-11-14T17:37:11","guid":{"rendered":"https:\/\/departamentos.uel.br\/letras-vernaculas-e-classicas\/?page_id=261"},"modified":"2025-02-18T11:22:54","modified_gmt":"2025-02-18T14:22:54","slug":"links-importantes","status":"publish","type":"page","link":"https:\/\/departamentos.uel.br\/letras-vernaculas-e-classicas\/links-importantes\/","title":{"rendered":"Links Importantes"},"content":{"rendered":"\n<h4 class=\"wp-block-heading\">Seguem links importantes da \u00e1rea:<br><br><a href=\"https:\/\/www.gov.br\/cnpq\/pt-br\"><\/a><a href=\"https:\/\/www.gov.br\/cnpq\/pt-br\">CNPq<\/a><\/h4>\n\n\n\n<p><a href=\"https:\/\/www.gov.br\/capes\/pt-br\"><strong>CAPES<\/strong><\/a><\/p>\n\n\n\n<p><a href=\"https:\/\/bdtd.ibict.br\/vufind\/\">IBICT &#8211; INSTITUTO BRASILEIRO DE INFORMA\u00c7\u00c3O EM CI\u00caNCIA E TECNOLOGIA<\/a><\/p>\n\n\n\n<p><strong>Manual de Identidade Visual da UEL<\/strong><\/p>\n\n\n\n<p>Ao representar a Universidade Estadual de Londrina, utilize a&nbsp;<a href=\"https:\/\/portal.uel.br\/conheca-a-uel\/pages\/marca-e-logotipo.php\" target=\"_blank\" rel=\"noreferrer noopener\">logomarca da UEL<\/a>, conforme manual abaixo:<\/p>\n\n\n\n<div data-wp-interactive=\"core\/file\" class=\"wp-block-file\"><object data-wp-bind--hidden=\"!state.hasPdfPreview\" hidden class=\"wp-block-file__embed\" data=\"https:\/\/departamentos.uel.br\/letras-vernaculas-e-classicas\/wp-content\/uploads\/2024\/11\/MANUAL_DE_IDENTIDADE_UEL_-_2019-1.pdf\" type=\"application\/pdf\" style=\"width:100%;height:600px\" aria-label=\"Incorporado de MANUAL_DE_IDENTIDADE_UEL_-_2019 (1).\"><\/object><a id=\"wp-block-file--media-60104c00-a6ad-4e5b-83a2-6582491a8cf7\" href=\"https:\/\/departamentos.uel.br\/letras-vernaculas-e-classicas\/wp-content\/uploads\/2024\/11\/MANUAL_DE_IDENTIDADE_UEL_-_2019-1.pdf\">MANUAL_DE_IDENTIDADE_UEL_-_2019 (1)<\/a><a href=\"https:\/\/departamentos.uel.br\/letras-vernaculas-e-classicas\/wp-content\/uploads\/2024\/11\/MANUAL_DE_IDENTIDADE_UEL_-_2019-1.pdf\" class=\"wp-block-file__button wp-element-button\" download aria-describedby=\"wp-block-file--media-60104c00-a6ad-4e5b-83a2-6582491a8cf7\">Baixar<\/a><\/div>\n","protected":false},"excerpt":{"rendered":"<p>Seguem links importantes da \u00e1rea: CNPq CAPES IBICT &#8211; INSTITUTO BRASILEIRO DE INFORMA\u00c7\u00c3O EM CI\u00caNCIA E TECNOLOGIA Manual de Identidade Visual da UEL Ao representar a Universidade Estadual de Londrina, utilize a&nbsp;logomarca da UEL, conforme manual abaixo:<\/p>\n","protected":false},"author":6,"featured_media":0,"parent":0,"menu_order":0,"comment_status":"closed","ping_status":"closed","template":"","meta":{"_acf_changed":false,"_themeisle_gutenberg_block_has_review":false,"footnotes":""},"class_list":["post-261","page","type-page","status-publish","hentry"],"acf":[],"_links":{"self":[{"href":"https:\/\/departamentos.uel.br\/letras-vernaculas-e-classicas\/wp-json\/wp\/v2\/pages\/261","targetHints":{"allow":["GET"]}}],"collection":[{"href":"https:\/\/departamentos.uel.br\/letras-vernaculas-e-classicas\/wp-json\/wp\/v2\/pages"}],"about":[{"href":"https:\/\/departamentos.uel.br\/letras-vernaculas-e-classicas\/wp-json\/wp\/v2\/types\/page"}],"author":[{"embeddable":true,"href":"https:\/\/departamentos.uel.br\/letras-vernaculas-e-classicas\/wp-json\/wp\/v2\/users\/6"}],"replies":[{"embeddable":true,"href":"https:\/\/departamentos.uel.br\/letras-vernaculas-e-classicas\/wp-json\/wp\/v2\/comments?post=261"}],"version-history":[{"count":4,"href":"https:\/\/departamentos.uel.br\/letras-vernaculas-e-classicas\/wp-json\/wp\/v2\/pages\/261\/revisions"}],"predecessor-version":[{"id":286,"href":"https:\/\/departamentos.uel.br\/letras-vernaculas-e-classicas\/wp-json\/wp\/v2\/pages\/261\/revisions\/286"}],"wp:attachment":[{"href":"https:\/\/departamentos.uel.br\/letras-vernaculas-e-classicas\/wp-json\/wp\/v2\/media?parent=261"}],"curies":[{"name":"wp","href":"https:\/\/api.w.org\/{rel}","templated":true}]}}