{"id":188,"date":"2022-10-03T20:12:17","date_gmt":"2022-10-03T23:12:17","guid":{"rendered":"https:\/\/departamentos.uel.br\/geologia-e-geomatica\/?page_id=188"},"modified":"2022-11-18T08:39:34","modified_gmt":"2022-11-18T11:39:34","slug":"visitas","status":"publish","type":"page","link":"https:\/\/departamentos.uel.br\/geologia-e-geomatica\/apresentacao\/museu-de-geologia\/o-museu\/visitas\/","title":{"rendered":"Visitas"},"content":{"rendered":"\n<p>Dias de funcionamento e hor\u00e1rios: <\/p>\n\n\n\n<ul class=\"wp-block-list\">\n<li>Domingo: fechado;<\/li>\n\n\n\n<li>Segunda-feira: das 8:00 at\u00e9 \u00e0s 11:00 horas e das 14:00 at\u00e9 \u00e0s 17:00;<\/li>\n\n\n\n<li>Ter\u00e7a-feira: das 8:00 at\u00e9 \u00e0s 11:00 horas e das 14:00 at\u00e9 \u00e0s 17:00;<\/li>\n\n\n\n<li>Quarta-feira: das 8:00 at\u00e9 \u00e0s 11:00 horas e das 14:00 at\u00e9 \u00e0s 17:00;<\/li>\n\n\n\n<li>Quinta-feira: das 8:00 at\u00e9 \u00e0s 11:00 horas e das 14:00 at\u00e9 \u00e0s 17:00;<\/li>\n\n\n\n<li>Sexta-feira: das 8:00 at\u00e9 \u00e0s 11:00 horas e das 14:00 at\u00e9 \u00e0s 17:00; e<\/li>\n\n\n\n<li>S\u00e1bado: fechado.<\/li>\n<\/ul>\n\n\n\n<p><\/p>\n\n\n\n<p>Agendar com anteced\u00eancia pelo telefone: (43) 3371-4346 &#8211; falar com Fernando Oliveira Jovanovich (T\u00e9cnico Administrativo). Voc\u00ea tamb\u00e9m mandar um e-mail no dgg@uel.br para mais informa\u00e7\u00f5es.<\/p>\n","protected":false},"excerpt":{"rendered":"<p>Dias de funcionamento e hor\u00e1rios: Agendar com anteced\u00eancia pelo telefone: (43) 3371-4346 &#8211; falar com Fernando Oliveira Jovanovich (T\u00e9cnico Administrativo). Voc\u00ea tamb\u00e9m mandar um e-mail no dgg@uel.br para mais informa\u00e7\u00f5es.<\/p>\n","protected":false},"author":9,"featured_media":0,"parent":183,"menu_order":0,"comment_status":"closed","ping_status":"closed","template":"","meta":{"_acf_changed":false,"_themeisle_gutenberg_block_has_review":false,"footnotes":""},"class_list":["post-188","page","type-page","status-publish","hentry"],"acf":[],"_links":{"self":[{"href":"https:\/\/departamentos.uel.br\/geologia-e-geomatica\/wp-json\/wp\/v2\/pages\/188","targetHints":{"allow":["GET"]}}],"collection":[{"href":"https:\/\/departamentos.uel.br\/geologia-e-geomatica\/wp-json\/wp\/v2\/pages"}],"about":[{"href":"https:\/\/departamentos.uel.br\/geologia-e-geomatica\/wp-json\/wp\/v2\/types\/page"}],"author":[{"embeddable":true,"href":"https:\/\/departamentos.uel.br\/geologia-e-geomatica\/wp-json\/wp\/v2\/users\/9"}],"replies":[{"embeddable":true,"href":"https:\/\/departamentos.uel.br\/geologia-e-geomatica\/wp-json\/wp\/v2\/comments?post=188"}],"version-history":[{"count":4,"href":"https:\/\/departamentos.uel.br\/geologia-e-geomatica\/wp-json\/wp\/v2\/pages\/188\/revisions"}],"predecessor-version":[{"id":501,"href":"https:\/\/departamentos.uel.br\/geologia-e-geomatica\/wp-json\/wp\/v2\/pages\/188\/revisions\/501"}],"up":[{"embeddable":true,"href":"https:\/\/departamentos.uel.br\/geologia-e-geomatica\/wp-json\/wp\/v2\/pages\/183"}],"wp:attachment":[{"href":"https:\/\/departamentos.uel.br\/geologia-e-geomatica\/wp-json\/wp\/v2\/media?parent=188"}],"curies":[{"name":"wp","href":"https:\/\/api.w.org\/{rel}","templated":true}]}}