{"id":1269,"date":"2024-11-13T14:27:36","date_gmt":"2024-11-13T17:27:36","guid":{"rendered":"https:\/\/departamentos.uel.br\/geologia-e-geomatica\/?page_id=1269"},"modified":"2024-11-13T14:33:27","modified_gmt":"2024-11-13T17:33:27","slug":"eventos","status":"publish","type":"page","link":"https:\/\/departamentos.uel.br\/geologia-e-geomatica\/eventos\/","title":{"rendered":"Eventos"},"content":{"rendered":"\n<p class=\"has-medium-font-size\"><strong>2024<\/strong><\/p>\n\n\n\n<div id=\"wp-block-themeisle-blocks-accordion-45fa78b0\" class=\"wp-block-themeisle-blocks-accordion exclusive\">\n<details class=\"wp-block-themeisle-blocks-accordion-item\"><summary class=\"wp-block-themeisle-blocks-accordion-item__title\"><div><strong>XV REUNI\u00c3O BRASILEIRA DE CLASSIFICA\u00c7\u00c3O E CORRELA\u00c7\u00c3O DE SOLOS:<\/strong><br>RCC das v\u00e1rzeas do M\u00e9dio Rio Amazonas e entorno<br><strong>(Promovido pela SBCS &#8211; Sociedade Brasileira de Ci\u00eancia do Solo)<\/strong><br><strong>Per\u00edodo<\/strong>: de 18 a 25 de Outubro<br><strong>Local<\/strong>: Amazonas e Par\u00e1<br><strong>Organizador<\/strong>: Embrapa Solos<\/div><\/summary><div class=\"wp-block-themeisle-blocks-accordion-item__content\"><div class=\"wp-block-image\">\n<figure class=\"aligncenter size-full\"><img loading=\"lazy\" decoding=\"async\" width=\"797\" height=\"173\" src=\"https:\/\/departamentos.uel.br\/geologia-e-geomatica\/wp-content\/uploads\/2024\/11\/geo.png\" alt=\"\" class=\"wp-image-1273\" srcset=\"https:\/\/departamentos.uel.br\/geologia-e-geomatica\/wp-content\/uploads\/2024\/11\/geo.png 797w, https:\/\/departamentos.uel.br\/geologia-e-geomatica\/wp-content\/uploads\/2024\/11\/geo-300x65.png 300w, https:\/\/departamentos.uel.br\/geologia-e-geomatica\/wp-content\/uploads\/2024\/11\/geo-768x167.png 768w\" sizes=\"auto, (max-width: 797px) 100vw, 797px\" \/><\/figure>\n<\/div><\/div><\/details>\n<\/div>\n","protected":false},"excerpt":{"rendered":"<p>2024<\/p>\n","protected":false},"author":10,"featured_media":0,"parent":0,"menu_order":0,"comment_status":"closed","ping_status":"closed","template":"","meta":{"_acf_changed":false,"_themeisle_gutenberg_block_has_review":false,"footnotes":""},"class_list":["post-1269","page","type-page","status-publish","hentry"],"acf":[],"_links":{"self":[{"href":"https:\/\/departamentos.uel.br\/geologia-e-geomatica\/wp-json\/wp\/v2\/pages\/1269","targetHints":{"allow":["GET"]}}],"collection":[{"href":"https:\/\/departamentos.uel.br\/geologia-e-geomatica\/wp-json\/wp\/v2\/pages"}],"about":[{"href":"https:\/\/departamentos.uel.br\/geologia-e-geomatica\/wp-json\/wp\/v2\/types\/page"}],"author":[{"embeddable":true,"href":"https:\/\/departamentos.uel.br\/geologia-e-geomatica\/wp-json\/wp\/v2\/users\/10"}],"replies":[{"embeddable":true,"href":"https:\/\/departamentos.uel.br\/geologia-e-geomatica\/wp-json\/wp\/v2\/comments?post=1269"}],"version-history":[{"count":3,"href":"https:\/\/departamentos.uel.br\/geologia-e-geomatica\/wp-json\/wp\/v2\/pages\/1269\/revisions"}],"predecessor-version":[{"id":1274,"href":"https:\/\/departamentos.uel.br\/geologia-e-geomatica\/wp-json\/wp\/v2\/pages\/1269\/revisions\/1274"}],"wp:attachment":[{"href":"https:\/\/departamentos.uel.br\/geologia-e-geomatica\/wp-json\/wp\/v2\/media?parent=1269"}],"curies":[{"name":"wp","href":"https:\/\/api.w.org\/{rel}","templated":true}]}}