{"id":1197,"date":"2024-11-12T15:44:24","date_gmt":"2024-11-12T18:44:24","guid":{"rendered":"https:\/\/departamentos.uel.br\/geologia-e-geomatica\/?page_id=1197"},"modified":"2024-11-12T16:51:25","modified_gmt":"2024-11-12T19:51:25","slug":"corpo-tecnico","status":"publish","type":"page","link":"https:\/\/departamentos.uel.br\/geologia-e-geomatica\/corpo-tecnico\/","title":{"rendered":"Corpo T\u00e9cnico"},"content":{"rendered":"\n<p><strong>ESTRUTURA ADMINISTRATIVA<\/strong><\/p>\n\n\n\n<p><strong>Mandato: 08.06.2022 a 15.03.2024<\/strong><\/p>\n\n\n\n<figure class=\"wp-block-table\"><table class=\"has-fixed-layout\"><tbody><tr><td><strong>Chefe<\/strong><\/td><td>Prof. Dr. Jos\u00e9 Paulo Peccinini Pinese<\/td><\/tr><tr><td><strong>Vice-Chefe<\/strong><\/td><td>Prof. Dr. Osvaldo Coelho Pereira Neto<\/td><\/tr><\/tbody><\/table><\/figure>\n\n\n\n<p><strong>Mandato: 29.06.2022 a 15.03.2024<\/strong><\/p>\n\n\n\n<p><strong>Comiss\u00e3o de Ensino<\/strong><\/p>\n\n\n\n<figure class=\"wp-block-table\"><table class=\"has-fixed-layout\"><tbody><tr><td><strong>Coordenador<\/strong><\/td><td>Prof. Ms. Cleuber Moraes Brito<\/td><\/tr><tr><td><strong>Membro<\/strong><\/td><td>Prof. Dr. Paulo Adeildo Lopes<\/td><\/tr><tr><td><strong>Membro<\/strong><\/td><td>Prof. Dr. Angelo Spoladore<\/td><\/tr><\/tbody><\/table><\/figure>\n\n\n\n<p><strong>Comiss\u00e3o de Extens\u00e3o<\/strong><\/p>\n\n\n\n<figure class=\"wp-block-table\"><table class=\"has-fixed-layout\"><tbody><tr><td><strong>Coordenador<\/strong><\/td><td>Prof. Dr. Angelo Spoladore<\/td><\/tr><tr><td><strong>Membro<\/strong><\/td><td>Prof.\u00aa Dr.\u00aa Fernanda Leite Ribeiro<\/td><\/tr><tr><td><strong>Membro<\/strong><\/td><td>Prof. Dr. Osvaldo Coelho Pereira Neto<\/td><\/tr><\/tbody><\/table><\/figure>\n\n\n\n<p><strong>Comiss\u00e3o de Pesquisa<\/strong><\/p>\n\n\n\n<figure class=\"wp-block-table\"><table class=\"has-fixed-layout\"><tbody><tr><td><strong>Coordenador<\/strong><\/td><td>Prof. Dr. Edison Archela<\/td><\/tr><tr><td><strong>Membro<\/strong><\/td><td>Prof. Dr. Andr\u00e9 Celligoi<\/td><\/tr><tr><td><strong>Membro<\/strong><\/td><td>Prof. Dr. Rafael Calore Nardini<\/td><\/tr><\/tbody><\/table><\/figure>\n\n\n\n<p><strong>Comiss\u00e3o de P\u00f3s-Gradua\u00e7\u00e3o<\/strong><\/p>\n\n\n\n<figure class=\"wp-block-table\"><table class=\"has-fixed-layout\"><tbody><tr><td><strong>Coordenador<\/strong><\/td><td>Prof. Dr. Pedro Rodolfo Siqueira Vendrame<\/td><\/tr><tr><td><strong>Membro<\/strong><\/td><td>Prof. Dr. Luciano Nardini Gomes<\/td><\/tr><tr><td><strong>Membro<\/strong><\/td><td>Prof. Dr. Andr\u00e9 Celligoi<\/td><\/tr><\/tbody><\/table><\/figure>\n\n\n\n<p><strong>Representa\u00e7\u00e3o do Departamento de Geologia e Geom\u00e1tica nos Colegiados dos Cursos de Gradua\u00e7\u00e3o<\/strong><\/p>\n\n\n\n<figure class=\"wp-block-table\"><table class=\"has-fixed-layout\"><tbody><tr><td><strong>CURSO<\/strong><\/td><td><strong>NOME DO REPRESENTANTE<\/strong><\/td><\/tr><tr><td>Agronomia<\/td><td>Prof. Dr. Pedro Rodolfo Siqueira Vendrame<\/td><\/tr><tr><td>Ci\u00eancias Biol\u00f3gicas<\/td><td>Prof. Dr. Andr\u00e9 Celligoi<\/td><\/tr><tr><td>Engenharia Civil<\/td><td>Prof. Dr. Paulo Adeildo Lopes<\/td><\/tr><\/tbody><\/table><\/figure>\n","protected":false},"excerpt":{"rendered":"<p>ESTRUTURA ADMINISTRATIVA Mandato: 08.06.2022 a 15.03.2024 Chefe Prof. Dr. Jos\u00e9 Paulo Peccinini Pinese Vice-Chefe Prof. Dr. Osvaldo Coelho Pereira Neto Mandato: 29.06.2022 a 15.03.2024 Comiss\u00e3o de Ensino Coordenador Prof. Ms. Cleuber Moraes Brito Membro Prof. Dr. Paulo Adeildo Lopes Membro Prof. Dr. Angelo Spoladore Comiss\u00e3o de Extens\u00e3o Coordenador Prof. Dr. Angelo Spoladore Membro Prof.\u00aa Dr.\u00aa [&hellip;]<\/p>\n","protected":false},"author":10,"featured_media":0,"parent":0,"menu_order":0,"comment_status":"closed","ping_status":"closed","template":"","meta":{"_acf_changed":false,"_themeisle_gutenberg_block_has_review":false,"footnotes":""},"class_list":["post-1197","page","type-page","status-publish","hentry"],"acf":[],"_links":{"self":[{"href":"https:\/\/departamentos.uel.br\/geologia-e-geomatica\/wp-json\/wp\/v2\/pages\/1197","targetHints":{"allow":["GET"]}}],"collection":[{"href":"https:\/\/departamentos.uel.br\/geologia-e-geomatica\/wp-json\/wp\/v2\/pages"}],"about":[{"href":"https:\/\/departamentos.uel.br\/geologia-e-geomatica\/wp-json\/wp\/v2\/types\/page"}],"author":[{"embeddable":true,"href":"https:\/\/departamentos.uel.br\/geologia-e-geomatica\/wp-json\/wp\/v2\/users\/10"}],"replies":[{"embeddable":true,"href":"https:\/\/departamentos.uel.br\/geologia-e-geomatica\/wp-json\/wp\/v2\/comments?post=1197"}],"version-history":[{"count":2,"href":"https:\/\/departamentos.uel.br\/geologia-e-geomatica\/wp-json\/wp\/v2\/pages\/1197\/revisions"}],"predecessor-version":[{"id":1216,"href":"https:\/\/departamentos.uel.br\/geologia-e-geomatica\/wp-json\/wp\/v2\/pages\/1197\/revisions\/1216"}],"wp:attachment":[{"href":"https:\/\/departamentos.uel.br\/geologia-e-geomatica\/wp-json\/wp\/v2\/media?parent=1197"}],"curies":[{"name":"wp","href":"https:\/\/api.w.org\/{rel}","templated":true}]}}