{"id":613,"date":"2024-10-18T10:36:28","date_gmt":"2024-10-18T13:36:28","guid":{"rendered":"https:\/\/departamentos.uel.br\/fisioterapia\/?page_id=613"},"modified":"2024-10-18T16:39:04","modified_gmt":"2024-10-18T19:39:04","slug":"eventos-2","status":"publish","type":"page","link":"https:\/\/departamentos.uel.br\/fisioterapia\/eventos-2\/","title":{"rendered":"Eventos"},"content":{"rendered":"\n<p><\/p>\n\n\n\n<p class=\"has-medium-font-size\"><strong>2023<\/strong><\/p>\n\n\n\n<div id=\"wp-block-themeisle-blocks-accordion-24d1138a\" class=\"wp-block-themeisle-blocks-accordion exclusive\">\n<details class=\"wp-block-themeisle-blocks-accordion-item\"><summary class=\"wp-block-themeisle-blocks-accordion-item__title\"><div><strong>1\u00ba CONGRESSO PARANAENSE DE FISIOTERAPIA AQU\u00c1TICA<\/strong><br>O 1\u00ba. Congresso Paranaense de Fisioterapia Aqu\u00e1tica aconteceu de 21 a 24 de Setembro de 2023 no Centro de Ci\u00eancias da Sa\u00fade, Hospital Universit\u00e1rio da UEL. Foi sucesso! Parab\u00e9ns professor Jefferson R. Cardoso e toda comiss\u00e3o organizadora!<\/div><\/summary><div class=\"wp-block-themeisle-blocks-accordion-item__content\">\n<div class=\"wp-block-columns is-layout-flex wp-container-core-columns-is-layout-9d6595d7 wp-block-columns-is-layout-flex\">\n<div class=\"wp-block-column is-layout-flow wp-block-column-is-layout-flow\"><div class=\"wp-block-image\">\n<figure class=\"aligncenter size-full\"><img loading=\"lazy\" decoding=\"async\" width=\"380\" height=\"276\" src=\"https:\/\/departamentos.uel.br\/fisioterapia\/wp-content\/uploads\/2024\/10\/novo.png\" alt=\"\" class=\"wp-image-677\" srcset=\"https:\/\/departamentos.uel.br\/fisioterapia\/wp-content\/uploads\/2024\/10\/novo.png 380w, https:\/\/departamentos.uel.br\/fisioterapia\/wp-content\/uploads\/2024\/10\/novo-300x218.png 300w\" sizes=\"auto, (max-width: 380px) 100vw, 380px\" \/><\/figure>\n<\/div><\/div>\n\n\n\n<div class=\"wp-block-column is-vertically-aligned-center is-layout-flow wp-block-column-is-layout-flow\">\n<p><\/p>\n\n\n\n<p>Acesse as fotos no Instagram @congressoaquaticapr e veja como foi maravilhoso no nosso canal&nbsp;<a href=\"https:\/\/www.youtube.com\/watch?si=0YJjWE6FSlD8PC4r&amp;v=JfzXEDdRADw&amp;feature=youtu.be\">https:\/\/www.youtube.com\/watch?si=0YJjWE6FSlD8PC4r&amp;v=JfzXEDdRADw&amp;feature=youtu.be<\/a><\/p>\n<\/div>\n<\/div>\n<\/div><\/details>\n<\/div>\n","protected":false},"excerpt":{"rendered":"<p>2023<\/p>\n","protected":false},"author":11,"featured_media":0,"parent":0,"menu_order":0,"comment_status":"closed","ping_status":"closed","template":"","meta":{"_acf_changed":false,"_themeisle_gutenberg_block_has_review":false,"footnotes":""},"class_list":["post-613","page","type-page","status-publish","hentry"],"acf":[],"_links":{"self":[{"href":"https:\/\/departamentos.uel.br\/fisioterapia\/wp-json\/wp\/v2\/pages\/613","targetHints":{"allow":["GET"]}}],"collection":[{"href":"https:\/\/departamentos.uel.br\/fisioterapia\/wp-json\/wp\/v2\/pages"}],"about":[{"href":"https:\/\/departamentos.uel.br\/fisioterapia\/wp-json\/wp\/v2\/types\/page"}],"author":[{"embeddable":true,"href":"https:\/\/departamentos.uel.br\/fisioterapia\/wp-json\/wp\/v2\/users\/11"}],"replies":[{"embeddable":true,"href":"https:\/\/departamentos.uel.br\/fisioterapia\/wp-json\/wp\/v2\/comments?post=613"}],"version-history":[{"count":6,"href":"https:\/\/departamentos.uel.br\/fisioterapia\/wp-json\/wp\/v2\/pages\/613\/revisions"}],"predecessor-version":[{"id":683,"href":"https:\/\/departamentos.uel.br\/fisioterapia\/wp-json\/wp\/v2\/pages\/613\/revisions\/683"}],"wp:attachment":[{"href":"https:\/\/departamentos.uel.br\/fisioterapia\/wp-json\/wp\/v2\/media?parent=613"}],"curies":[{"name":"wp","href":"https:\/\/api.w.org\/{rel}","templated":true}]}}

<p></p>



<p class="has-medium-font-size"><strong>2023</strong></p>



<div id="wp-block-themeisle-blocks-accordion-24d1138a" class="wp-block-themeisle-blocks-accordion exclusive">
<details class="wp-block-themeisle-blocks-accordion-item"><summary class="wp-block-themeisle-blocks-accordion-item__title"><div><strong>1º CONGRESSO PARANAENSE DE FISIOTERAPIA AQUÁTICA</strong><br>O 1º. Congresso Paranaense de Fisioterapia Aquática aconteceu de 21 a 24 de Setembro de 2023 no Centro de Ciências da Saúde, Hospital Universitário da UEL. Foi sucesso! Parabéns professor Jefferson R. Cardoso e toda comissão organizadora!</div></summary><div class="wp-block-themeisle-blocks-accordion-item__content">
<div class="wp-block-columns is-layout-flex wp-container-core-columns-is-layout-9d6595d7 wp-block-columns-is-layout-flex">
<div class="wp-block-column is-layout-flow wp-block-column-is-layout-flow"><div class="wp-block-image">
<figure class="aligncenter size-full"><img loading="lazy" decoding="async" width="380" height="276" src="https://departamentos.uel.br/fisioterapia/wp-content/uploads/2024/10/novo.png" alt="" class="wp-image-677" srcset="https://departamentos.uel.br/fisioterapia/wp-content/uploads/2024/10/novo.png 380w, https://departamentos.uel.br/fisioterapia/wp-content/uploads/2024/10/novo-300x218.png 300w" sizes="auto, (max-width: 380px) 100vw, 380px" /></figure>
</div></div>



<div class="wp-block-column is-vertically-aligned-center is-layout-flow wp-block-column-is-layout-flow">
<p></p>



<p>Acesse as fotos no Instagram @congressoaquaticapr e veja como foi maravilhoso no nosso canal&nbsp;<a href="https://www.youtube.com/watch?si=0YJjWE6FSlD8PC4r&amp;v=JfzXEDdRADw&amp;feature=youtu.be">https://www.youtube.com/watch?si=0YJjWE6FSlD8PC4r&amp;v=JfzXEDdRADw&amp;feature=youtu.be</a></p>
</div>
</div>
</div></details>
</div>
