{"id":488,"date":"2023-07-27T13:17:22","date_gmt":"2023-07-27T16:17:22","guid":{"rendered":"https:\/\/departamentos.uel.br\/fisioterapia\/?page_id=488"},"modified":"2023-11-24T08:21:08","modified_gmt":"2023-11-24T11:21:08","slug":"prgrama-de-pos-graduacao-stricto-sensu-mestrado-e-doutorado","status":"publish","type":"page","link":"https:\/\/departamentos.uel.br\/fisioterapia\/prgrama-de-pos-graduacao-stricto-sensu-mestrado-e-doutorado\/","title":{"rendered":"Programa de P\u00f3s Gradua\u00e7\u00e3o Stricto Sensu em Ci\u00eancias da Reabilita\u00e7\u00e3o (Mestrado e Doutorado)"},"content":{"rendered":"\n<p>Programa Associado Universidade Estadual de Londrina e Universidade Pit\u00e1goras Unopar Anhanguera (UNOPAR).<\/p>\n\n\n\n<h3 class=\"wp-block-heading\">Apresenta\u00e7\u00e3o<\/h3>\n\n\n\n<p>O Programa de P\u00f3s-Gradua\u00e7\u00e3o&nbsp;<em>Stricto Sensu&nbsp;<\/em>em Ci\u00eancias da Reabilita\u00e7\u00e3o tem por finalidade conduzir \u00e0 obten\u00e7\u00e3o do t\u00edtulo acad\u00eamico de Mestre ou Doutor oferecido em conjunto pela Universidade Estadual de Londrina (UEL) e Universidade Pit\u00e1goras Unopar Anhanguera (UNOPAR).<\/p>\n\n\n\n<p><\/p>\n\n\n\n<h2 class=\"wp-block-heading\">Objetivos do Programa<\/h2>\n\n\n\n<p>Promover a qualifica\u00e7\u00e3o de recursos humanos, especialmente pesquisadores e docentes, para que estejam aptos a disseminar seus conhecimentos e experi\u00eancias cient\u00edficas e contribuir para o ensino e para a forma\u00e7\u00e3o cient\u00edfica de outros pesquisadores e docentes, sobretudo na regi\u00e3o sul do pa\u00eds;<\/p>\n\n\n\n<p>Gerar conhecimento cient\u00edfico de qualidade, a ser difundido e aplicado na modifica\u00e7\u00e3o ou aperfei\u00e7oamento da pr\u00e1tica cl\u00ednica;<\/p>\n\n\n\n<p>Incentivar a produ\u00e7\u00e3o cient\u00edfica dos departamentos e centros envolvidos, assim como incentivar o interc\u00e2mbio entre eles e com outras institui\u00e7\u00f5es de ensino superior.<\/p>\n\n\n\n<p>Promover a internacionaliza\u00e7\u00e3o das atividades e produ\u00e7\u00f5es realizadas pelo programa e centros envolvidos, assim como a dissemina\u00e7\u00e3o do conhecimento entre os diferentes pa\u00edses conveniados ao programa para melhor globaliza\u00e7\u00e3o da informa\u00e7\u00e3o.<\/p>\n\n\n\n<p><\/p>\n\n\n\n<h2 class=\"wp-block-heading\"><strong>Contatos<\/strong><\/h2>\n\n\n\n<p><strong>Prof. Dr. Jefferson Rosa Cardoso<\/strong><\/p>\n\n\n\n<p>Coordenador do Programa de P\u00f3s-Gradua\u00e7\u00e3o&nbsp;<em>Stricto Sensu<\/em>&nbsp;em Ci\u00eancias da Reabilita\u00e7\u00e3o Coordenador UEL &#8211; <strong>Fone<\/strong>: (43) 3371.2490 \/ (43) 3371.2728 &#8211; <strong>E-Mail<\/strong>:&nbsp;<a href=\"https:\/\/pgsscogna.com.br\/unopar\/ciencias-da-reabilitacao\/ppgcrfisio@uel.br\">ppgcrfisio@uel.br<\/a><\/p>\n\n\n\n<p><\/p>\n\n\n\n<p><strong>Prof. Dr. Rodrigo Antonio Carvalho Andraus<\/strong><\/p>\n\n\n\n<p>Coordenador do Programa de P\u00f3s-Gradua\u00e7\u00e3o&nbsp;<em>Stricto Sensu<\/em>&nbsp;em Ci\u00eancias da Reabilita\u00e7\u00e3o Coordenador UNOPAR\/PITAGORAS\/ANHANGUERA &#8211; <strong>Fone<\/strong>: (43) 3371-9848 &#8211; <strong>E-Mail<\/strong>:&nbsp;<a href=\"mailto:rodrigo.andraus@cogna.com.br\">rodrigo.andraus@cogna.com.br<\/a><\/p>\n\n\n\n<p><\/p>\n\n\n\n<p><\/p>\n\n\n\n<h2 class=\"wp-block-heading\"><strong>Linhas de Pesquisa<\/strong><\/h2>\n\n\n\n<p><strong>Linha de Pesquisa&nbsp;1: Processos de avalia\u00e7\u00e3o e interven\u00e7\u00e3o associados aos sistemas respirat\u00f3rio e cardiovascular:&nbsp;<\/strong>Investiga os m\u00e9todos e recursos utilizados na avalia\u00e7\u00e3o e interven\u00e7\u00e3o fisioter\u00e1pica relacionados aos sistemas respirat\u00f3rio e cardiovascular em indiv\u00edduos com ou sem disfun\u00e7\u00f5es org\u00e2nicas.&nbsp;<\/p>\n\n\n\n<p><strong>Linha de Pesquisa 2: Processos de avalia\u00e7\u00e3o e interven\u00e7\u00e3o associados ao sistema neuro-m\u00fasculoesquel\u00e9tico<\/strong>: Investiga os m\u00e9todos e recursos utilizados na avalia\u00e7\u00e3o e interven\u00e7\u00e3o fisioter\u00e1pica relacionados aos sistemas neuro-m\u00fasculo-esquel\u00e9tico em indiv\u00edduos com ou sem disfun\u00e7\u00f5es org\u00e2nicas.&nbsp;<\/p>\n\n\n\n<p><strong>Linha de Pesquisa 3: Aspectos funcionais e biol\u00f3gicos associados \u00e0 reabilita\u00e7\u00e3o:&nbsp;<\/strong>Estuda aspectos epidemiol\u00f3gicos e biol\u00f3gicos para identifica\u00e7\u00e3o de risco, progn\u00f3stico e avalia\u00e7\u00e3o de altera\u00e7\u00f5es funcionais em diferentes doen\u00e7as, al\u00e9m de estudos de interven\u00e7\u00e3o cl\u00ednica em popula\u00e7\u00f5es distintas visando \u00e0 reabilita\u00e7\u00e3o dos pacientes.<\/p>\n\n\n\n<h2 class=\"wp-block-heading\">Disciplinas do Mestrado<\/h2>\n\n\n\n<p>Obrigat\u00f3rias: <\/p>\n\n\n\n<div class=\"wp-block-group\"><div class=\"wp-block-group__inner-container is-layout-constrained wp-block-group-is-layout-constrained\">\n<div class=\"wp-block-group is-vertical is-layout-flex wp-container-core-group-is-layout-8cf370e7 wp-block-group-is-layout-flex\">\n<ul class=\"wp-block-list\">\n<li>Bioestat\u00edstica I \/ 60 Horas \u2013 4 Cr\u00e9ditos<\/li>\n\n\n\n<li>Did\u00e1tica em Ensino Superior \/ 30 Horas \u2013 2 Cr\u00e9ditos<\/li>\n\n\n\n<li>Instrumentos de Avalia\u00e7\u00e3o em Reabilita\u00e7\u00e3o \/ 60 Horas \u2013 4 Cr\u00e9ditos<\/li>\n\n\n\n<li>Pesquisa Cl\u00ednica em Reabilita\u00e7\u00e3o \/ 60 Horas \u2013 4 Cr\u00e9ditos<\/li>\n\n\n\n<li>Semin\u00e1rios de Projeto de Pesquisas em Reabilita\u00e7\u00e3o \/ 30 Horas \u2013 2 Cr\u00e9ditos<\/li>\n<\/ul>\n<\/div>\n<\/div><\/div>\n\n\n\n<p>Optativas<\/p>\n\n\n\n<ul class=\"wp-block-list\">\n<li>Abordagens Qualitativas de Pesquisa em Sa\u00fade \/ 30 Horas \u2013 2 Cr\u00e9ditos<\/li>\n\n\n\n<li>Atividade F\u00edsica e Envelhecimento \/ 60 Horas \u2013 4 Cr\u00e9ditos<\/li>\n\n\n\n<li>Atividades Complementares I \/ 15 Horas \u2013 1 Cr\u00e9dito<\/li>\n\n\n\n<li>Atividades Complementares II \/ 15 Horas \u2013 1 Cr\u00e9dito<\/li>\n\n\n\n<li>Atividades Complementares III \/ 30 Horas \u2013 2 Cr\u00e9ditos<\/li>\n\n\n\n<li>Bioengenharia de Tecidos \/ 30 Horas \u2013 2 Cr\u00e9ditos<\/li>\n\n\n\n<li>Biologia Molecular Aplicada ao Sistema Cardiorrespirat\u00f3rio e Osteomuscular \/ 30 Horas \u2013 2 Cr\u00e9ditos<\/li>\n\n\n\n<li>Equil\u00edbrio Humano e Seus Dist\u00farbios \/ 45 Horas \u2013 3 Cr\u00e9ditos<\/li>\n\n\n\n<li>Est\u00e1gio em Doc\u00eancia na Gradua\u00e7\u00e3o I \/ 30 Horas \u2013 2 Cr\u00e9ditos<\/li>\n\n\n\n<li>Exerc\u00edcio F\u00edsico e sua Aplica\u00e7\u00e3o na Reabilita\u00e7\u00e3o \/ 45 Horas \u2013 3 Cr\u00e9ditos<\/li>\n\n\n\n<li>Processamento de Sinais Biol\u00f3gicos Aplicado \u00e0 Biodin\u00e2mica \/ 60 Horas \u2013 4 Cr\u00e9ditos<\/li>\n\n\n\n<li>Reda\u00e7\u00e3o de Artigos Cient\u00edficos \/ 30 Horas \u2013 2 Cr\u00e9ditos<\/li>\n\n\n\n<li>T\u00f3picos Avan\u00e7ados e Evid\u00eancias em Eletrotermofototerapia \/ 30 Horas \u2013 2 Cr\u00e9ditos<\/li>\n\n\n\n<li>T\u00f3picos Avan\u00e7ados em Fisiologia do Exerc\u00edcio F\u00edsico \/ 30 Horas \u2013 2 Cr\u00e9ditos<\/li>\n\n\n\n<li>T\u00f3picos Avan\u00e7ados em Fisioterapia Neurofuncional e Neuroci\u00eancias \/ 30 Horas \u2013 2 Cr\u00e9ditos<\/li>\n\n\n\n<li>T\u00f3picos Avan\u00e7ados em Instrumentos de Medida em Reabilita\u00e7\u00e3o \/ 30 Horas \u2013 2 Cr\u00e9ditos<\/li>\n\n\n\n<li>T\u00f3picos Especiais em Ci\u00eancias da Reabilita\u00e7\u00e3o \u2013 cr\u00e9ditos vari\u00e1veis<\/li>\n<\/ul>\n\n\n\n<h2 class=\"wp-block-heading\">Disciplinas Doutorado<\/h2>\n\n\n\n<p>Obrigatorias<\/p>\n\n\n\n<ul class=\"wp-block-list\">\n<li>Bioestat\u00edstica II \/ 60 Horas \u2013 4 Cr\u00e9ditos<\/li>\n\n\n\n<li>Did\u00e1tica em Ensino Superior \/ 30 Horas \u2013 2 Cr\u00e9ditos<\/li>\n\n\n\n<li>Est\u00e1gio em Doc\u00eancia na Gradua\u00e7\u00e3o II \/ 30 Horas \u2013 2 Cr\u00e9ditos<\/li>\n\n\n\n<li>Instrumentos de Avalia\u00e7\u00e3o em Reabilita\u00e7\u00e3o \/ 60 Horas \u2013 4 Cr\u00e9ditos<\/li>\n\n\n\n<li>Pesquisa Cl\u00ednica em Reabilita\u00e7\u00e3o \/ 60 Horas \u2013 4 Cr\u00e9ditos<\/li>\n\n\n\n<li>Ferramentas Essenciais para a Forma\u00e7\u00e3o do Pesquisador \/ 60 Horas \u2013 4 Cr\u00e9ditos<\/li>\n<\/ul>\n\n\n\n<p>Optativas<\/p>\n\n\n\n<ul class=\"wp-block-list\">\n<li>Abordagens Qualitativas de Pesquisa em Sa\u00fade \/ 30 Horas \u2013 2 Cr\u00e9ditos<\/li>\n\n\n\n<li>Atividade F\u00edsica e Envelhecimento \/ 60 Horas \u2013 4 Cr\u00e9ditos<\/li>\n\n\n\n<li>Atividades Complementares I \/ 15 Horas \u2013 1 Cr\u00e9dito<\/li>\n\n\n\n<li>Atividades Complementares II \/ 15 Horas \u2013 1 Cr\u00e9dito<\/li>\n\n\n\n<li>Atividades Complementares III \/ 30 Horas \u2013 2 Cr\u00e9ditos<\/li>\n\n\n\n<li>Atividades Complementares IV \/ 15 Horas \u2013 1 Cr\u00e9dito<\/li>\n\n\n\n<li>Atividades Complementares V \/ 30 Horas \u2013 2 Cr\u00e9ditos<\/li>\n\n\n\n<li>Atividades Complementares VI \/ 15 Horas \u2013 1 Cr\u00e9dito<\/li>\n\n\n\n<li>Bioengenharia de Tecidos \/ 30 Horas \u2013 2 Cr\u00e9ditos<\/li>\n\n\n\n<li>Biologia Molecular Aplicada ao Sistema Cardiorrespirat\u00f3rio e Osteomuscular \/ 30 Horas \u2013 2 Cr\u00e9ditos<\/li>\n\n\n\n<li>Equil\u00edbrio Humano e Seus Dist\u00farbios \/ 45 Horas \u2013 3 Cr\u00e9ditos<\/li>\n\n\n\n<li>Est\u00e1gio em Doc\u00eancia na Gradua\u00e7\u00e3o I \/ 30 Horas \u2013 2 Cr\u00e9ditos<\/li>\n\n\n\n<li>Exerc\u00edcio F\u00edsico e Sua Aplica\u00e7\u00e3o na Reabilita\u00e7\u00e3o \/ 45 Horas \u2013 3 Cr\u00e9ditos<\/li>\n\n\n\n<li>Processamento de Sinais Biol\u00f3gicos Aplicado \u00e0 Biodin\u00e2mica \/ 60 Horas \u2013 4 Cr\u00e9ditos<\/li>\n\n\n\n<li>Reda\u00e7\u00e3o de Artigo Cient\u00edfico \/ 30 Horas \u2013 2 Cr\u00e9ditos<\/li>\n\n\n\n<li>T\u00f3picos Avan\u00e7ados e Evid\u00eancias em Eletrotermofototerapia \/ 30 Horas \u2013 2 Cr\u00e9ditos<\/li>\n\n\n\n<li>T\u00f3picos Avan\u00e7ados em Fisiologia do Exerc\u00edcio F\u00edsico \/ 30 Horas \u2013 2 Cr\u00e9ditos<\/li>\n\n\n\n<li>T\u00f3picos Avan\u00e7ados em Fisioterapia Neurofuncional e Neuroci\u00eancias \/ 30 Horas \u2013 2 Cr\u00e9ditos<\/li>\n\n\n\n<li>T\u00f3picos Avan\u00e7ados em Instrumentos de Medida em Reabilita\u00e7\u00e3o \/ 30 Horas \u2013 2 Cr\u00e9ditos<\/li>\n\n\n\n<li>T\u00f3picos Especiais em Ci\u00eancias da Reabilita\u00e7\u00e3o \u2013 cr\u00e9ditos vari\u00e1veis<\/li>\n<\/ul>\n\n\n\n<p><\/p>\n\n\n\n<h2 class=\"wp-block-heading\"><strong>Corpo Docente<\/strong> <\/h2>\n\n\n\n<p><strong>Universidade Estadual de Londrina<\/strong><\/p>\n\n\n\n<p>Prof. Dr. Prof. Dr. Bruno Fles Mazuquin &#8211; Linha de Pesquisa 2 &#8211; <a href=\"http:\/\/lattes.cnpq.br\/4214666113439350\">http:\/\/lattes.cnpq.br\/4214666113439350<\/a><\/p>\n\n\n\n<p>Profa. Dra. Christiane de Souza Guerino Macedo &#8211; Linha de Pesquisa 2 e 3 &#8211;&nbsp; <a href=\"http:\/\/lattes.cnpq.br\/6538460547435169\">http:\/\/lattes.cnpq.br\/6538460547435169<\/a><\/p>\n\n\n\n<p>Prof. Dr. Den\u00edlson de Castro Teixeira &#8211; Linha de Pesquisa 3-&nbsp; <a href=\"http:\/\/lattes.cnpq.br\/8134763463354265\">http:\/\/lattes.cnpq.br\/8134763463354265<\/a><\/p>\n\n\n\n<p>Prof. Dr. Fabio de Oliveira Pitta &#8211; Linha de Pesquisa 1 &#8211; <a href=\"http:\/\/lattes.cnpq.br\/5140029926897824\">http:\/\/lattes.cnpq.br\/5140029926897824<\/a><\/p>\n\n\n\n<p>Prof. Dr. Felipe Arruda Moura &#8211; Linha de Pesquisa 2 &#8211; <a href=\"http:\/\/lattes.cnpq.br\/3281585283454985\">http:\/\/lattes.cnpq.br\/3281585283454985<\/a><\/p>\n\n\n\n<p>Prof. Dr. Jefferson Rosa Cardoso &#8211; Linha de Pesquisa 2&nbsp; &#8211; <a href=\"http:\/\/lattes.cnpq.br\/2396235759654466\">http:\/\/lattes.cnpq.br\/2396235759654466<\/a><\/p>\n\n\n\n<p>Profa. Dra. Josiane Marques Felcar &#8211; Linha de Pesquisa 1 &#8211; <a href=\"http:\/\/lattes.cnpq.br\/4280023752430132\">http:\/\/lattes.cnpq.br\/4280023752430132<\/a><\/p>\n\n\n\n<p>Profa. Dra. Suhaila Mahmoud Smaili Santos &#8211; Linha de Pesquisa 2 &#8211; <a href=\"http:\/\/lattes.cnpq.br\/0978647563169137\">http:\/\/lattes.cnpq.br\/0978647563169137<\/a><\/p>\n\n\n\n<p>Profa. Dra. Vanessa Suziane Probst &#8211; Linha de Pesquisa 1 e 3 &#8211; <a href=\"http:\/\/lattes.cnpq.br\/2308564998895268\">http:\/\/lattes.cnpq.br\/2308564998895268<\/a><\/p>\n\n\n\n<p><\/p>\n\n\n\n<p><strong>UNOPAR\/PITAGORAS\/ANHANGUERA<\/strong><\/p>\n\n\n\n<p>Prof. Dr. Andreo Fernando Aguiar &#8211; Linha de Pesquisa 2 e 3 &#8211; <a href=\"http:\/\/lattes.cnpq.br\/0004657477950633\">http:\/\/lattes.cnpq.br\/0004657477950633<\/a><\/p>\n\n\n\n<p>Prof. Dr. Carlos Augusto Mar\u00e7al Camillo &#8211; Linha de Pesquisa 1 &#8211; <a href=\"http:\/\/lattes.cnpq.br\/3911810968673530\">http:\/\/lattes.cnpq.br\/3911810968673530<\/a><\/p>\n\n\n\n<p>Prof. Dr. Juliano Casonatto &#8211; Linha de Pesquisa 3 &#8211; <a href=\"http:\/\/lattes.cnpq.br\/1588384106023102\">http:\/\/lattes.cnpq.br\/1588384106023102<\/a><\/p>\n\n\n\n<p>Profa. Dra. Karina Couto Furlanetto &#8211; Linha de Pesquisa 1 &#8211; <a href=\"http:\/\/lattes.cnpq.br\/8171303953664644\">http:\/\/lattes.cnpq.br\/8171303953664644<\/a><\/p>\n\n\n\n<p>Prof. Dr. Leandro Cruz Mantoani &#8211; Linha de Pesquisa 1 &#8211; <a href=\"http:\/\/lattes.cnpq.br\/1030877168235586\">http:\/\/lattes.cnpq.br\/1030877168235586<\/a><\/p>\n\n\n\n<p>Profa. Dra. Luciana Prado Maia Andraus &#8211; Linha de Pesquisa 3 &#8211; <a href=\"http:\/\/lattes.cnpq.br\/5879261569870153\">http:\/\/lattes.cnpq.br\/5879261569870153<\/a><\/p>\n\n\n\n<p>Prof. Dr. M\u00e1rcio Rog\u00e9rio de Oliveira &#8211; Linha de Pesquisa 2 &#8211; <a href=\"http:\/\/lattes.cnpq.br\/9740232526879516\">http:\/\/lattes.cnpq.br\/9740232526879516<\/a><\/p>\n\n\n\n<p>Profa. Dra. Regina C\u00e9lia Poli Frederico &#8211; Linha de Pesquisa 3 &#8211; <a href=\"http:\/\/lattes.cnpq.br\/7557242325549662\">http:\/\/lattes.cnpq.br\/7557242325549662<\/a><\/p>\n\n\n\n<p>Prof. Dr. Rodrigo Antonio Carvalho Andraus &#8211; Linha de Pesquisa 2 e 3 &#8211; <a href=\"http:\/\/lattes.cnpq.br\/6363852350691760\">http:\/\/lattes.cnpq.br\/6363852350691760<\/a><\/p>\n\n\n\n<p><\/p>\n\n\n\n<p><\/p>\n\n\n\n<h2 class=\"wp-block-heading\">DOCUMENTOS DO PROGRAMA<\/h2>\n\n\n\n<p>Chamada para o Programa Institucional de Doutorado Sandu\u00edche no Exterior (PDSE) &#8211; 2023.  <\/p>\n\n\n\n<div class=\"wp-block-file\"><a id=\"wp-block-file--media-326b15cd-4162-4a0e-a6a9-367bd238174a\" href=\"https:\/\/departamentos.uel.br\/fisioterapia\/wp-content\/uploads\/2023\/11\/edital_doutorado_sanduiche-uel-unopar.pdf\">edital_doutorado_sanduiche-uel-unopar<\/a><a href=\"https:\/\/departamentos.uel.br\/fisioterapia\/wp-content\/uploads\/2023\/11\/edital_doutorado_sanduiche-uel-unopar.pdf\" class=\"wp-block-file__button wp-element-button\" download aria-describedby=\"wp-block-file--media-326b15cd-4162-4a0e-a6a9-367bd238174a\">Baixar<\/a><\/div>\n\n\n\n<p><\/p>\n\n\n\n<p>Normas para composi\u00e7\u00e3o das bancas de Qualifica\u00e7\u00e3o e Defesa no Programa Associado em Ciencias da Reabilita\u00e7\u00e3o UEL\/UNOPAR<\/p>\n\n\n\n<div class=\"wp-block-file\"><a id=\"wp-block-file--media-c34f4811-1b5a-4f4d-b733-494dbda6cd4d\" href=\"https:\/\/departamentos.uel.br\/fisioterapia\/wp-content\/uploads\/2023\/10\/Deliberacao_Membros-da-Banca-Q-e-D_28_09_2023.pdf\">Deliberacao_Membros-da-Banca-Q-e-D_28_09_2023<\/a><a href=\"https:\/\/departamentos.uel.br\/fisioterapia\/wp-content\/uploads\/2023\/10\/Deliberacao_Membros-da-Banca-Q-e-D_28_09_2023.pdf\" class=\"wp-block-file__button wp-element-button\" download aria-describedby=\"wp-block-file--media-c34f4811-1b5a-4f4d-b733-494dbda6cd4d\">Baixar<\/a><\/div>\n\n\n\n<p>Deliberacao_instrucoes_auxilio_financeiro_congressos <\/p>\n\n\n\n<div class=\"wp-block-file\"><a id=\"wp-block-file--media-a1a6de45-d158-44f5-b900-3c82dcf1c61e\" href=\"https:\/\/departamentos.uel.br\/fisioterapia\/wp-content\/uploads\/2023\/11\/deliberacao_instrucoes_auxilio_financeiro_congressos.pdf\">deliberacao_instrucoes_auxilio_financeiro_congressos<\/a><a href=\"https:\/\/departamentos.uel.br\/fisioterapia\/wp-content\/uploads\/2023\/11\/deliberacao_instrucoes_auxilio_financeiro_congressos.pdf\" class=\"wp-block-file__button wp-element-button\" download aria-describedby=\"wp-block-file--media-a1a6de45-d158-44f5-b900-3c82dcf1c61e\">Baixar<\/a><\/div>\n\n\n\n<p>Datas de reuni\u00f5es Comiss\u00e3o Coordenadora &#8211; 2 semestre 2023. <\/p>\n\n\n\n<figure class=\"wp-block-image size-full is-resized\"><img loading=\"lazy\" decoding=\"async\" width=\"651\" height=\"255\" src=\"https:\/\/departamentos.uel.br\/fisioterapia\/wp-content\/uploads\/2023\/09\/datas-reunioes-2-semestre.jpg\" alt=\"\" class=\"wp-image-523\" style=\"width:1035px;height:255px\" srcset=\"https:\/\/departamentos.uel.br\/fisioterapia\/wp-content\/uploads\/2023\/09\/datas-reunioes-2-semestre.jpg 651w, https:\/\/departamentos.uel.br\/fisioterapia\/wp-content\/uploads\/2023\/09\/datas-reunioes-2-semestre-300x118.jpg 300w\" sizes=\"auto, (max-width: 651px) 100vw, 651px\" \/><\/figure>\n\n\n\n<p><\/p>\n\n\n\n<p><\/p>\n\n\n\n<p><\/p>\n\n\n\n<p>Disciplinas desenvolvidas no 2 semestre de 2023.<\/p>\n\n\n\n<div class=\"wp-block-file\"><a id=\"wp-block-file--media-8f1a5a7d-833a-4a1b-bad5-92ed9902892e\" href=\"https:\/\/departamentos.uel.br\/fisioterapia\/wp-content\/uploads\/2023\/07\/Disciplinas-Mestrado-e-Doutorado-em-Ciencias-da-Reabilitacao_2-sem-2023-DEFINITIVO_.docx\">Disciplinas-Mestrado-e-Doutorado-em-Ciencias-da-Reabilitacao_2-sem-2023-DEFINITIVO_<\/a><a href=\"https:\/\/departamentos.uel.br\/fisioterapia\/wp-content\/uploads\/2023\/07\/Disciplinas-Mestrado-e-Doutorado-em-Ciencias-da-Reabilitacao_2-sem-2023-DEFINITIVO_.docx\" class=\"wp-block-file__button wp-element-button\" download aria-describedby=\"wp-block-file--media-8f1a5a7d-833a-4a1b-bad5-92ed9902892e\">Baixar<\/a><\/div>\n\n\n\n<p>Regimento do Programa Associado em Ciencias da Reabilita\u00e7\u00e3o <\/p>\n\n\n\n<div class=\"wp-block-file\"><a id=\"wp-block-file--media-0cc3a1c9-57e0-4ee6-a277-51f453ae9ab7\" href=\"https:\/\/departamentos.uel.br\/fisioterapia\/wp-content\/uploads\/2023\/07\/2020-regimento-ciencias-reabilitacao-uel-unopar-1.pdf\">2020-regimento-ciencias-reabilitacao-uel-unopar-1<\/a><a href=\"https:\/\/departamentos.uel.br\/fisioterapia\/wp-content\/uploads\/2023\/07\/2020-regimento-ciencias-reabilitacao-uel-unopar-1.pdf\" class=\"wp-block-file__button wp-element-button\" download aria-describedby=\"wp-block-file--media-0cc3a1c9-57e0-4ee6-a277-51f453ae9ab7\">Baixar<\/a><\/div>\n\n\n\n<p>formulario_para_elaboracao_de_projeto<\/p>\n\n\n\n<div class=\"wp-block-file\"><a id=\"wp-block-file--media-26f36a98-3762-406d-b050-07eb4782267d\" href=\"https:\/\/departamentos.uel.br\/fisioterapia\/wp-content\/uploads\/2023\/11\/formulario_para_elaboracao_de_projeto.doc\">formulario_para_elaboracao_de_projeto<\/a><a href=\"https:\/\/departamentos.uel.br\/fisioterapia\/wp-content\/uploads\/2023\/11\/formulario_para_elaboracao_de_projeto.doc\" class=\"wp-block-file__button wp-element-button\" download aria-describedby=\"wp-block-file--media-26f36a98-3762-406d-b050-07eb4782267d\">Baixar<\/a><\/div>\n\n\n\n<p>orientacoes_defesa_para_alunos_uel<\/p>\n\n\n\n<div class=\"wp-block-file\"><a id=\"wp-block-file--media-65fdfe1e-1deb-4fe1-9aca-9854f152e839\" href=\"https:\/\/departamentos.uel.br\/fisioterapia\/wp-content\/uploads\/2023\/11\/orientacoes_defesa_para_alunos_uel.pdf\">orientacoes_defesa_para_alunos_uel<\/a><a href=\"https:\/\/departamentos.uel.br\/fisioterapia\/wp-content\/uploads\/2023\/11\/orientacoes_defesa_para_alunos_uel.pdf\" class=\"wp-block-file__button wp-element-button\" download aria-describedby=\"wp-block-file--media-65fdfe1e-1deb-4fe1-9aca-9854f152e839\">Baixar<\/a><\/div>\n\n\n\n<p>formato-da-dissertacao-estrutura-oficial-uel<\/p>\n\n\n\n<div class=\"wp-block-file\"><a id=\"wp-block-file--media-ca6286f5-64f8-4cbc-983e-b75487ef3056\" href=\"https:\/\/departamentos.uel.br\/fisioterapia\/wp-content\/uploads\/2023\/11\/formato-da-dissertacao-estrutura-oficial-uel.doc\">formato-da-dissertacao-estrutura-oficial-uel<\/a><a href=\"https:\/\/departamentos.uel.br\/fisioterapia\/wp-content\/uploads\/2023\/11\/formato-da-dissertacao-estrutura-oficial-uel.doc\" class=\"wp-block-file__button wp-element-button\" download aria-describedby=\"wp-block-file--media-ca6286f5-64f8-4cbc-983e-b75487ef3056\">Baixar<\/a><\/div>\n\n\n\n<p>modelo_versao_final_dissertacao_tese_unopar<\/p>\n\n\n\n<div class=\"wp-block-file\"><a id=\"wp-block-file--media-86469c73-ea1a-4eed-8243-302da4113414\" href=\"https:\/\/departamentos.uel.br\/fisioterapia\/wp-content\/uploads\/2023\/11\/modelo_versao_final_dissertacao_tese_unopar.docx\">modelo_versao_final_dissertacao_tese_unopar<\/a><a href=\"https:\/\/departamentos.uel.br\/fisioterapia\/wp-content\/uploads\/2023\/11\/modelo_versao_final_dissertacao_tese_unopar.docx\" class=\"wp-block-file__button wp-element-button\" download aria-describedby=\"wp-block-file--media-86469c73-ea1a-4eed-8243-302da4113414\">Baixar<\/a><\/div>\n\n\n\n<p>modelo_versaofinal_unopar_paginas_pre-textuais<\/p>\n\n\n\n<div class=\"wp-block-file\"><a id=\"wp-block-file--media-38645d25-fba2-47a8-b27d-af14496f066b\" href=\"https:\/\/departamentos.uel.br\/fisioterapia\/wp-content\/uploads\/2023\/11\/modelo_versaofinal_unopar_paginas_pre-textuais.docx\">modelo_versaofinal_unopar_paginas_pre-textuais<\/a><a href=\"https:\/\/departamentos.uel.br\/fisioterapia\/wp-content\/uploads\/2023\/11\/modelo_versaofinal_unopar_paginas_pre-textuais.docx\" class=\"wp-block-file__button wp-element-button\" download aria-describedby=\"wp-block-file--media-38645d25-fba2-47a8-b27d-af14496f066b\">Baixar<\/a><\/div>\n","protected":false},"excerpt":{"rendered":"<p>Programa Associado Universidade Estadual de Londrina e Universidade Pit\u00e1goras Unopar Anhanguera (UNOPAR). Apresenta\u00e7\u00e3o O Programa de P\u00f3s-Gradua\u00e7\u00e3o&nbsp;Stricto Sensu&nbsp;em Ci\u00eancias da Reabilita\u00e7\u00e3o tem por finalidade conduzir \u00e0 obten\u00e7\u00e3o do t\u00edtulo acad\u00eamico de Mestre ou Doutor oferecido em conjunto pela Universidade Estadual de Londrina (UEL) e Universidade Pit\u00e1goras Unopar Anhanguera (UNOPAR). Objetivos do Programa Promover a qualifica\u00e7\u00e3o [&hellip;]<\/p>\n","protected":false},"author":6,"featured_media":0,"parent":0,"menu_order":0,"comment_status":"closed","ping_status":"closed","template":"","meta":{"_acf_changed":false,"_themeisle_gutenberg_block_has_review":false,"footnotes":""},"class_list":["post-488","page","type-page","status-publish","hentry"],"acf":[],"_links":{"self":[{"href":"https:\/\/departamentos.uel.br\/fisioterapia\/wp-json\/wp\/v2\/pages\/488","targetHints":{"allow":["GET"]}}],"collection":[{"href":"https:\/\/departamentos.uel.br\/fisioterapia\/wp-json\/wp\/v2\/pages"}],"about":[{"href":"https:\/\/departamentos.uel.br\/fisioterapia\/wp-json\/wp\/v2\/types\/page"}],"author":[{"embeddable":true,"href":"https:\/\/departamentos.uel.br\/fisioterapia\/wp-json\/wp\/v2\/users\/6"}],"replies":[{"embeddable":true,"href":"https:\/\/departamentos.uel.br\/fisioterapia\/wp-json\/wp\/v2\/comments?post=488"}],"version-history":[{"count":20,"href":"https:\/\/departamentos.uel.br\/fisioterapia\/wp-json\/wp\/v2\/pages\/488\/revisions"}],"predecessor-version":[{"id":589,"href":"https:\/\/departamentos.uel.br\/fisioterapia\/wp-json\/wp\/v2\/pages\/488\/revisions\/589"}],"wp:attachment":[{"href":"https:\/\/departamentos.uel.br\/fisioterapia\/wp-json\/wp\/v2\/media?parent=488"}],"curies":[{"name":"wp","href":"https:\/\/api.w.org\/{rel}","templated":true}]}}