{"id":92,"date":"2024-11-10T18:12:16","date_gmt":"2024-11-10T21:12:16","guid":{"rendered":"https:\/\/departamentos.uel.br\/filosofia\/?page_id=92"},"modified":"2024-11-10T19:03:57","modified_gmt":"2024-11-10T22:03:57","slug":"livros","status":"publish","type":"page","link":"https:\/\/departamentos.uel.br\/filosofia\/livros\/","title":{"rendered":"Livros"},"content":{"rendered":"\n<div id=\"wp-block-themeisle-blocks-accordion-0adb74f5\" class=\"wp-block-themeisle-blocks-accordion exclusive\">\n<details class=\"wp-block-themeisle-blocks-accordion-item\"><summary class=\"wp-block-themeisle-blocks-accordion-item__title\"><div><strong>2019<\/strong><\/div><\/summary><div class=\"wp-block-themeisle-blocks-accordion-item__content\">\n<p><a href=\"http:\/\/lattes.cnpq.br\/3669708162158185\"><strong>ALBERTUNI, C. A.<\/strong><\/a>; CARVALHO, A. M. T. (Org.) ; OLIVEIRA, S. F. (Org.) ; BUENO, E. A. S. (Org.) . Pibid -UEL: viv\u00eancias e impactos na forma\u00e7\u00e3o de professores. 1. ed. LONDRINA: UEL, 2019.<\/p>\n\n\n\n<p><a href=\"http:\/\/lattes.cnpq.br\/1091402079716643\"><strong>ESP\u00cdNDOLA, ARLEI DE<\/strong><\/a>. Rousseau &#8211; Iluminista \u00e0s avessas. 1. ed. Campinas\/SP: Editora PHI, 2019. v. 1. 224p .<\/p>\n\n\n\n<p><a href=\"http:\/\/lattes.cnpq.br\/7220512713960300\"><strong>FELDHAUS, C.<\/strong><\/a>. Versos \u00e0 lira. 1. ed. Londrina: Madrep\u00e9rola, 2019. v. 1. 112p .<\/p>\n\n\n\n<p><a href=\"http:\/\/lattes.cnpq.br\/7220512713960300\"><strong>FELDHAUS, C.<\/strong><\/a>; <a href=\"http:\/\/lattes.cnpq.br\/7826882124566360\">DUTRA, D. J. V.<\/a> ; FAGGION, A. ; SCHERER, F. ; Dutra, Camila. ; NETO, A. P. . Anais VI Simp\u00f3sio do N\u00facleo de Filosofia Kantiana Contempor\u00e2nea &amp; III Col\u00f3quio Teorias da Justi\u00e7a: Kantismo e Direito Internacional. Guarapuava: Apolodoro Virtual Edi\u00e7\u00f5es, 2020 (Organiza\u00e7\u00e3o de Anais de Eventos).<\/p>\n\n\n\n<p><a href=\"http:\/\/lattes.cnpq.br\/7220512713960300\"><strong>FELDHAUS, C.<\/strong><\/a>; BUENO, L. B. S. ; BECARI, M. D. ; OLIVIERI, P. F. ; MARTINS, V. D. . Anais da II Semana Acad\u00eamica de Filosofia: Educa\u00e7\u00e3o e Pol\u00edtica.. Londrina: UEL, 2019 (Organiza\u00e7\u00e3o de Anais de Eventos).<\/p>\n\n\n\n<p><a href=\"http:\/\/lattes.cnpq.br\/3498579574389108\"><strong>M\u00dcLLER, M. C.<\/strong><\/a>; VIESENTEINER, J. L. (Org.) ; Alves, R. R. (Org.) . Filosofia Pol\u00edtica Contempor\u00e2nea. 1. ed. S\u00e3o Paulo: ANPOF, 2019. v. 1. 152p .<\/p>\n\n\n\n<p><a href=\"http:\/\/lattes.cnpq.br\/4855691401899555\"><strong>PAV\u00c3O, A. A. C.<\/strong><\/a>. Mal moral e responsabilidade em Agostinho e Kant: breves considera\u00e7\u00f5es sobre algumas diverg\u00eancias cruciais. In: Andr\u00e9 da Silva; Jos\u00e9 Joaquim Pereira Melo. (Org.). Agostinho em di\u00e1logo: filosofia, teologia, hist\u00f3ria e educa\u00e7\u00e3o. 1ed.S\u00e3o Paulo: Fonte editorial, 2019, v. , p. 95-108.<\/p>\n\n\n\n<p><br><a href=\"http:\/\/lattes.cnpq.br\/0907024846171506\"><strong>SANTOS, E. S.<\/strong><\/a>. Path of Science of Man in Heidegger. 01. ed. Nordhausen, Alemanha: Traugott Bautz, 2019. v. 01. 153p .<\/p>\n<\/div><\/details>\n<\/div>\n\n\n\n<div id=\"wp-block-themeisle-blocks-accordion-e02c1871\" class=\"wp-block-themeisle-blocks-accordion exclusive\">\n<details class=\"wp-block-themeisle-blocks-accordion-item\"><summary class=\"wp-block-themeisle-blocks-accordion-item__title\"><div><strong>2018<\/strong><\/div><\/summary><div class=\"wp-block-themeisle-blocks-accordion-item__content\">\n<p><strong><a href=\"http:\/\/lattes.cnpq.br\/6362687483868182\" target=\"_blank\" rel=\"noreferrer noopener\">BANNWART J\u00daNIOR, C. J.<\/a><\/strong>; LIMA, G. ; NUNES, L. ; SEEHABER, L. C. ; NICOLAU, A. A. .&nbsp;A Pedagogia da Responsabilidade Integral e a BNCC. 1. ed. LOndrina\/PR: Editora Thoth, 2018. v. 130. 78p .<\/p>\n\n\n\n<p><strong><a href=\"http:\/\/lattes.cnpq.br\/6362687483868182\" target=\"_blank\" rel=\"noreferrer noopener\">BANNWART J\u00daNIOR, C. J.<\/a><\/strong>; LENZA, P. . OAB Esquematizado. Primeira Fase. Volume \u00danico. 3a. ed. S\u00e3o Paulo: Editora Saraiva, 2018. v. 15000. 1185p .<\/p>\n\n\n\n<p><strong><a href=\"http:\/\/lattes.cnpq.br\/6362687483868182\" target=\"_blank\" rel=\"noreferrer noopener\">BANNWART J\u00daNIOR, C. J.<\/a><\/strong>; FUGA, B. A. S. (Org.) . Filosofia do Direito. 2a. ed. Londrina\/PR: Editora Thoth, 2018. v. 1.&nbsp;410p .<\/p>\n\n\n\n<p><strong><a href=\"http:\/\/lattes.cnpq.br\/7220512713960300\" target=\"_blank\" rel=\"noreferrer noopener\">FELDHAUS, C.<\/a>&nbsp;<\/strong>FAGGION, A. (Org.) ;&nbsp;<a href=\"http:\/\/lattes.cnpq.br\/7826882124566360\" target=\"_blank\" rel=\"noreferrer noopener\">DUTRA, D. J. V.<\/a>&nbsp;(Org.) ; NETO, A. P.&nbsp;(Org.)&nbsp;. Temas em teoria da justi\u00e7a II. 1. ed. Guarapuava: Apolodoro Edi\u00e7\u00f5es Virtuais, 2018. v. 1. 242p&nbsp;<\/p>\n\n\n\n<p><strong><a href=\"http:\/\/lattes.cnpq.br\/3498579574389108\" target=\"_blank\" rel=\"noreferrer noopener\">M\u00dcLLER, M. C.<\/a><\/strong>; TURATTO, A. C. T.&nbsp;(Org.)&nbsp;. Anais do III Encontro Nacional de Filosofia Pol\u00edtica Contempor\u00e2nea e VIII Ciclo Hannah Arendt: a crise da democracia e do estado de direito.. 1. ed. Londrina: UEL, 2018. v. 1. 371p .<\/p>\n\n\n\n<p><strong><a href=\"http:\/\/lattes.cnpq.br\/5902984001238553\" target=\"_blank\" rel=\"noreferrer noopener\">NALLI, Marcos<\/a><\/strong>; MANSANO, Sonia Regina Vargas (Org.) . Diagn\u00f3sticos do Presente. 1. ed. Maring\u00e1: UDUEM, 2018. v. 1. 208p .<\/p>\n<\/div><\/details>\n<\/div>\n\n\n\n<div id=\"wp-block-themeisle-blocks-accordion-6e469491\" class=\"wp-block-themeisle-blocks-accordion exclusive\">\n<details class=\"wp-block-themeisle-blocks-accordion-item\"><summary class=\"wp-block-themeisle-blocks-accordion-item__title\"><div><strong>2017<\/strong><\/div><\/summary><div class=\"wp-block-themeisle-blocks-accordion-item__content\">\n<p>&nbsp;CACHEL, A. (Org.) ; FAGGION, A. (Org.) ;&nbsp;<strong><a href=\"http:\/\/lattes.cnpq.br\/7220512713960300\" target=\"_blank\" rel=\"noreferrer noopener\">FELDHAUS, C.<\/a><\/strong><strong>&nbsp;<\/strong>(Org.) ; SCHERER, F. (Org.) . Temas em Teoria da Justi\u00e7a 1. 1. ed. Guarapuava: Apolodoro Virtual Edi\u00e7\u00f5es, 2017. v. 1. 265p .<\/p>\n\n\n\n<p><strong><a href=\"http:\/\/lattes.cnpq.br\/7220512713960300\" target=\"_blank\" rel=\"noreferrer noopener\">FELDHAUS, C.<\/a><\/strong>; SCHERER, F. (Org.) ; Cachel, A. (Org.) ; UTTEICH, L. C. (Org.) . Temas de filosofia moderna e contempor\u00e2nea. 1. ed. Guarapuava: Apolodoro Virtual Edi\u00e7\u00f5es, 2017. v. 1. 224p .<strong><\/strong><\/p>\n\n\n\n<p><strong><a href=\"http:\/\/lattes.cnpq.br\/3498579574389108\" target=\"_blank\" rel=\"noreferrer noopener\">M\u00dcLLER, M. C.<\/a><\/strong>; TURATTO, A. C. T. (Org.) . Anais do VII Ciclo Hannah Arendt ? Corrup\u00e7\u00e3o: aus\u00eancia de pensamento ou pensamento corrompido. 1. ed. Londrina: Universidade Estadual de Londrina, 2017. v. 1. 150p .<strong><\/strong><a href=\"http:\/\/lattes.cnpq.br\/7220512713960300\" target=\"_blank\" rel=\"noreferrer noopener\"><\/a><\/p>\n\n\n\n<p>RABELO, Rodrigo. A arte na filosofia madura&nbsp; de Nietzsche. 2a ed., revista e ampliada. Londrina, PR: EDUEL, 2017. 444 pp..<strong>&nbsp;<\/strong><\/p>\n\n\n\n<p>SILVA, A. C. (Org.) ; NASCIMENTO, D. A. (Org.) ;&nbsp;<a href=\"http:\/\/lattes.cnpq.br\/3498579574389108\" target=\"_blank\" rel=\"noreferrer noopener\">M\u00dcLLER, M. C.<\/a><strong>&nbsp;<\/strong>(Org.) . Filosofia Pol\u00edtica Contempor\u00e2nea.. 1. ed. S\u00e3o Paulo: ANPOF, 2017. v. 1. 330p .<strong><\/strong><\/p>\n\n\n\n<p><strong><a href=\"http:\/\/lattes.cnpq.br\/3498579574389108\" target=\"_blank\" rel=\"noreferrer noopener\">M\u00dcLLER, M. C.<\/a><\/strong>. Espa\u00e7o da apar\u00eancia: a preserva\u00e7\u00e3o do mundo comum. In: Correia, A.; Nascimento, D.; M\u00fcller, M. C.. (Org.). Filosofia Pol\u00edtica Contempor\u00e2nea.. 1ed.S\u00e3o Paulo: ANPOF, 2017, v. 1, p. 27-38.<\/p>\n<\/div><\/details>\n<\/div>\n\n\n\n<div id=\"wp-block-themeisle-blocks-accordion-b16f7caf\" class=\"wp-block-themeisle-blocks-accordion exclusive\">\n<details class=\"wp-block-themeisle-blocks-accordion-item\"><summary class=\"wp-block-themeisle-blocks-accordion-item__title\"><div><strong>2016<\/strong><\/div><\/summary><div class=\"wp-block-themeisle-blocks-accordion-item__content\">\n<p>&nbsp;CAMPOS, M. C. (Org.) ; ARAUJO, A. L. (Org.) ; LIMA, A. M. S. (Org.) ; ALBERTUNI, C. A. (Org.) ; VEIGA, L. A. (Org.) ; ALEGRO, R. C. (Org.) ; COCA, E. L. F. (Org.) ; XAVIER, M. E. S. (Org.) ;&nbsp;<strong><a href=\"http:\/\/lattes.cnpq.br\/7030348946820819\" target=\"_blank\" rel=\"noreferrer noopener\">GRISOTTO, A.<\/a>&nbsp;<\/strong>(Org.) . Representa\u00e7\u00f5es sociais dos jovens talentos das ci\u00eancias humanas das escolas do campo de Londrina. 1. ed. Londrina &#8211; PR: Projeto Novos Talentos Ci\u00eancias Humanas UEL, 2016. v. &#8216;. 254p .<\/p>\n\n\n\n<p><strong><a href=\"http:\/\/lattes.cnpq.br\/3498579574389108\" target=\"_blank\" rel=\"noreferrer noopener\">M\u00dcLLER, M. C.<\/a><\/strong>. Anais do VI Encontro de Egressos e Estudantes de Filosofia da UEL VI Ciclo Hannah Arendt &#8211; Brasil\/Venezuela &#8211; e I Jornada sobre Ensino Filosofia. 1. ed. Londrina: UEL, 2016. v. 1. 350p .<\/p>\n<\/div><\/details>\n<\/div>\n\n\n\n<div id=\"wp-block-themeisle-blocks-accordion-49c0c6c2\" class=\"wp-block-themeisle-blocks-accordion exclusive\">\n<details class=\"wp-block-themeisle-blocks-accordion-item\"><summary class=\"wp-block-themeisle-blocks-accordion-item__title\"><div><strong>2015<\/strong><\/div><\/summary><div class=\"wp-block-themeisle-blocks-accordion-item__content\">\n<p>BANNWART JR, Clodomiro Jos\u00e9 ; CACHICHI, Rog\u00e9rio C. D, ;&nbsp;<strong><a href=\"http:\/\/lattes.cnpq.br\/0720480930303834\" target=\"_blank\" rel=\"noreferrer noopener\">GARCIA, Bianco Zalmora<\/a><\/strong><strong>&nbsp;<\/strong>. Sociologia Jur\u00eddica: de acordo com a Resolu\u00e7\u00e3o 75\/2009 do CNJ indicado para Concursos de Magistratura, Minist\u00e9rio P\u00fablico e Defensoria P\u00fablica. 1. ed. Belo Horizonte: Arraes Editores Ltda., 2015. v. 1. 180p .<\/p>\n\n\n\n<p><strong><a href=\"http:\/\/lattes.cnpq.br\/2043957360326815\" target=\"_blank\" rel=\"noreferrer noopener\">LISTON, G.<\/a><\/strong>. Carnap: L\u00f3gica, Linguagem e Ci\u00eancia. 1. ed. Campinas: PHI, 2015. v. 01. 200p .<\/p>\n\n\n\n<p><strong><a href=\"http:\/\/lattes.cnpq.br\/3498579574389108\" target=\"_blank\" rel=\"noreferrer noopener\">M\u00dcLLER, M. C.<\/a><\/strong>; CARVALHO, M. (Org.) ; NASCIMENTO, D. A. (Org.) ; OLIVEIRA, J. R. (Org.) ; COSTA, P. S. J. (Org.) . Filosofia Pol\u00edtica Contempor\u00e2nea. 1. ed. S\u00e3o Paulo: ANPOF, 2015. v. 1. 699p .<\/p>\n<\/div><\/details>\n<\/div>\n\n\n\n<div id=\"wp-block-themeisle-blocks-accordion-e06d1b43\" class=\"wp-block-themeisle-blocks-accordion exclusive\">\n<details class=\"wp-block-themeisle-blocks-accordion-item\"><summary class=\"wp-block-themeisle-blocks-accordion-item__title\"><div><strong>2014<\/strong><\/div><\/summary><div class=\"wp-block-themeisle-blocks-accordion-item__content\">\n<p><strong>Livros organizados<\/strong><strong><\/strong><\/p>\n\n\n\n<p>ALBERTUNI, C. A.&nbsp;(Org.); LIMA, Angela. M. S. (Org.); SANTOS, A. R. (Org.); ARAUJO, Ang\u00e9lica. L. (Org.).&nbsp;<em>Di\u00e1logos entre as licenciaturas e a educa\u00e7\u00e3o b\u00e1sica: aproxima\u00e7\u00f5es e desafios<\/em>. 1. ed. Londrina: UEL, 2014.<\/p>\n\n\n\n<p>A obra, organizada por onze colaboradores do Programa de Consolida\u00e7\u00e3o das Licenciaturas (Prodoc\u00eancia\/Uel\/2010-2013), traz artigos e relatos das pr\u00e1ticas de ensino, divididos em quatro se\u00e7\u00f5es: a) forma\u00e7\u00e3o de professores e ensino de m\u00fasica na educa\u00e7\u00e3o b\u00e1sica; b) museu e a\u00e7\u00e3o educativa; c) aproxima\u00e7\u00f5es e desafios no ensino de l\u00edngua estrangeira; d) diferentes reflex\u00f5es\/experi\u00eancias no di\u00e1logo licenciatura\/educa\u00e7\u00e3o b\u00e1sica e algumas dissemina\u00e7\u00f5es do Prodoc\u00eancia.<\/p>\n\n\n\n<p>ESPINDOLA, Arlei de\u00a0(Org.); KRYSZCZUN, C. S. (Org.).\u00a0<em>Reflex\u00f5es sobre a pesquisa e o ensino de filosofia na educa\u00e7\u00e3o b\u00e1sica<\/em>. 1\u00aa. ed. Londrina\/PR: Universidade Estadual de Londrina, 2014. 224p.<\/p>\n\n\n\n<p>FELDHAUS, C.&nbsp;(Org.); WEBER, J. F. (Org.); PAV\u00c3O, A. (Org.).&nbsp;<em>Schopenhauer: metaf\u00edsica e moral<\/em>. 1. ed. S\u00e3o Paulo: DWW, 2014. 246p.&nbsp;ISBN: 9788562487286<br>Esta colet\u00e2nea re\u00fane estudos a respeito do pensamento de Schopenhauer com \u00eanfase nos aspectos \u00e9ticos, est\u00e9ticos e metaf\u00edsicos da obra do fil\u00f3sofo alem\u00e3o.<\/p>\n<\/div><\/details>\n<\/div>\n\n\n\n<div id=\"wp-block-themeisle-blocks-accordion-4af9929a\" class=\"wp-block-themeisle-blocks-accordion exclusive\">\n<details class=\"wp-block-themeisle-blocks-accordion-item\"><summary class=\"wp-block-themeisle-blocks-accordion-item__title\"><div><strong>2013<\/strong><\/div><\/summary><div class=\"wp-block-themeisle-blocks-accordion-item__content\">\n<p><strong>Livros autorais<\/strong><\/p>\n\n\n\n<p>RABELO, Rodrigo.&nbsp;<em>A arte na filosofia madura de Nietzsche<\/em>. 1. ed. Londrina-PR: EDUEL, 2013. v. 1. 428p.&nbsp;ISBN 978-85-7216-640-9<\/p>\n\n\n\n<p>O intuito do presente trabalho \u00e9 procurar, na filosofia de Friedrich Nietzsche, resposta \u00e0 seguinte linha de questionamento: por que a arte?, para qu\u00ea, a arte? Ou seja: o que esperar da atividade art\u00edstica, no plano existencial concreto? Qual \u00e9, e\/ ou qual pode, e\/ ou qual deve ser a natureza e a extens\u00e3o do papel da arte na vida humana?<\/p>\n\n\n\n<p>TISKI, S.&nbsp;<em>Urg\u00eancia da moral: A quest\u00e3o da moral em A. Comte e algumas sugest\u00f5es quanto \u00e0 moral contempor\u00e2nea<\/em>. 1. ed. Mar\u00edlia: Poiesis, 2013. 46p.<\/p>\n\n\n\n<p>A hip\u00f3tese\/tese apresentada neste escrito \u00e9 a de que, ao contr\u00e1rio do sil\u00eancio de muitos historiadores da filosofia, a moral sempre esteve presente na vida\/pensamento e obra de A. Comte. \u00c9 o que ser\u00e1 verificado pelo Prof. Tiski. Depois, na seq\u00fc\u00eancia, e utilizando-se de toda a tem\u00e1tica levantada, chegar-se-\u00e1 ao debate contempor\u00e2neo.<\/p>\n\n\n\n<p>TISKI, S.&nbsp;<em>A quest\u00e3o da moral em Augusto Comte<\/em>. 1. ed. Mar\u00edlia: Poiesis, 2013. 236p.<\/p>\n\n\n\n<p>O \u00e2mbito principal deste nosso trabalho \u00e9 antes de tudo o \u00e2mbito da hist\u00f3ria da filosofia, da hist\u00f3ria da filosofia comtiana, da hist\u00f3ria da \u00e9tica ou filosofia moral comtiana. E s\u00f3 secundariamente, indiretamente, o \u00e2mbito da \u00e9tica ou filosofia moral propriamente dita.&nbsp;A nossa tese principal afirma a exist\u00eancia de uma 7\u00aa ci\u00eancia (a moral) na classifica\u00e7\u00e3o das ci\u00eancias de Augusto Comte, contrariamente ao que apresentam a maioria dos historiadores da filosofia comtiana.<\/p>\n\n\n\n<p>TISKI, S.&nbsp;<em>A metaf\u00edsica ou filosofia primeira de Augusto Comte<\/em>. 1. ed. Mar\u00edlia: Poiesis, 2013. 104p.<\/p>\n\n\n\n<p>Neste trabalho S\u00e9rgio Tiski (UEL) procurou cumprir os seguintes passos: Primeiramente contextualizar o problema. A seguir realizou-se uma revis\u00e3o bibliogr\u00e1fica. Em terceiro lugar veio a an\u00e1lise da proposta comtiana de filosofia primeira. Por fim foi apresentada uma atualiza\u00e7\u00e3o do problema nas considera\u00e7\u00f5es finais. Entre as considera\u00e7\u00f5es finais e as refer\u00eancias bibliogr\u00e1ficas o leitor encontrar\u00e1 em forma de ap\u00eandice a tradu\u00e7\u00e3o dos textos comtianos nos quais aparece a express\u00e3o \u201cfilosofia primeira\u201d.<\/p>\n\n\n\n<p><strong><\/strong><strong>&nbsp;<\/strong><strong>Livros organizados<\/strong><strong><\/strong><\/p>\n\n\n\n<p>BANNWART J\u00daNIOR, C. J.&nbsp;(Org.); FERES, M. V. C. (Org.); Kempfer, M. B (Org.).&nbsp;<em>Direito e inova\u00e7\u00e3o: estudos cr\u00edticos sobre Estado, empresa e sociedade<\/em>. 1. ed. Ju\u00edz de Fora\/MG: Editora UFJF, 2013. v. 1. 320p.<\/p>\n\n\n\n<p>BANNWART J\u00daNIOR, C. J.&nbsp;(Org.); OLEA, F. (Org.).&nbsp;<em>Direito Contempor\u00e2neo: perspectivas<\/em>. 1. ed. Curitiba\/PR: CRV, 2013. v. 1. 168p.&nbsp;<\/p>\n\n\n\n<p>FAGGION, Andr\u00e9a&nbsp;(Org.); Beckenkamp, Jo\u00e3osinho (Org.).&nbsp;<em>Temas sem\u00e2nticos em Kant<\/em>. 1. ed. S\u00e3o Paulo: DWW Editorial, 2013. v. 1. 360p.<\/p>\n\n\n\n<p>NALLI, Marcos&nbsp;(Org.); MANSANO, Sonia Regina Vargas (Org.).<em>&nbsp;Michel Foucault em m\u00faltiplas perspectivas<\/em>. 1. ed. Londrina: EDUEL, 2013. v. 1. 216p.<\/p>\n\n\n\n<p>SANTOS, E. S.&nbsp;(Org.); FLORENTINO NETO, A. (Org.).&nbsp;<em>The invevitable dialogue with the eastern world: Heidegger and the east<\/em>.&nbsp;1. ed. Campinas: PHI, 2013. 243p.&nbsp;<\/p>\n\n\n\n<p>TISKI, S.&nbsp;(Org.) ; HENNING, L. M. P. (Org<em>.).&nbsp;<\/em><em>Positivismo, pragmatismo e educa\u00e7\u00e3o<\/em>. 1. ed. Mar\u00edlia: Poiesis, 2013.<\/p>\n\n\n\n<p><strong>Anais<\/strong><\/p>\n\n\n\n<p>M\u00dcLLER, M. C.&nbsp;(Org.).&nbsp;<em>Anais do VII Encontro Hannah Arendt &amp; IV Ciclo Hannah Arendt<\/em>. 1. ed. Londrina: Editora da Universidade Estadual de Londrina, 2013. v. 1. 338p.<\/p>\n\n\n\n<p>PAV\u00c3O, A. A. C.&nbsp;(Org.); FELDHAUS, C. (Org.); WEBER, J. (Org.); FERRAZ, M. C. (Org.).&nbsp;<em>Anais do V Congresso Nacional de Filosofia Contempor\u00e2nea &#8211; Schopenhauer: metaf\u00edsica e moral e VII Congresso Para saber mais Schopenhauer<\/em>. 1\u00aa. ed. Londrina: UEL, 2013.<\/p>\n\n\n\n<p>SANTOS, E. S.; Braga, Carla; SEI, M. B.&nbsp;<em>Anais do II Simp\u00f3sio Winnicott de Londrina: Winnicott na hist\u00f3ria da psican\u00e1lise<\/em>. 01. ed. Londrina: UEL, 2013. v. 01. 190p.<\/p>\n<\/div><\/details>\n<\/div>\n\n\n\n<div id=\"wp-block-themeisle-blocks-accordion-d3a075bd\" class=\"wp-block-themeisle-blocks-accordion exclusive\">\n<details class=\"wp-block-themeisle-blocks-accordion-item\"><summary class=\"wp-block-themeisle-blocks-accordion-item__title\"><div><strong>2012<\/strong><\/div><\/summary><div class=\"wp-block-themeisle-blocks-accordion-item__content\">\n<p><strong>Livros autorais<\/strong><strong><\/strong><\/p>\n\n\n\n<p>FELDHAUS, C.; DUTRA, D. J. V.&nbsp;<em>Habermas e Interlocu\u00e7\u00f5es<\/em>. 1. ed. S\u00e3o Paulo: DWW, 2012. v. 1. 326p.&nbsp;<\/p>\n\n\n\n<p>WEBER, Jos\u00e9 Fernandes.&nbsp;<em>Forma\u00e7\u00e3o (Bildung), educa\u00e7\u00e3o e experimenta\u00e7\u00e3o em Nietzsche&nbsp;<\/em>(SciELO ebooks). 1. ed. Londrina: EDUEL, 2012. v. 1. 271p.<\/p>\n\n\n\n<p><strong>Livros organizados<\/strong><strong><\/strong><\/p>\n\n\n\n<p><strong>&nbsp;<\/strong>ALBERTUNI, C. A.&nbsp;(Org.); SANTOS, A. R. (Org.); LIMA, Angela. M. S. (Org.); CESARIO, Marilene. (Org.); ALTINO, Fabiane. C. (Org.); LUGLE, A. M. C. (Org.); CZERNISZ, Eliane. C. (Org.); CAMARGO, Roberto. A. (Org.).&nbsp;<em>Pr\u00e1ticas e reflex\u00f5es de metodologias de ensino e pesquisa do projeto PRODOC\u00caNCIA da UEL<\/em>. 1. ed. Londrina: Universidade Estadual de Londrina, 2012. v. 1. 596p.<\/p>\n\n\n\n<p>ALBERTUNI, C. A.&nbsp;(Org.); SANTOS, A. R. (Org.); LUGLE, A. M. C. (Org.); ARAUJO, Ang\u00e9lica. L. (Org.); LIMA, Angela. M. S. (Org.).&nbsp;<em>Experi\u00eancias e reflex\u00f5es na forma\u00e7\u00e3o de professores.<\/em>&nbsp;1. ed. Londrina: Universidade Estadual de Londrina, 2012. v. 1. 500p.<\/p>\n\n\n\n<p>BANNWART J\u00daNIOR, C. J.; FACHIN, Z.&nbsp;<em>Direito e filosofia: di\u00e1logos<\/em>. 1. ed. Campinas\/SP: Millenium, 2012. v. 1. 164p.<\/p>\n\n\n\n<p>BANNWART J\u00daNIOR, C. J.&nbsp;(Org.).&nbsp;<em>Forma\u00e7\u00e3o human\u00edstica: quest\u00f5es magistratura<\/em>. 1. ed. Niter\u00f3i\/RJ: Editora \u00cdmpetus, 2012. v. 1. 225p.<\/p>\n\n\n\n<p>CENCI, E. M.; Junior, Alberto V.;&nbsp;GARCIA, B. Z.; CENCI, Francislaine B.; HANSEN, Gilvan Luiz; HERRERA, Luiz H. M.; BANNWART, Michele C. S;&nbsp;BANNWART J\u00daNIOR, Clodomiro Jos\u00e9; Cachichi, Rog\u00e9rio C. D.&nbsp;<em>30 Quest\u00f5es de humanidades<\/em>. 1. ed. Niter\u00f3i: Impetus, 2012. v. 1. 225p.<\/p>\n\n\n\n<p>ESPINDOLA, Arlei de&nbsp;(Org.).&nbsp;<em>Rousseau: pontos e contrapontos<\/em>. 1\u00aa. ed. S\u00e3o Paulo: Editora Barcarolla\/Discurso Editorial, 2012. v. 500. 381p.<\/p>\n\n\n\n<p>SANTOS, E. S.&nbsp;(Org.); FLORENTINO NETO, A. (Org.).&nbsp;<em>The inevitable dialogue with the Eastern World: Heidegger and the East<\/em>. 1. ed. Campinas: Editora Phi, 2012. v. 01. 79p.<\/p>\n\n\n\n<p><strong>Anais<\/strong><\/p>\n\n\n\n<p>BANNWART J\u00daNIOR, C. J.&nbsp;(Org.); Kempfer, M. B (Org.); CENCI, Elve Miguel (Org.); GARCIA, B. Z. (Org.); GODOY, E. F. (Org.).&nbsp;<em>Anais do IV Semin\u00e1rio Di\u00e1logos Filos\u00f3ficos e Jur\u00eddicos<\/em>. 1. ed. Londrina\/PR: UEL, 2012. v. 1. 112p.<\/p>\n\n\n\n<p>NALLI, M. (Org.);&nbsp;PAV\u00c3O, A. A. C.&nbsp;(Org.); WEBER, J. (Org.); SANTOS, E. S. (Org.).&nbsp;<em>Anais do I Encontro de disserta\u00e7\u00f5es em andamento na Filosofia: EDAF<\/em>. 1\u00aa. ed., 2012. 200p.<\/p>\n<\/div><\/details>\n<\/div>\n\n\n\n<div id=\"wp-block-themeisle-blocks-accordion-d759485f\" class=\"wp-block-themeisle-blocks-accordion exclusive\">\n<details class=\"wp-block-themeisle-blocks-accordion-item\"><summary class=\"wp-block-themeisle-blocks-accordion-item__title\"><div><strong>2011<\/strong><\/div><\/summary><div class=\"wp-block-themeisle-blocks-accordion-item__content\">\n<p><strong>Livros autorais<\/strong><strong><\/strong><\/p>\n\n\n\n<p>FELDHAUS, C.&nbsp;<em>Natureza Humana, Liberdade e Justi\u00e7a: um estudo a respeito da posi\u00e7\u00e3o de Habermas acerca da biot\u00e9cnica<\/em>. 1. ed. Curitiba: CRV, 2011. v. 1. 172p.<\/p>\n\n\n\n<p>PAV\u00c3O, A. A. C.&nbsp;<em>O mal moral em Kant<\/em>. 1. ed. Curitiba: CRV, 2011. v. 1. 158p.<\/p>\n\n\n\n<p>WEBER, Jos\u00e9 Fernandes.&nbsp;<em>Forma\u00e7\u00e3o (Bildung), Educa\u00e7\u00e3o e Experimenta\u00e7\u00e3o em Nietzsche.&nbsp;<\/em>1. ed. Londrina: Eduel, 2011. v. 1. 268p.<\/p>\n\n\n\n<p><strong>Livros organizados<\/strong><strong><\/strong><\/p>\n\n\n\n<p>ESPINDOLA, Arlei de&nbsp;(Org.).&nbsp;<em>Filosofia; inicia\u00e7\u00e3o ao estudo do pensamento cl\u00e1ssico<\/em>. Londrina: UEL, 2011. 289p .<\/p>\n\n\n\n<p>ESPINDOLA, Arlei de&nbsp;(Org.).&nbsp;<em>Rousseau &#8211; pontos e contrapontos<\/em>. S\u00e3o Paulo: Editora Barcarolla\/Discurso Editorial (coedi\u00e7\u00e3o), 2011.<\/p>\n\n\n\n<p><strong>Anais<\/strong><strong><\/strong><\/p>\n\n\n\n<p>BANNWART J\u00daNIOR, C. J.&nbsp;(Org.); CENCI, Elve Miguel (Org.); GARCIA, B. Z. (Org.); Kempfer, M. B (Org.); BANNWART, M. C. S. (Org.).&nbsp;<em>Anais do III Di\u00e1logos Filos\u00f3ficos e Jur\u00eddicos<\/em>. 1. ed. Londrina\/PR: UEL, 2011.<\/p>\n\n\n\n<p>ESPINDOLA, Arlei de&nbsp;(Org.); ALBERTUNI, C. A. (Org.).&nbsp;<em>Anais do III Encontro de Egressos e Estudantes de Filosofia da UEL<\/em>. Londrina\/PR: UEL, 2011. 553p.<\/p>\n\n\n\n<p>FELDHAUS, Charles (Org.);&nbsp;SANTOS, E. S.&nbsp;(Org.); WEBER, Jos\u00e9 Fernandes (Org.).&nbsp;<em>Anais do VII Col\u00f3quio Habermas: Habermas e Interlocu\u00e7\u00f5es<\/em>. 1. ed. Londrina: Eduel, 2011. v. 01. 284p.<\/p>\n\n\n\n<p>SANTOS, E. S.&nbsp;(Org.); BRAGA, Carla (Org.); NALLI, Marcos (Org.); WEBER, Jos\u00e9 Fernandes (Org.).&nbsp;<em>Anais do I Simp\u00f3sio Winnicott Londrina<\/em>. 01. ed. Londrina: Eduel, 2011. v. 01. 226p.<\/p>\n<\/div><\/details>\n<\/div>\n\n\n\n<div id=\"wp-block-themeisle-blocks-accordion-2ae15691\" class=\"wp-block-themeisle-blocks-accordion exclusive\">\n<details class=\"wp-block-themeisle-blocks-accordion-item\"><summary class=\"wp-block-themeisle-blocks-accordion-item__title\"><div><strong>2010<\/strong><\/div><\/summary><div class=\"wp-block-themeisle-blocks-accordion-item__content\">\n<p><strong>Livros autorais<\/strong><strong><\/strong><\/p>\n\n\n\n<p>ESPINDOLA, Arlei de.&nbsp;<em>Jean-Jacques Rousseau: g\u00eanese da moralidade, liberdade humana e legitimidade<\/em>. Passo Fundo\/RS: Editora da Universidade de Passo Fundo, 2010. v. 1. 281p.<\/p>\n\n\n\n<p>SANTOS, E. S.&nbsp;<em>Winnicott e Heidegger: aproxima\u00e7\u00f5es e distanciamentos<\/em>. 01. ed. S\u00e3o Paulo: DWW Editorial\/FAPESP, 2010. v. 01. 270p.<\/p>\n\n\n\n<p><strong>Livros organizados<\/strong><\/p>\n\n\n\n<p>FAGGION, Andr\u00e9a&nbsp;(Org.); REIS, Robson R. (Org.).&nbsp;<em>Um fil\u00f3sofo e a multiplicidade de dizeres: homenagem aos 70 anos de vida e 40 de Brasil de Zeljko Loparic<\/em>. Campinas: UNICAMP\/CLE, 2010. v. 01. 382p.<\/p>\n\n\n\n<p><strong>Anais<\/strong><\/p>\n\n\n\n<p>GARCIA, B. Z. (Org.);&nbsp;BANNWART J\u00daNIOR, C. J.&nbsp;(Org.); CENCI, Elve Miguel (Org.); Kempfer, M. B (Org.).&nbsp;<em>Anais do II Semin\u00e1rio Di\u00e1logos Filos\u00f3ficos e Jur\u00eddicos<\/em>. 1. ed. Londrina\/PR: Invitare Digital, 2010. v. 1. 60p.&nbsp;<\/p>\n\n\n\n<p>ESPINDOLA, Arlei de&nbsp;(Org.); ALBERTUNI, C. A. (Org.).&nbsp;<em>Anais do II Encontro de Egressos e Estudantes de Filosofia da UEL<\/em>. Londrina\/PR: Editora da UEL, 2010. 281p.<\/p>\n<\/div><\/details>\n<\/div>\n","protected":false},"excerpt":{"rendered":"","protected":false},"author":7,"featured_media":0,"parent":0,"menu_order":0,"comment_status":"closed","ping_status":"closed","template":"","meta":{"_acf_changed":false,"_themeisle_gutenberg_block_has_review":false,"footnotes":""},"class_list":["post-92","page","type-page","status-publish","hentry"],"acf":[],"_links":{"self":[{"href":"https:\/\/departamentos.uel.br\/filosofia\/wp-json\/wp\/v2\/pages\/92","targetHints":{"allow":["GET"]}}],"collection":[{"href":"https:\/\/departamentos.uel.br\/filosofia\/wp-json\/wp\/v2\/pages"}],"about":[{"href":"https:\/\/departamentos.uel.br\/filosofia\/wp-json\/wp\/v2\/types\/page"}],"author":[{"embeddable":true,"href":"https:\/\/departamentos.uel.br\/filosofia\/wp-json\/wp\/v2\/users\/7"}],"replies":[{"embeddable":true,"href":"https:\/\/departamentos.uel.br\/filosofia\/wp-json\/wp\/v2\/comments?post=92"}],"version-history":[{"count":16,"href":"https:\/\/departamentos.uel.br\/filosofia\/wp-json\/wp\/v2\/pages\/92\/revisions"}],"predecessor-version":[{"id":144,"href":"https:\/\/departamentos.uel.br\/filosofia\/wp-json\/wp\/v2\/pages\/92\/revisions\/144"}],"wp:attachment":[{"href":"https:\/\/departamentos.uel.br\/filosofia\/wp-json\/wp\/v2\/media?parent=92"}],"curies":[{"name":"wp","href":"https:\/\/api.w.org\/{rel}","templated":true}]}}