{"id":37,"date":"2024-11-10T16:53:29","date_gmt":"2024-11-10T19:53:29","guid":{"rendered":"https:\/\/departamentos.uel.br\/filosofia\/?page_id=37"},"modified":"2024-11-10T17:28:12","modified_gmt":"2024-11-10T20:28:12","slug":"sobre-o-departamento","status":"publish","type":"page","link":"https:\/\/departamentos.uel.br\/filosofia\/sobre-o-departamento\/","title":{"rendered":"Sobre o Departamento"},"content":{"rendered":"\n<p>A Faculdade de Filosofia, Ci\u00eancias e Letras de Londrina (FAFILO), criada em 1956, fazia parte de um conjunto de cinco faculdades isoladas. Iniciou suas atividades em 1958. <\/p>\n\n\n\n<p>Dez anos depois, re\u00fanem-se as faculdades criando-se a Universidade Estadual de Londrina, pela Lei Estadual 6.034 de 06\/11\/69, Decreto Estadual 18.110 de 28\/01\/1970, reconhecida pelo decreto federal 69.234 de 07\/101971. <\/p>\n\n\n\n<p>Inicialmente criada como Funda\u00e7\u00e3o, foi transformada em autarquia pela lei Estadual 9.663 de 16\/07\/1991.<\/p>\n\n\n\n<p>O desenvolvimento hist\u00f3rico da Filosofia na Universidade Estadual de Londrina tem seu in\u00edcio em 25 de fevereiro de 1972 atrav\u00e9s da Resolu\u00e7\u00e3o FUEL n\u00ba 100 que determinou uma indica\u00e7\u00e3o de curr\u00edculo m\u00ednimo, limite de matr\u00edculas, dura\u00e7\u00e3o e regime do curso. <\/p>\n\n\n\n<p>Mais tarde, no 1\u00ba semestre de 1973, atrav\u00e9s de uma outra Resolu\u00e7\u00e3o, de n\u00ba 126, determinou-se a realiza\u00e7\u00e3o do vestibular com um n\u00famero de 40 (quarenta) vagas. Assim sendo, a Filosofia que antes servia \u00e0 Universidade para dar os cursos de Introdu\u00e7\u00e3o \u00e0 Filosofia, iniciava um processo de consolida\u00e7\u00e3o no interior da Universidade. <\/p>\n\n\n\n<p>No entanto os percal\u00e7os pol\u00edticos no in\u00edcio da d\u00e9cada de 70 levaram a dire\u00e7\u00e3o da Universidade a n\u00e3o inclus\u00e3o de vagas para o curso de Filosofia.<\/p>\n\n\n\n<p>Diante desta situa\u00e7\u00e3o, os alunos que freq\u00fcentavam o curso foram aconselhados e levados a optar por outros cursos e, em 1976, o curso de licenciatura em Filosofia deixou de receber matr\u00edculas. <\/p>\n\n\n\n<p>Passou, ent\u00e3o, a ser considerado desativado. Mesmo assim a Filosofia continuou sua trajet\u00f3ria no interior da Universidade com os cursos de Introdu\u00e7\u00e3o \u00e0 Filosofia.<\/p>\n\n\n\n<p>Mas, ainda n\u00e3o havia condi\u00e7\u00f5es objetivas para a retomada do curso de Gradua\u00e7\u00e3o. Os docentes de Filosofia aglutinados no interior de um outro Departamento, o de Hist\u00f3ria, preparavam o mecanismo para reativar um Departamento pr\u00f3prio assim como efetivar uma presen\u00e7a mais fecunda na Universidade. <\/p>\n\n\n\n<p>As discuss\u00f5es evolu\u00edram a ponto de, no final da d\u00e9cada de 80, gerarem dois fatos importantes: primeiramente, a cria\u00e7\u00e3o de um Departamento de Filosofia, a partir do desmembramento da ent\u00e3o \u00e1rea de Filosofia do Departamento de Hist\u00f3ria; finalmente, a estrutura\u00e7\u00e3o de uma nova proposta curricular objetivando a reativa\u00e7\u00e3o do curso de Gradua\u00e7\u00e3o em Filosofia.<\/p>\n\n\n\n<p>Ap\u00f3s intensas discuss\u00f5es e negocia\u00e7\u00f5es nos anos de 1990 e 1991, finalmente no dia 24 de junho de 1992, atrav\u00e9s da Resolu\u00e7\u00e3o 2025\/92 da Universidade Estadual de Londrina, em conformidade com a Resolu\u00e7\u00e3o do CFE de 20 de outubro de 1962, embasado no parecer CFE 277\/62 de 20 de janeiro de 1962, que fixa os m\u00ednimos de conte\u00fado e dura\u00e7\u00e3o do curso de Filosofia, e com as normas estatut\u00e1rias e regimentais desta Universidade, foi reativado o curso de Gradua\u00e7\u00e3o em Filosofia. <\/p>\n\n\n\n<p>Assim foi realizado o primeiro vestibular em janeiro de 1993. Em fevereiro reiniciam-se as atividades letivas do Curso de Gradua\u00e7\u00e3o-Licenciatura em Filosofia.<\/p>\n\n\n\n<p>Vale destacar ainda que, ap\u00f3s esfor\u00e7os conjuntos do Corpo Docente do Departamento de Filosofia, o Mestrado em Filosofia foi aprovado pela Capes em 2009 e teve o seu in\u00edcio oficial em janeiro de 2010, quando se realizou a sele\u00e7\u00e3o para a primeira turma discente do Mestrado. <\/p>\n\n\n\n<p>Transcorridos dez anos, em 2019, houve a abertura do curso de Doutorado em Filosofia. <\/p>\n\n\n\n<p>A p\u00f3s-gradua\u00e7\u00e3o stricto sensu\u00a0vem assim cristalizar e fomentar ainda mais os esfor\u00e7os envidados at\u00e9 ent\u00e3o, bem como permitir a dissemina\u00e7\u00e3o das pesquisas j\u00e1 realizadas pelo Corpo Docente do Departamento, pela orienta\u00e7\u00e3o e forma\u00e7\u00e3o de novos pesquisadores em n\u00edvel de mestrado e de doutorado, atendendo uma demanda premente a toda Regi\u00e3o Norte do Paran\u00e1 e atingindo tamb\u00e9m o Oeste paulista e outras regi\u00f5es do pa\u00eds.<\/p>\n\n\n\n<div class=\"wp-block-columns is-layout-flex wp-container-core-columns-is-layout-9d6595d7 wp-block-columns-is-layout-flex\">\n<div class=\"wp-block-column is-layout-flow wp-block-column-is-layout-flow\">\n<figure class=\"wp-block-image size-full is-resized\"><img loading=\"lazy\" decoding=\"async\" width=\"682\" height=\"392\" src=\"https:\/\/departamentos.uel.br\/filosofia\/wp-content\/uploads\/2024\/11\/CLCH.png\" alt=\"\" class=\"wp-image-58\" style=\"width:458px;height:auto\" srcset=\"https:\/\/departamentos.uel.br\/filosofia\/wp-content\/uploads\/2024\/11\/CLCH.png 682w, https:\/\/departamentos.uel.br\/filosofia\/wp-content\/uploads\/2024\/11\/CLCH-300x172.png 300w\" sizes=\"auto, (max-width: 682px) 100vw, 682px\" \/><\/figure>\n<\/div>\n\n\n\n<div class=\"wp-block-column is-layout-flow wp-block-column-is-layout-flow\">\n<figure class=\"wp-block-image size-full is-resized\"><img loading=\"lazy\" decoding=\"async\" width=\"913\" height=\"480\" src=\"https:\/\/departamentos.uel.br\/filosofia\/wp-content\/uploads\/2024\/11\/CLCH2.png\" alt=\"\" class=\"wp-image-57\" style=\"width:514px;height:auto\" srcset=\"https:\/\/departamentos.uel.br\/filosofia\/wp-content\/uploads\/2024\/11\/CLCH2.png 913w, https:\/\/departamentos.uel.br\/filosofia\/wp-content\/uploads\/2024\/11\/CLCH2-300x158.png 300w, https:\/\/departamentos.uel.br\/filosofia\/wp-content\/uploads\/2024\/11\/CLCH2-768x404.png 768w\" sizes=\"auto, (max-width: 913px) 100vw, 913px\" \/><\/figure>\n<\/div>\n<\/div>\n","protected":false},"excerpt":{"rendered":"<p>A Faculdade de Filosofia, Ci\u00eancias e Letras de Londrina (FAFILO), criada em 1956, fazia parte de um conjunto de cinco faculdades isoladas. Iniciou suas atividades em 1958. Dez anos depois, re\u00fanem-se as faculdades criando-se a Universidade Estadual de Londrina, pela Lei Estadual 6.034 de 06\/11\/69, Decreto Estadual 18.110 de 28\/01\/1970, reconhecida pelo decreto federal 69.234 [&hellip;]<\/p>\n","protected":false},"author":7,"featured_media":0,"parent":0,"menu_order":0,"comment_status":"closed","ping_status":"closed","template":"","meta":{"_acf_changed":false,"_themeisle_gutenberg_block_has_review":false,"footnotes":""},"class_list":["post-37","page","type-page","status-publish","hentry"],"acf":[],"_links":{"self":[{"href":"https:\/\/departamentos.uel.br\/filosofia\/wp-json\/wp\/v2\/pages\/37","targetHints":{"allow":["GET"]}}],"collection":[{"href":"https:\/\/departamentos.uel.br\/filosofia\/wp-json\/wp\/v2\/pages"}],"about":[{"href":"https:\/\/departamentos.uel.br\/filosofia\/wp-json\/wp\/v2\/types\/page"}],"author":[{"embeddable":true,"href":"https:\/\/departamentos.uel.br\/filosofia\/wp-json\/wp\/v2\/users\/7"}],"replies":[{"embeddable":true,"href":"https:\/\/departamentos.uel.br\/filosofia\/wp-json\/wp\/v2\/comments?post=37"}],"version-history":[{"count":9,"href":"https:\/\/departamentos.uel.br\/filosofia\/wp-json\/wp\/v2\/pages\/37\/revisions"}],"predecessor-version":[{"id":69,"href":"https:\/\/departamentos.uel.br\/filosofia\/wp-json\/wp\/v2\/pages\/37\/revisions\/69"}],"wp:attachment":[{"href":"https:\/\/departamentos.uel.br\/filosofia\/wp-json\/wp\/v2\/media?parent=37"}],"curies":[{"name":"wp","href":"https:\/\/api.w.org\/{rel}","templated":true}]}}