{"id":24,"date":"2023-10-30T14:37:00","date_gmt":"2023-10-30T17:37:00","guid":{"rendered":"https:\/\/departamentos.uel.br\/enfermagem\/?page_id=24"},"modified":"2023-11-30T16:50:29","modified_gmt":"2023-11-30T19:50:29","slug":"ligas-academicas","status":"publish","type":"page","link":"https:\/\/departamentos.uel.br\/enfermagem\/ligas-academicas\/","title":{"rendered":"Ligas Acad\u00eamicas"},"content":{"rendered":"\n<div id=\"wp-block-themeisle-blocks-accordion-9311b440\" class=\"wp-block-themeisle-blocks-accordion exclusive\">\n<details class=\"wp-block-themeisle-blocks-accordion-item\"><summary class=\"wp-block-themeisle-blocks-accordion-item__title\"><div><strong>LAECI<\/strong> &#8211; Liga Acad\u00eamica de Enfermagem em Cuidados Intensivos<\/div><\/summary><div class=\"wp-block-themeisle-blocks-accordion-item__content\">\n<p>A Liga Acad\u00eamica de Enfermagem em Cuidados Intensivos (LAECI- UEL), inaugurada em 16 de agosto do ano de 2017, \u00e9 uma entidade civil de direito privado, sem fins lucrativos, com car\u00e1ter uniprofissional e de dura\u00e7\u00e3o ilimitada apoiada pela gradua\u00e7\u00e3o de Enfermagem da Universidade Estadual de Londrina &#8211; UEL. A liga tem como finalidade abordar ativamente assuntos sobre paciente cr\u00edtico desde o primeiro atendimento na fase pr\u00e9-hospitalar at\u00e9 a alta hospitalar.&nbsp;<\/p>\n\n\n\n<p><strong>CONTATO<\/strong>:<\/p>\n\n\n\n<p><strong>e-mail:&nbsp;<\/strong>laeciuel@gmail.com<\/p>\n<\/div><\/details>\n\n\n\n<details class=\"wp-block-themeisle-blocks-accordion-item\"><summary class=\"wp-block-themeisle-blocks-accordion-item__title\"><div><strong>LAEP<\/strong> &#8211; Liga Acad\u00eamica de Enfermagem Perioperat\u00f3ria<\/div><\/summary><div class=\"wp-block-themeisle-blocks-accordion-item__content\">\n<p>A liga Acad\u00eamica de Enfermagem Perioperat\u00f3ria, foi fundada no ano de 2019, por estudantes do curso de Enfermagem da Universidade Estadual de Londrina em parceria com docentes do Departamento de Enfermagem. Abordam assuntos pertinentes a \u00e1rea da enfermagem perioperat\u00f3ria, atrav\u00e9s de reuni\u00f5es, contando com a participa\u00e7\u00e3o de especialistas e residentes da \u00e1rea. A liga comporta admiss\u00e3o de estudantes de enfermagem, t\u00e9cnicos em enfermagem e profissionais da \u00e1rea da sa\u00fade para compor os membros efetivos.&nbsp;<\/p>\n\n\n\n<p><strong>CONTATO:<\/strong><\/p>\n\n\n\n<p><strong>e-mail:&nbsp;<\/strong>laepuel@gmail.com<\/p>\n<\/div><\/details>\n<\/div>\n\n\n\n<div id=\"wp-block-themeisle-blocks-accordion-277794d7\" class=\"wp-block-themeisle-blocks-accordion exclusive\">\n<details class=\"wp-block-themeisle-blocks-accordion-item\"><summary class=\"wp-block-themeisle-blocks-accordion-item__title\"><div><strong>LAINSC<\/strong> &#8211; Liga Acad\u00eamica Inter Profissional de Neonatologia e Sa\u00fade da Crian\u00e7a<\/div><\/summary><div class=\"wp-block-themeisle-blocks-accordion-item__content\">\n<p>A LAINSC foi pensada em conjunto com alunos do curso de Enfermagem da Universidade Estadual de Londrina e a \u00e1rea de Neonatologia e Sa\u00fade da Crian\u00e7a do Departamento de Enfermagem &#8211; CCS\/UEL.&nbsp;&nbsp;Fundada em Outubro de 2019, a liga tem carater interprofissional, apta a receber alunos dos cursos de Enfermagem, Medicina, Fisioterapia, Farm\u00e1cia, Odontologia e Psicologia. As reuni\u00f5es ocorrem quinzenalmente, as quartas-feiras, no CCS-HU.<\/p>\n\n\n\n<p><strong>CONTATO:<\/strong><\/p>\n\n\n\n<p><strong>e-mail:<\/strong> lainscuel@gmail.com<\/p>\n<\/div><\/details>\n\n\n\n<details class=\"wp-block-themeisle-blocks-accordion-item\"><summary class=\"wp-block-themeisle-blocks-accordion-item__title\"><div><strong>LASAP<\/strong> &#8211; Liga Acad\u00eamica de Seguran\u00e7a da Assist\u00eancia ao Paciente<\/div><\/summary><div class=\"wp-block-themeisle-blocks-accordion-item__content\">\n<p>A Liga Acad\u00eamica de Seguran\u00e7a da Assist\u00eancia ao Paciente da Universidade Estadual de Londrina (LASAP-UEL), inaugurada em 17 de Fevereiro de 2017, \u00e9 uma entidade sem fins lucrativos, car\u00e1ter multidisciplinar e apoiada pelo curso de gradua\u00e7\u00e3o em Enfermagem da UEL. Visando a orienta\u00e7\u00e3o sobre a Seguran\u00e7a do Paciente. As reuni\u00f5es ocorrem quinzenalmente, as ter\u00e7as &#8211; feiras, \u00e0s 18h15, no CCS &#8211; HU. O processo de admiss\u00e3o de novos membros ocorrem anualmente, a partir da participa\u00e7\u00e3o das Jornada de Seguran\u00e7a do Paciente e posteriormente da aprova\u00e7\u00e3o do processo seletivo.&nbsp;<\/p>\n\n\n\n<p><strong>CONTATO:<\/strong><\/p>\n\n\n\n<p><strong>e-mail:&nbsp;<\/strong>lasapuel@gmail.com<\/p>\n<\/div><\/details>\n<\/div>\n\n\n\n<div id=\"wp-block-themeisle-blocks-accordion-e6775b2b\" class=\"wp-block-themeisle-blocks-accordion exclusive\">\n<details class=\"wp-block-themeisle-blocks-accordion-item\"><summary class=\"wp-block-themeisle-blocks-accordion-item__title\"><div><strong>LASM<\/strong> &#8211; Liga Acad\u00eamica de Sa\u00fade da Mulher<\/div><\/summary><div class=\"wp-block-themeisle-blocks-accordion-item__content\">\n<p>A Liga Acad\u00eamica de Sa\u00fade da Mulher \u00e9 uma associa\u00e7\u00e3o sem fins lucrativos, criada e organizada por discentes e docentes do Departamento de Enfermagem da Universidade Estadual de Londrina. Realiza encontros entre estudantes, atrav\u00e9s do acolhimento aberto e da integra\u00e7\u00e3o social, n\u00e3o somente atrav\u00e9s de um aprendizado te\u00f3rico, como tamb\u00e9m por reflex\u00f5es pr\u00e1ticas. Dessa forma, atingindo o principal objetivo da liga, obter uma troca de experi\u00eancias na \u00e1rea de Sa\u00fade da Mulher e debater sobre as viv\u00eancias na \u00e1rea da sa\u00fade.<\/p>\n\n\n\n<p><strong>CONTATO:<\/strong><\/p>\n\n\n\n<p><strong>e-mail:&nbsp;<\/strong>lasmuel09@gmail.com<\/p>\n<\/div><\/details>\n\n\n\n<details class=\"wp-block-themeisle-blocks-accordion-item\"><summary class=\"wp-block-themeisle-blocks-accordion-item__title\"><div><strong>LAMCP<\/strong> &#8211; Liga Acad\u00eamica Multiprofissional de Cuidados Paliativos<\/div><\/summary><div class=\"wp-block-themeisle-blocks-accordion-item__content\">\n<p>A Liga Acad\u00eamica Multiprofissional de Cuidados Paliativos&nbsp;foi fundada em 2019, por estudantes dos cursos de Enfermagem e Medicina adjuntos ao Departamento de Enfermagem da Universidade Estadual de Londrina e tem como finalidade contribuir na forma\u00e7\u00e3o profissional e na constru\u00e7\u00e3o da Cultura de Cuidados Paliativos&nbsp;dos acad\u00eamicos.<\/p>\n\n\n\n<p><strong>CONTATO:<\/strong><\/p>\n\n\n\n<p><strong>e-mail:<\/strong>&nbsp;lamcp.uel2@gmail.com<\/p>\n<\/div><\/details>\n<\/div>\n","protected":false},"excerpt":{"rendered":"","protected":false},"author":7,"featured_media":0,"parent":0,"menu_order":0,"comment_status":"closed","ping_status":"closed","template":"","meta":{"_acf_changed":false,"_themeisle_gutenberg_block_has_review":false,"footnotes":""},"class_list":["post-24","page","type-page","status-publish","hentry"],"acf":[],"_links":{"self":[{"href":"https:\/\/departamentos.uel.br\/enfermagem\/wp-json\/wp\/v2\/pages\/24","targetHints":{"allow":["GET"]}}],"collection":[{"href":"https:\/\/departamentos.uel.br\/enfermagem\/wp-json\/wp\/v2\/pages"}],"about":[{"href":"https:\/\/departamentos.uel.br\/enfermagem\/wp-json\/wp\/v2\/types\/page"}],"author":[{"embeddable":true,"href":"https:\/\/departamentos.uel.br\/enfermagem\/wp-json\/wp\/v2\/users\/7"}],"replies":[{"embeddable":true,"href":"https:\/\/departamentos.uel.br\/enfermagem\/wp-json\/wp\/v2\/comments?post=24"}],"version-history":[{"count":12,"href":"https:\/\/departamentos.uel.br\/enfermagem\/wp-json\/wp\/v2\/pages\/24\/revisions"}],"predecessor-version":[{"id":275,"href":"https:\/\/departamentos.uel.br\/enfermagem\/wp-json\/wp\/v2\/pages\/24\/revisions\/275"}],"wp:attachment":[{"href":"https:\/\/departamentos.uel.br\/enfermagem\/wp-json\/wp\/v2\/media?parent=24"}],"curies":[{"name":"wp","href":"https:\/\/api.w.org\/{rel}","templated":true}]}}