{"id":150,"date":"2023-11-09T09:48:18","date_gmt":"2023-11-09T12:48:18","guid":{"rendered":"https:\/\/departamentos.uel.br\/enfermagem\/?page_id=150"},"modified":"2025-02-14T16:57:09","modified_gmt":"2025-02-14T19:57:09","slug":"eventos","status":"publish","type":"page","link":"https:\/\/departamentos.uel.br\/enfermagem\/eventos\/","title":{"rendered":"Eventos"},"content":{"rendered":"\n<p class=\"has-medium-font-size\"><strong>2024<\/strong><\/p>\n\n\n\n<div id=\"wp-block-themeisle-blocks-accordion-bd1d9f7c\" class=\"wp-block-themeisle-blocks-accordion exclusive\">\n<details class=\"wp-block-themeisle-blocks-accordion-item\"><summary class=\"wp-block-themeisle-blocks-accordion-item__title\"><div><strong>Semana Integrada da Enfermagem 2024<\/strong><br>Ser\u00e1 realizado nos dias 02 e 03 de maio de 2024 no Anfiteatro do HU-UEL e ter\u00e1 como tema &#8220;O Impacto das Tecnologias para o Futuro da Enfermagem: Forma\u00e7\u00e3o, \u00c9tica e Cuidado&#8221;. A Semana Integrada ter\u00e1 a programa\u00e7\u00e3o com cursos pr\u00e9-evento, palestras e apresenta\u00e7\u00e3o de trabalhos e experi\u00eancias exitosas.<br>Para informa\u00e7\u00f5es clique em <strong><a href=\"https:\/\/www.sympla.com.br\/evento\/semana-integrada-de-enfermagem-2024\/2391091?referrer=www\">saiba mais<\/a><\/strong>.<\/div><\/summary><div class=\"wp-block-themeisle-blocks-accordion-item__content\"><div class=\"wp-block-image\">\n<figure class=\"aligncenter size-full\"><img loading=\"lazy\" decoding=\"async\" width=\"571\" height=\"279\" src=\"https:\/\/departamentos.uel.br\/enfermagem\/wp-content\/uploads\/2024\/10\/semana-integrada.png\" alt=\"\" class=\"wp-image-522\" srcset=\"https:\/\/departamentos.uel.br\/enfermagem\/wp-content\/uploads\/2024\/10\/semana-integrada.png 571w, https:\/\/departamentos.uel.br\/enfermagem\/wp-content\/uploads\/2024\/10\/semana-integrada-300x147.png 300w\" sizes=\"auto, (max-width: 571px) 100vw, 571px\" \/><\/figure>\n<\/div><\/div><\/details>\n<\/div>\n\n\n\n<div id=\"wp-block-themeisle-blocks-accordion-74ff1f6d\" class=\"wp-block-themeisle-blocks-accordion exclusive\"><\/div>\n\n\n\n<div id=\"wp-block-themeisle-blocks-accordion-9f9659c2\" class=\"wp-block-themeisle-blocks-accordion exclusive\"><\/div>\n\n\n\n<p><\/p>\n","protected":false},"excerpt":{"rendered":"<p>2024<\/p>\n","protected":false},"author":7,"featured_media":0,"parent":0,"menu_order":0,"comment_status":"closed","ping_status":"closed","template":"","meta":{"_acf_changed":false,"_themeisle_gutenberg_block_has_review":false,"footnotes":""},"class_list":["post-150","page","type-page","status-publish","hentry"],"acf":[],"_links":{"self":[{"href":"https:\/\/departamentos.uel.br\/enfermagem\/wp-json\/wp\/v2\/pages\/150","targetHints":{"allow":["GET"]}}],"collection":[{"href":"https:\/\/departamentos.uel.br\/enfermagem\/wp-json\/wp\/v2\/pages"}],"about":[{"href":"https:\/\/departamentos.uel.br\/enfermagem\/wp-json\/wp\/v2\/types\/page"}],"author":[{"embeddable":true,"href":"https:\/\/departamentos.uel.br\/enfermagem\/wp-json\/wp\/v2\/users\/7"}],"replies":[{"embeddable":true,"href":"https:\/\/departamentos.uel.br\/enfermagem\/wp-json\/wp\/v2\/comments?post=150"}],"version-history":[{"count":39,"href":"https:\/\/departamentos.uel.br\/enfermagem\/wp-json\/wp\/v2\/pages\/150\/revisions"}],"predecessor-version":[{"id":549,"href":"https:\/\/departamentos.uel.br\/enfermagem\/wp-json\/wp\/v2\/pages\/150\/revisions\/549"}],"wp:attachment":[{"href":"https:\/\/departamentos.uel.br\/enfermagem\/wp-json\/wp\/v2\/media?parent=150"}],"curies":[{"name":"wp","href":"https:\/\/api.w.org\/{rel}","templated":true}]}}

<p class="has-medium-font-size"><strong>2024</strong></p>



<div id="wp-block-themeisle-blocks-accordion-bd1d9f7c" class="wp-block-themeisle-blocks-accordion exclusive">
<details class="wp-block-themeisle-blocks-accordion-item"><summary class="wp-block-themeisle-blocks-accordion-item__title"><div><strong>Semana Integrada da Enfermagem 2024</strong><br>Será realizado nos dias 02 e 03 de maio de 2024 no Anfiteatro do HU-UEL e terá como tema &#8220;O Impacto das Tecnologias para o Futuro da Enfermagem: Formação, Ética e Cuidado&#8221;. A Semana Integrada terá a programação com cursos pré-evento, palestras e apresentação de trabalhos e experiências exitosas.<br>Para informações clique em <strong><a href="https://www.sympla.com.br/evento/semana-integrada-de-enfermagem-2024/2391091?referrer=www">saiba mais</a></strong>.</div></summary><div class="wp-block-themeisle-blocks-accordion-item__content"><div class="wp-block-image">
<figure class="aligncenter size-full"><img loading="lazy" decoding="async" width="571" height="279" src="https://departamentos.uel.br/enfermagem/wp-content/uploads/2024/10/semana-integrada.png" alt="" class="wp-image-522" srcset="https://departamentos.uel.br/enfermagem/wp-content/uploads/2024/10/semana-integrada.png 571w, https://departamentos.uel.br/enfermagem/wp-content/uploads/2024/10/semana-integrada-300x147.png 300w" sizes="auto, (max-width: 571px) 100vw, 571px" /></figure>
</div></div></details>
</div>



<div id="wp-block-themeisle-blocks-accordion-74ff1f6d" class="wp-block-themeisle-blocks-accordion exclusive"></div>



<div id="wp-block-themeisle-blocks-accordion-9f9659c2" class="wp-block-themeisle-blocks-accordion exclusive"></div>



<p></p>
