{"id":14,"date":"2023-10-30T11:43:16","date_gmt":"2023-10-30T14:43:16","guid":{"rendered":"https:\/\/departamentos.uel.br\/enfermagem\/?page_id=14"},"modified":"2023-12-22T13:47:46","modified_gmt":"2023-12-22T16:47:46","slug":"departamento-de-enfermagem","status":"publish","type":"page","link":"https:\/\/departamentos.uel.br\/enfermagem\/departamento-de-enfermagem\/","title":{"rendered":"Contatos"},"content":{"rendered":"\n<p><strong>Chefia<\/strong> <strong>do Departamento de Enfermagem<\/strong><br>Prof.\u00aa Dr.\u00aa Gilselena Kerbauy Lopes<br>gilselena@uel.br<\/p>\n\n\n\n<p><strong>Vice-chefia do <strong>Departamento<\/strong><\/strong><br>Prof. Dr. Adriano Luiz da Costa Farinasso<br>adrianofarinasso@uel.br<\/p>\n\n\n\n<p><strong>Coordena\u00e7\u00e3o do <strong>Colegiado de Enfermagem<\/strong><br><\/strong>Prof.\u00aa Dr.\u00aa Daniela Biguetti Martins Lopes<br>danielalopes@uel.br<\/p>\n\n\n\n<p><strong>Vice-coordena\u00e7\u00e3o<\/strong> <strong>do <strong>Colegiado <\/strong><\/strong><br>Prof.\u00aa Dr.\u00aa Andr\u00e9ia Bendine Gastaldi<br>gastaldi@uel.br<\/p>\n\n\n\n<p><strong>Coordena\u00e7\u00e3o<\/strong> <strong>de Est\u00e1gios<\/strong><br>Prof.\u00aa Dr.\u00aa Mara Cristina Nishikawa Yagi<br>marayagi@uel.br<\/p>\n\n\n\n<p><strong>Coordena\u00e7\u00e3o<\/strong> <strong>de TCC<\/strong><br>Prof.\u00aa Dr.\u00aa Regina C\u00e9lia Bueno Rezende Machado<br>reginammachado123@uel.br<strong><br><\/strong><\/p>\n\n\n\n<p><strong><strong>Coordena\u00e7\u00e3o<\/strong> da <strong>Extens\u00e3o<\/strong><br><\/strong>Prof.\u00aa Dr.\u00aa Keli Regiane Tomeleri da Fonseca Pinto<br>keli.tomeleri@uel.br<\/p>\n","protected":false},"excerpt":{"rendered":"<p>Chefia do Departamento de EnfermagemProf.\u00aa Dr.\u00aa Gilselena Kerbauy Lopesgilselena@uel.br Vice-chefia do DepartamentoProf. Dr. Adriano Luiz da Costa Farinassoadrianofarinasso@uel.br Coordena\u00e7\u00e3o do Colegiado de EnfermagemProf.\u00aa Dr.\u00aa Daniela Biguetti Martins Lopesdanielalopes@uel.br Vice-coordena\u00e7\u00e3o do Colegiado Prof.\u00aa Dr.\u00aa Andr\u00e9ia Bendine Gastaldigastaldi@uel.br Coordena\u00e7\u00e3o de Est\u00e1giosProf.\u00aa Dr.\u00aa Mara Cristina Nishikawa Yagimarayagi@uel.br Coordena\u00e7\u00e3o de TCCProf.\u00aa Dr.\u00aa Regina C\u00e9lia Bueno Rezende Machadoreginammachado123@uel.br Coordena\u00e7\u00e3o da [&hellip;]<\/p>\n","protected":false},"author":7,"featured_media":0,"parent":0,"menu_order":0,"comment_status":"closed","ping_status":"closed","template":"","meta":{"_acf_changed":false,"_themeisle_gutenberg_block_has_review":false,"footnotes":""},"class_list":["post-14","page","type-page","status-publish","hentry"],"acf":[],"_links":{"self":[{"href":"https:\/\/departamentos.uel.br\/enfermagem\/wp-json\/wp\/v2\/pages\/14","targetHints":{"allow":["GET"]}}],"collection":[{"href":"https:\/\/departamentos.uel.br\/enfermagem\/wp-json\/wp\/v2\/pages"}],"about":[{"href":"https:\/\/departamentos.uel.br\/enfermagem\/wp-json\/wp\/v2\/types\/page"}],"author":[{"embeddable":true,"href":"https:\/\/departamentos.uel.br\/enfermagem\/wp-json\/wp\/v2\/users\/7"}],"replies":[{"embeddable":true,"href":"https:\/\/departamentos.uel.br\/enfermagem\/wp-json\/wp\/v2\/comments?post=14"}],"version-history":[{"count":24,"href":"https:\/\/departamentos.uel.br\/enfermagem\/wp-json\/wp\/v2\/pages\/14\/revisions"}],"predecessor-version":[{"id":449,"href":"https:\/\/departamentos.uel.br\/enfermagem\/wp-json\/wp\/v2\/pages\/14\/revisions\/449"}],"wp:attachment":[{"href":"https:\/\/departamentos.uel.br\/enfermagem\/wp-json\/wp\/v2\/media?parent=14"}],"curies":[{"name":"wp","href":"https:\/\/api.w.org\/{rel}","templated":true}]}}

<p><strong>Chefia</strong> <strong>do Departamento de Enfermagem</strong><br>Prof.ª Dr.ª Gilselena Kerbauy Lopes<br>gilselena@uel.br</p>



<p><strong>Vice-chefia do <strong>Departamento</strong></strong><br>Prof. Dr. Adriano Luiz da Costa Farinasso<br>adrianofarinasso@uel.br</p>



<p><strong>Coordenação do <strong>Colegiado de Enfermagem</strong><br></strong>Prof.ª Dr.ª Daniela Biguetti Martins Lopes<br>danielalopes@uel.br</p>



<p><strong>Vice-coordenação</strong> <strong>do <strong>Colegiado </strong></strong><br>Prof.ª Dr.ª Andréia Bendine Gastaldi<br>gastaldi@uel.br</p>



<p><strong>Coordenação</strong> <strong>de Estágios</strong><br>Prof.ª Dr.ª Mara Cristina Nishikawa Yagi<br>marayagi@uel.br</p>



<p><strong>Coordenação</strong> <strong>de TCC</strong><br>Prof.ª Dr.ª Regina Célia Bueno Rezende Machado<br>reginammachado123@uel.br<strong><br></strong></p>



<p><strong><strong>Coordenação</strong> da <strong>Extensão</strong><br></strong>Prof.ª Dr.ª Keli Regiane Tomeleri da Fonseca Pinto<br>keli.tomeleri@uel.br</p>

<p>Chefia do Departamento de EnfermagemProf.ª Dr.ª Gilselena Kerbauy Lopesgilselena@uel.br Vice-chefia do DepartamentoProf. Dr. Adriano Luiz da Costa Farinassoadrianofarinasso@uel.br Coordenação do Colegiado de EnfermagemProf.ª Dr.ª Daniela Biguetti Martins Lopesdanielalopes@uel.br Vice-coordenação do Colegiado Prof.ª Dr.ª Andréia Bendine Gastaldigastaldi@uel.br Coordenação de EstágiosProf.ª Dr.ª Mara Cristina Nishikawa Yagimarayagi@uel.br Coordenação de TCCProf.ª Dr.ª Regina Célia Bueno Rezende Machadoreginammachado123@uel.br Coordenação da [&hellip;]</p>
