{"id":29,"date":"2024-10-29T13:54:13","date_gmt":"2024-10-29T16:54:13","guid":{"rendered":"https:\/\/departamentos.uel.br\/educacao\/?page_id=29"},"modified":"2024-10-30T13:30:09","modified_gmt":"2024-10-30T16:30:09","slug":"infraestrutura","status":"publish","type":"page","link":"https:\/\/departamentos.uel.br\/educacao\/infraestrutura\/","title":{"rendered":"Infraestrutura"},"content":{"rendered":"\n<p>O Departamento de Educa\u00e7\u00e3o da UEL faz parte da estrutura administrativa e f\u00edsica do Centro de Educa\u00e7\u00e3o, Comunica\u00e7\u00e3o e Artes (CECA).<\/p>\n\n\n\n<iframe src=\"https:\/\/www.google.com\/maps\/embed?pb=!1m18!1m12!1m3!1d3663.7537046311245!2d-51.20882097483414!3d-23.324693352939708!2m3!1f0!2f0!3f0!3m2!1i1024!2i768!4f13.1!3m3!1m2!1s0x94eb5b620f25339b%3A0x1e63eaaf7d0c9c03!2sDepartamento%20de%20Educa%C3%A7%C3%A3o!5e0!3m2!1spt-BR!2sbr!4v1730305771077!5m2!1spt-BR!2sbr\" width=\"1000\" height=\"600\" style=\"border:0;\" allowfullscreen=\"\" loading=\"lazy\" referrerpolicy=\"no-referrer-when-downgrade\"><\/iframe>\n","protected":false},"excerpt":{"rendered":"<p>O Departamento de Educa\u00e7\u00e3o da UEL faz parte da estrutura administrativa e f\u00edsica do Centro de Educa\u00e7\u00e3o, Comunica\u00e7\u00e3o e Artes (CECA).<\/p>\n","protected":false},"author":6,"featured_media":0,"parent":0,"menu_order":0,"comment_status":"closed","ping_status":"closed","template":"","meta":{"_acf_changed":false,"_themeisle_gutenberg_block_has_review":false,"footnotes":""},"class_list":["post-29","page","type-page","status-publish","hentry"],"acf":[],"_links":{"self":[{"href":"https:\/\/departamentos.uel.br\/educacao\/wp-json\/wp\/v2\/pages\/29","targetHints":{"allow":["GET"]}}],"collection":[{"href":"https:\/\/departamentos.uel.br\/educacao\/wp-json\/wp\/v2\/pages"}],"about":[{"href":"https:\/\/departamentos.uel.br\/educacao\/wp-json\/wp\/v2\/types\/page"}],"author":[{"embeddable":true,"href":"https:\/\/departamentos.uel.br\/educacao\/wp-json\/wp\/v2\/users\/6"}],"replies":[{"embeddable":true,"href":"https:\/\/departamentos.uel.br\/educacao\/wp-json\/wp\/v2\/comments?post=29"}],"version-history":[{"count":4,"href":"https:\/\/departamentos.uel.br\/educacao\/wp-json\/wp\/v2\/pages\/29\/revisions"}],"predecessor-version":[{"id":76,"href":"https:\/\/departamentos.uel.br\/educacao\/wp-json\/wp\/v2\/pages\/29\/revisions\/76"}],"wp:attachment":[{"href":"https:\/\/departamentos.uel.br\/educacao\/wp-json\/wp\/v2\/media?parent=29"}],"curies":[{"name":"wp","href":"https:\/\/api.w.org\/{rel}","templated":true}]}}

<p>O Departamento de Educação da UEL faz parte da estrutura administrativa e física do Centro de Educação, Comunicação e Artes (CECA).</p>



<iframe src="https://www.google.com/maps/embed?pb=!1m18!1m12!1m3!1d3663.7537046311245!2d-51.20882097483414!3d-23.324693352939708!2m3!1f0!2f0!3f0!3m2!1i1024!2i768!4f13.1!3m3!1m2!1s0x94eb5b620f25339b%3A0x1e63eaaf7d0c9c03!2sDepartamento%20de%20Educa%C3%A7%C3%A3o!5e0!3m2!1spt-BR!2sbr!4v1730305771077!5m2!1spt-BR!2sbr" width="1000" height="600" style="border:0;" allowfullscreen="" loading="lazy" referrerpolicy="no-referrer-when-downgrade"></iframe>

<p>O Departamento de Educação da UEL faz parte da estrutura administrativa e física do Centro de Educação, Comunicação e Artes (CECA).</p>
