{"id":169,"date":"2024-11-26T16:43:10","date_gmt":"2024-11-26T19:43:10","guid":{"rendered":"https:\/\/departamentos.uel.br\/construcao-civil\/?page_id=169"},"modified":"2024-11-26T16:49:50","modified_gmt":"2024-11-26T19:49:50","slug":"sobre-o-departamento","status":"publish","type":"page","link":"https:\/\/departamentos.uel.br\/construcao-civil\/sobre-o-departamento\/","title":{"rendered":"Sobre o Departamento"},"content":{"rendered":"\n<p>O Curso de Engenharia Civil foi criado em 1971, atrav\u00e9s da Resolu\u00e7\u00e3o n\u00ba 53\/71 de 26\/10\/71 \u2013 Reconhecido pelo Decreto n\u00ba 80.53 de 10.10.77 (C. F. E.). Um dos pioneiros na cria\u00e7\u00e3o do curso de Engenharia da UEL foi o Prof. Elias Pl\u00e1cido Vieira Cezar, tamb\u00e9m, respons\u00e1vel por obras hist\u00f3ricas na cidade de Londrina, como o Hospital Evang\u00e9lico e o Gin\u00e1sio de Esportes Moring\u00e3o. A profiss\u00e3o \u00e9 regulamentada pela Lei n\u00ba 5.194, de 24.12.66. O curso implantado em 1972, praticamente nasceu com a Institui\u00e7\u00e3o, sendo de suma import\u00e2ncia para a \u00e1rea da constru\u00e7\u00e3o civil na regi\u00e3o norte do Paran\u00e1.<\/p>\n\n\n\n<p>Ao longo de sua exist\u00eancia o projeto pedag\u00f3gico do curso de gradua\u00e7\u00e3o em Engenharia Civil sofreu altera\u00e7\u00f5es nos anos 1975, 1979, 1992, 2001, 2005, 2006, 2007 e 2010. Em 1971 o curso esteve alocado no Centro de Tecnologia, em 1977 no Centro de Ci\u00eancias Rurais e de Tecnologia e a partir de 1983 no Centro de Tecnologia e Urbanismo (CTU).<\/p>\n\n\n<div class=\"wp-block-image\">\n<figure class=\"aligncenter size-full\"><img loading=\"lazy\" decoding=\"async\" width=\"713\" height=\"171\" src=\"https:\/\/departamentos.uel.br\/construcao-civil\/wp-content\/uploads\/2024\/11\/imagem.png\" alt=\"\" class=\"wp-image-150\" srcset=\"https:\/\/departamentos.uel.br\/construcao-civil\/wp-content\/uploads\/2024\/11\/imagem.png 713w, https:\/\/departamentos.uel.br\/construcao-civil\/wp-content\/uploads\/2024\/11\/imagem-300x72.png 300w\" sizes=\"auto, (max-width: 713px) 100vw, 713px\" \/><\/figure>\n<\/div>\n\n\n<p><\/p>\n","protected":false},"excerpt":{"rendered":"<p>O Curso de Engenharia Civil foi criado em 1971, atrav\u00e9s da Resolu\u00e7\u00e3o n\u00ba 53\/71 de 26\/10\/71 \u2013 Reconhecido pelo Decreto n\u00ba 80.53 de 10.10.77 (C. F. E.). Um dos pioneiros na cria\u00e7\u00e3o do curso de Engenharia da UEL foi o Prof. Elias Pl\u00e1cido Vieira Cezar, tamb\u00e9m, respons\u00e1vel por obras hist\u00f3ricas na cidade de Londrina, como [&hellip;]<\/p>\n","protected":false},"author":10,"featured_media":0,"parent":0,"menu_order":0,"comment_status":"closed","ping_status":"closed","template":"","meta":{"_acf_changed":false,"_themeisle_gutenberg_block_has_review":false,"footnotes":""},"class_list":["post-169","page","type-page","status-publish","hentry"],"acf":[],"_links":{"self":[{"href":"https:\/\/departamentos.uel.br\/construcao-civil\/wp-json\/wp\/v2\/pages\/169","targetHints":{"allow":["GET"]}}],"collection":[{"href":"https:\/\/departamentos.uel.br\/construcao-civil\/wp-json\/wp\/v2\/pages"}],"about":[{"href":"https:\/\/departamentos.uel.br\/construcao-civil\/wp-json\/wp\/v2\/types\/page"}],"author":[{"embeddable":true,"href":"https:\/\/departamentos.uel.br\/construcao-civil\/wp-json\/wp\/v2\/users\/10"}],"replies":[{"embeddable":true,"href":"https:\/\/departamentos.uel.br\/construcao-civil\/wp-json\/wp\/v2\/comments?post=169"}],"version-history":[{"count":2,"href":"https:\/\/departamentos.uel.br\/construcao-civil\/wp-json\/wp\/v2\/pages\/169\/revisions"}],"predecessor-version":[{"id":185,"href":"https:\/\/departamentos.uel.br\/construcao-civil\/wp-json\/wp\/v2\/pages\/169\/revisions\/185"}],"wp:attachment":[{"href":"https:\/\/departamentos.uel.br\/construcao-civil\/wp-json\/wp\/v2\/media?parent=169"}],"curies":[{"name":"wp","href":"https:\/\/api.w.org\/{rel}","templated":true}]}}