{"id":165,"date":"2024-11-26T16:40:02","date_gmt":"2024-11-26T19:40:02","guid":{"rendered":"https:\/\/departamentos.uel.br\/construcao-civil\/?page_id=165"},"modified":"2024-11-27T16:03:27","modified_gmt":"2024-11-27T19:03:27","slug":"eventos","status":"publish","type":"page","link":"https:\/\/departamentos.uel.br\/construcao-civil\/eventos\/","title":{"rendered":"Eventos"},"content":{"rendered":"\n<p class=\"has-medium-font-size\"><strong>2024<\/strong><\/p>\n\n\n\n<div id=\"wp-block-themeisle-blocks-accordion-b6c4e625\" class=\"wp-block-themeisle-blocks-accordion exclusive\">\n<details class=\"wp-block-themeisle-blocks-accordion-item\"><summary class=\"wp-block-themeisle-blocks-accordion-item__title\"><div><strong>Eventos Programados na \u00c1rea de Constru\u00e7\u00e3o Civil<\/strong><\/div><\/summary><div class=\"wp-block-themeisle-blocks-accordion-item__content\">\n<p>Para saber quais eventos v\u00e3o acontecer em Londrina, neste per\u00edodo<\/p>\n\n\n\n<p>clique no link <a href=\"https:\/\/portal.uel.br\/eventos\/centro-de-tecnologia-e-urbanismo\/depart-de-construcao-civil\/\"><strong>saiba mais<\/strong><\/a>&#8230;<\/p>\n<\/div><\/details>\n<\/div>\n","protected":false},"excerpt":{"rendered":"<p>2024<\/p>\n","protected":false},"author":10,"featured_media":0,"parent":0,"menu_order":0,"comment_status":"closed","ping_status":"closed","template":"","meta":{"_acf_changed":false,"_themeisle_gutenberg_block_has_review":false,"footnotes":""},"class_list":["post-165","page","type-page","status-publish","hentry"],"acf":[],"_links":{"self":[{"href":"https:\/\/departamentos.uel.br\/construcao-civil\/wp-json\/wp\/v2\/pages\/165","targetHints":{"allow":["GET"]}}],"collection":[{"href":"https:\/\/departamentos.uel.br\/construcao-civil\/wp-json\/wp\/v2\/pages"}],"about":[{"href":"https:\/\/departamentos.uel.br\/construcao-civil\/wp-json\/wp\/v2\/types\/page"}],"author":[{"embeddable":true,"href":"https:\/\/departamentos.uel.br\/construcao-civil\/wp-json\/wp\/v2\/users\/10"}],"replies":[{"embeddable":true,"href":"https:\/\/departamentos.uel.br\/construcao-civil\/wp-json\/wp\/v2\/comments?post=165"}],"version-history":[{"count":2,"href":"https:\/\/departamentos.uel.br\/construcao-civil\/wp-json\/wp\/v2\/pages\/165\/revisions"}],"predecessor-version":[{"id":245,"href":"https:\/\/departamentos.uel.br\/construcao-civil\/wp-json\/wp\/v2\/pages\/165\/revisions\/245"}],"wp:attachment":[{"href":"https:\/\/departamentos.uel.br\/construcao-civil\/wp-json\/wp\/v2\/media?parent=165"}],"curies":[{"name":"wp","href":"https:\/\/api.w.org\/{rel}","templated":true}]}}