{"id":40,"date":"2024-10-31T11:05:19","date_gmt":"2024-10-31T14:05:19","guid":{"rendered":"https:\/\/departamentos.uel.br\/comunicacao\/?page_id=40"},"modified":"2024-10-31T11:47:45","modified_gmt":"2024-10-31T14:47:45","slug":"sobre-o-departamento","status":"publish","type":"page","link":"https:\/\/departamentos.uel.br\/comunicacao\/sobre-o-departamento\/","title":{"rendered":"Sobre o Departamento"},"content":{"rendered":"\n<p>Somos um Departamento comprometido em promover um ambiente de comunica\u00e7\u00e3o transparente, din\u00e2mico e inovador, que valorize a troca de conhecimento e a constru\u00e7\u00e3o de rela\u00e7\u00f5es.<\/p>\n\n\n\n<p>Nosso objetivo \u00e9 potencializar a imagem e os valores da universidade, sempre destacando as conquistas acad\u00eamicas, cient\u00edficas e culturais da nossa comunidade.<\/p>\n\n\n\n<p>Atrav\u00e9s de uma comunica\u00e7\u00e3o estrat\u00e9gica e inclusiva, buscamos fortalecer o v\u00ednculo entre estudantes, professores, colaboradores e a sociedade. <\/p>\n","protected":false},"excerpt":{"rendered":"<p>Somos um Departamento comprometido em promover um ambiente de comunica\u00e7\u00e3o transparente, din\u00e2mico e inovador, que valorize a troca de conhecimento e a constru\u00e7\u00e3o de rela\u00e7\u00f5es. Nosso objetivo \u00e9 potencializar a imagem e os valores da universidade, sempre destacando as conquistas acad\u00eamicas, cient\u00edficas e culturais da nossa comunidade. Atrav\u00e9s de uma comunica\u00e7\u00e3o estrat\u00e9gica e inclusiva, buscamos [&hellip;]<\/p>\n","protected":false},"author":6,"featured_media":0,"parent":0,"menu_order":0,"comment_status":"closed","ping_status":"closed","template":"","meta":{"_acf_changed":false,"_themeisle_gutenberg_block_has_review":false,"footnotes":""},"class_list":["post-40","page","type-page","status-publish","hentry"],"acf":[],"_links":{"self":[{"href":"https:\/\/departamentos.uel.br\/comunicacao\/wp-json\/wp\/v2\/pages\/40","targetHints":{"allow":["GET"]}}],"collection":[{"href":"https:\/\/departamentos.uel.br\/comunicacao\/wp-json\/wp\/v2\/pages"}],"about":[{"href":"https:\/\/departamentos.uel.br\/comunicacao\/wp-json\/wp\/v2\/types\/page"}],"author":[{"embeddable":true,"href":"https:\/\/departamentos.uel.br\/comunicacao\/wp-json\/wp\/v2\/users\/6"}],"replies":[{"embeddable":true,"href":"https:\/\/departamentos.uel.br\/comunicacao\/wp-json\/wp\/v2\/comments?post=40"}],"version-history":[{"count":2,"href":"https:\/\/departamentos.uel.br\/comunicacao\/wp-json\/wp\/v2\/pages\/40\/revisions"}],"predecessor-version":[{"id":68,"href":"https:\/\/departamentos.uel.br\/comunicacao\/wp-json\/wp\/v2\/pages\/40\/revisions\/68"}],"wp:attachment":[{"href":"https:\/\/departamentos.uel.br\/comunicacao\/wp-json\/wp\/v2\/media?parent=40"}],"curies":[{"name":"wp","href":"https:\/\/api.w.org\/{rel}","templated":true}]}}