{"id":50,"date":"2024-08-30T11:16:30","date_gmt":"2024-08-30T14:16:30","guid":{"rendered":"https:\/\/departamentos.uel.br\/computacao\/?page_id=50"},"modified":"2026-04-07T15:35:37","modified_gmt":"2026-04-07T18:35:37","slug":"contatos","status":"publish","type":"page","link":"https:\/\/departamentos.uel.br\/computacao\/contatos\/","title":{"rendered":"Contatos"},"content":{"rendered":"\n<h2 id=\"wp-block-themeisle-blocks-advanced-heading-75938cff\" class=\"wp-block-themeisle-blocks-advanced-heading wp-block-themeisle-blocks-advanced-heading-75938cff\">Secretaria<\/h2>\n\n\n\n<p>Larissa Kaori Takahashi<br>Paulo Gedeao Mendes<br><strong>secretaria.dc@uel.br<\/strong><br>(43) 3371-4678<\/p>\n\n\n\n<p><strong>Correspond\u00eancias<\/strong><br>Universidade Estadual de Londrina<br>Departamento de Computa\u00e7\u00e3o<br>Centro de Ci\u00eancias Exatas \u2013 CCE<br>Bloco J \u2013 Sala 305A<br>Rod. Celso Garcia Cid, S\/N<br>CEP: 86057-970<br>Caixa Postal 10011<\/p>\n\n\n\n<h2 id=\"wp-block-themeisle-blocks-advanced-heading-35c57e1e\" class=\"wp-block-themeisle-blocks-advanced-heading wp-block-themeisle-blocks-advanced-heading-35c57e1e\">Suporte &#8211; T\u00e9cnicos de Inform\u00e1tica<\/h2>\n\n\n\n<div class=\"wp-block-group\"><div class=\"wp-block-group__inner-container is-layout-constrained wp-block-group-is-layout-constrained\">\n<p>Rog\u00e9rio Corc\u00f3via<br>Jader Herculano do Prado da Silva<br>Felipe Silva Araujo<br><strong>suporte.dc@uel.br<\/strong><br>(43)3371-4839<\/p>\n\n\n\n<p><\/p>\n<\/div><\/div>\n\n\n\n<h2 id=\"wp-block-themeisle-blocks-advanced-heading-08b99f0e\" class=\"wp-block-themeisle-blocks-advanced-heading wp-block-themeisle-blocks-advanced-heading-08b99f0e\">Analistas de Inform\u00e1tica<\/h2>\n\n\n\n<div class=\"wp-block-group\"><div class=\"wp-block-group__inner-container is-layout-constrained wp-block-group-is-layout-constrained\">\n<p>Edson Luiz Pilati Filho (edson.luiz.pilati@uel.br)<br>Nathalia dos Santos Silva Nolepa (nathalianolepa@uel.br)<\/p>\n<\/div><\/div>\n\n\n\n<h2 id=\"wp-block-themeisle-blocks-advanced-heading-ea17131f\" class=\"wp-block-themeisle-blocks-advanced-heading wp-block-themeisle-blocks-advanced-heading-ea17131f\">Chefia<\/h2>\n\n\n\n<p><strong>Chefe do Departamento<\/strong><br>Wesley Attrot<br>wesley@uel.br<\/p>\n\n\n\n<p><strong>Vice-Chefe do Departamento<\/strong><br>F\u00e1bio Cezar Martins<br>fabio@uel.br<\/p>\n\n\n\n<h2 id=\"wp-block-themeisle-blocks-advanced-heading-4463de31\" class=\"wp-block-themeisle-blocks-advanced-heading wp-block-themeisle-blocks-advanced-heading-4463de31\">Comiss\u00f5es<\/h2>\n\n\n\n<p><strong>Comiss\u00e3o de Ensino do Departamento<\/strong><br><strong>Coordenador<\/strong>: Prof. Dr. Mario Lemes Proen\u00e7a J\u00fanior (proenca@uel.br)<br><span style=\"font-size: 1.2rem\"><strong>Suplente<\/strong><\/span>: <span style=\"font-size: 1.2rem\">Prof. Dr. Andr\u00e9 Lu\u00eds Andrade Menolli<\/span><br><strong>Membro<\/strong>: Profa. Dra. Cinthyan Renata S.C. de Barbosa&nbsp;<span style=\"font-size: 1.2rem\">&nbsp;&nbsp;&nbsp;&nbsp;&nbsp;&nbsp;&nbsp;&nbsp;&nbsp;&nbsp;&nbsp;&nbsp;&nbsp;&nbsp;&nbsp;&nbsp;&nbsp;&nbsp;&nbsp;&nbsp;&nbsp;&nbsp;&nbsp;&nbsp;&nbsp;&nbsp;&nbsp;&nbsp;&nbsp;&nbsp;&nbsp;&nbsp;&nbsp;&nbsp;&nbsp;&nbsp;&nbsp;&nbsp;&nbsp;&nbsp;&nbsp;&nbsp;&nbsp;&nbsp;&nbsp;&nbsp;<\/span><br><br><strong>Comiss\u00e3o de P\u00f3s-Gradua\u00e7\u00e3o do Departamento<\/strong><br><strong>Coordenador<\/strong>: Prof. Dr. Mario Lemes Proen\u00e7a J\u00fanior (proenca@uel.br)<br><span style=\"font-size: 1.2rem\"><strong>Suplente<\/strong><\/span>: Prof. Dr. Rodolfo Miranda de Barros<br><strong>Membro<\/strong>: <span style=\"font-size: 1.2rem\">&nbsp;Prof. Dr. Jacques Du\u00edlio Brancher&nbsp;<\/span><\/p>\n\n\n\n<p><strong>Comiss\u00e3o de Pesquisa do Departamento<\/strong><br><strong>Coordenador<\/strong>: Prof. Dr. Bruno Bogaz Zarpel\u00e3o (brunozarpelao@uel.br)<br><span style=\"font-size: 1.2rem\"><strong>Suplente<\/strong><\/span>: Prof. Dr. Andr\u00e9 Lu\u00eds Andrade Menolli<br><strong>Membro<\/strong>: Prof. Dr. Jacques Du\u00edlio Brancher<\/p>\n\n\n\n<p><strong>Comiss\u00e3o de Extens\u00e3o do Departamento<\/strong><br><strong>Coordenador<\/strong>: Prof. Dr. Rodolfo Miranda de Barros (rodolfo@uel.br)<br><span style=\"font-size: 1.2rem\"><strong>Suplente<\/strong><\/span>: Prof. Dr. Fabio Sakuray<br><strong>Membro<\/strong>: Prof.Dr. Jacques Du\u00edlio Brancher<\/p>\n\n\n\n<div class=\"wp-block-columns is-layout-flex wp-container-core-columns-is-layout-9d6595d7 wp-block-columns-is-layout-flex\">\n<div class=\"wp-block-column is-layout-flow wp-block-column-is-layout-flow\"><\/div>\n<\/div>\n\n\n\n<p><\/p>\n","protected":false},"excerpt":{"rendered":"<p>Larissa Kaori TakahashiPaulo Gedeao Mendessecretaria.dc@uel.br(43) 3371-4678 Correspond\u00eanciasUniversidade Estadual de LondrinaDepartamento de Computa\u00e7\u00e3oCentro de Ci\u00eancias Exatas \u2013 CCEBloco J \u2013 Sala 305ARod. Celso Garcia Cid, S\/NCEP: 86057-970Caixa Postal 10011 Rog\u00e9rio Corc\u00f3viaJader Herculano do Prado da SilvaFelipe Silva Araujosuporte.dc@uel.br(43)3371-4839 Edson Luiz Pilati Filho (edson.luiz.pilati@uel.br)Nathalia dos Santos Silva Nolepa (nathalianolepa@uel.br) Chefe do DepartamentoWesley Attrotwesley@uel.br Vice-Chefe do DepartamentoF\u00e1bio Cezar [&hellip;]<\/p>\n","protected":false},"author":6,"featured_media":0,"parent":0,"menu_order":0,"comment_status":"closed","ping_status":"closed","template":"","meta":{"_acf_changed":false,"_themeisle_gutenberg_block_has_review":false,"footnotes":""},"class_list":["post-50","page","type-page","status-publish","hentry"],"acf":[],"_links":{"self":[{"href":"https:\/\/departamentos.uel.br\/computacao\/wp-json\/wp\/v2\/pages\/50","targetHints":{"allow":["GET"]}}],"collection":[{"href":"https:\/\/departamentos.uel.br\/computacao\/wp-json\/wp\/v2\/pages"}],"about":[{"href":"https:\/\/departamentos.uel.br\/computacao\/wp-json\/wp\/v2\/types\/page"}],"author":[{"embeddable":true,"href":"https:\/\/departamentos.uel.br\/computacao\/wp-json\/wp\/v2\/users\/6"}],"replies":[{"embeddable":true,"href":"https:\/\/departamentos.uel.br\/computacao\/wp-json\/wp\/v2\/comments?post=50"}],"version-history":[{"count":31,"href":"https:\/\/departamentos.uel.br\/computacao\/wp-json\/wp\/v2\/pages\/50\/revisions"}],"predecessor-version":[{"id":346,"href":"https:\/\/departamentos.uel.br\/computacao\/wp-json\/wp\/v2\/pages\/50\/revisions\/346"}],"wp:attachment":[{"href":"https:\/\/departamentos.uel.br\/computacao\/wp-json\/wp\/v2\/media?parent=50"}],"curies":[{"name":"wp","href":"https:\/\/api.w.org\/{rel}","templated":true}]}}

<h2 id="wp-block-themeisle-blocks-advanced-heading-75938cff" class="wp-block-themeisle-blocks-advanced-heading wp-block-themeisle-blocks-advanced-heading-75938cff">Secretaria</h2>



<p>Larissa Kaori Takahashi<br>Paulo Gedeao Mendes<br><strong>secretaria.dc@uel.br</strong><br>(43) 3371-4678</p>



<p><strong>Correspondências</strong><br>Universidade Estadual de Londrina<br>Departamento de Computação<br>Centro de Ciências Exatas – CCE<br>Bloco J – Sala 305A<br>Rod. Celso Garcia Cid, S/N<br>CEP: 86057-970<br>Caixa Postal 10011</p>



<h2 id="wp-block-themeisle-blocks-advanced-heading-35c57e1e" class="wp-block-themeisle-blocks-advanced-heading wp-block-themeisle-blocks-advanced-heading-35c57e1e">Suporte &#8211; Técnicos de Informática</h2>



<div class="wp-block-group"><div class="wp-block-group__inner-container is-layout-constrained wp-block-group-is-layout-constrained">
<p>Rogério Corcóvia<br>Jader Herculano do Prado da Silva<br>Felipe Silva Araujo<br><strong>suporte.dc@uel.br</strong><br>(43)3371-4839</p>



<p></p>
</div></div>



<h2 id="wp-block-themeisle-blocks-advanced-heading-08b99f0e" class="wp-block-themeisle-blocks-advanced-heading wp-block-themeisle-blocks-advanced-heading-08b99f0e">Analistas de Informática</h2>



<div class="wp-block-group"><div class="wp-block-group__inner-container is-layout-constrained wp-block-group-is-layout-constrained">
<p>Edson Luiz Pilati Filho (edson.luiz.pilati@uel.br)<br>Nathalia dos Santos Silva Nolepa (nathalianolepa@uel.br)</p>
</div></div>



<h2 id="wp-block-themeisle-blocks-advanced-heading-ea17131f" class="wp-block-themeisle-blocks-advanced-heading wp-block-themeisle-blocks-advanced-heading-ea17131f">Chefia</h2>



<p><strong>Chefe do Departamento</strong><br>Wesley Attrot<br>wesley@uel.br</p>



<p><strong>Vice-Chefe do Departamento</strong><br>Fábio Cezar Martins<br>fabio@uel.br</p>



<h2 id="wp-block-themeisle-blocks-advanced-heading-4463de31" class="wp-block-themeisle-blocks-advanced-heading wp-block-themeisle-blocks-advanced-heading-4463de31">Comissões</h2>



<p><strong>Comissão de Ensino do Departamento</strong><br><strong>Coordenador</strong>: Prof. Dr. Mario Lemes Proença Júnior (proenca@uel.br)<br><span style="font-size: 1.2rem"><strong>Suplente</strong></span>: <span style="font-size: 1.2rem">Prof. Dr. André Luís Andrade Menolli</span><br><strong>Membro</strong>: Profa. Dra. Cinthyan Renata S.C. de Barbosa&nbsp;<span style="font-size: 1.2rem">&nbsp;&nbsp;&nbsp;&nbsp;&nbsp;&nbsp;&nbsp;&nbsp;&nbsp;&nbsp;&nbsp;&nbsp;&nbsp;&nbsp;&nbsp;&nbsp;&nbsp;&nbsp;&nbsp;&nbsp;&nbsp;&nbsp;&nbsp;&nbsp;&nbsp;&nbsp;&nbsp;&nbsp;&nbsp;&nbsp;&nbsp;&nbsp;&nbsp;&nbsp;&nbsp;&nbsp;&nbsp;&nbsp;&nbsp;&nbsp;&nbsp;&nbsp;&nbsp;&nbsp;&nbsp;&nbsp;</span><br><br><strong>Comissão de Pós-Graduação do Departamento</strong><br><strong>Coordenador</strong>: Prof. Dr. Mario Lemes Proença Júnior (proenca@uel.br)<br><span style="font-size: 1.2rem"><strong>Suplente</strong></span>: Prof. Dr. Rodolfo Miranda de Barros<br><strong>Membro</strong>: <span style="font-size: 1.2rem">&nbsp;Prof. Dr. Jacques Duílio Brancher&nbsp;</span></p>



<p><strong>Comissão de Pesquisa do Departamento</strong><br><strong>Coordenador</strong>: Prof. Dr. Bruno Bogaz Zarpelão (brunozarpelao@uel.br)<br><span style="font-size: 1.2rem"><strong>Suplente</strong></span>: Prof. Dr. André Luís Andrade Menolli<br><strong>Membro</strong>: Prof. Dr. Jacques Duílio Brancher</p>



<p><strong>Comissão de Extensão do Departamento</strong><br><strong>Coordenador</strong>: Prof. Dr. Rodolfo Miranda de Barros (rodolfo@uel.br)<br><span style="font-size: 1.2rem"><strong>Suplente</strong></span>: Prof. Dr. Fabio Sakuray<br><strong>Membro</strong>: Prof.Dr. Jacques Duílio Brancher</p>



<div class="wp-block-columns is-layout-flex wp-container-core-columns-is-layout-9d6595d7 wp-block-columns-is-layout-flex">
<div class="wp-block-column is-layout-flow wp-block-column-is-layout-flow"></div>
</div>



<p></p>

<p>Larissa Kaori TakahashiPaulo Gedeao Mendessecretaria.dc@uel.br(43) 3371-4678 CorrespondênciasUniversidade Estadual de LondrinaDepartamento de ComputaçãoCentro de Ciências Exatas – CCEBloco J – Sala 305ARod. Celso Garcia Cid, S/NCEP: 86057-970Caixa Postal 10011 Rogério CorcóviaJader Herculano do Prado da SilvaFelipe Silva Araujosuporte.dc@uel.br(43)3371-4839 Edson Luiz Pilati Filho (edson.luiz.pilati@uel.br)Nathalia dos Santos Silva Nolepa (nathalianolepa@uel.br) Chefe do DepartamentoWesley Attrotwesley@uel.br Vice-Chefe do DepartamentoFábio Cezar [&hellip;]</p>
