{"id":48,"date":"2024-08-30T11:16:16","date_gmt":"2024-08-30T14:16:16","guid":{"rendered":"https:\/\/departamentos.uel.br\/computacao\/?page_id=48"},"modified":"2026-04-07T15:34:21","modified_gmt":"2026-04-07T18:34:21","slug":"sobre-o-departamento","status":"publish","type":"page","link":"https:\/\/departamentos.uel.br\/computacao\/sobre-o-departamento\/","title":{"rendered":"Sobre o Departamento"},"content":{"rendered":"\n<p>O Departamento de Computa\u00e7\u00e3o foi criado em 1995, ap\u00f3s a formatura da primeira turma do curso de Ci\u00eancia da Computa\u00e7\u00e3o da UEL em 1994. <\/p>\n\n\n\n<p>Atualmente, o Departamento de Computa\u00e7\u00e3o oferece os cursos de Bacharelado em Ci\u00eancia da Computa\u00e7\u00e3o, Bacharelado em Ci\u00eancia de Dados e Intelig\u00eancia Artificial, Mestrado em Ci\u00eancia da Computa\u00e7\u00e3o e especializa\u00e7\u00f5es lato sensu em diversas \u00e1reas.<\/p>\n\n\n\n<p>O Departamento de Computa\u00e7\u00e3o tem compromisso constante com a excel\u00eancia nas \u00e1reas de pesquisa, ensino e extens\u00e3o, proporcionando uma base s\u00f3lida para a forma\u00e7\u00e3o de profissionais capazes de atuar com compet\u00eancia e autonomia.<\/p>\n\n\n\n<p>Tudo come\u00e7ou na d\u00e9cada de 80, quando na UEL era oferecida apenas a modalidade de \u201cAn\u00e1lise de Sistemas\u201d dentro do curso de Administra\u00e7\u00e3o, com toda a parte computacional mantida pelos professores do Departamento de Matem\u00e1tica Aplicada.&nbsp;A necessidade de melhoria na qualidade de ensino e aumento da qualifica\u00e7\u00e3o da massa cr\u00edtica nesta \u00e1rea eram evidentes.<\/p>\n\n\n\n<p>Foi ent\u00e3o que, em 1989 implantou-se o curso de \u201cEspecializa\u00e7\u00e3o em Ci\u00eancia da Computa\u00e7\u00e3o\u201d, conveniado com a IBM\/BR e COPPE\/RJ. Foi um grande passo, mas o curso de Gradua\u00e7\u00e3o em Ci\u00eancia da Computa\u00e7\u00e3o precisava ser criado.<\/p>\n\n\n\n<p>Com a assessoria de qualificados profissionais da COPPE\/UFRJ e ILAT\/IBM BRASIL, foi elaborado o projeto do curso de Gradua\u00e7\u00e3o em Ci\u00eancia da Computa\u00e7\u00e3o, apreciado e aprovado em 1990. O curso come\u00e7ou a ser implantado no primeiro semestre de 1991.<\/p>\n\n\n\n<p>A partir desta data, houve por conseq\u00fc\u00eancia um crescimento vertiginoso do Departamento de Matem\u00e1tica Aplicada, quanto a:<\/p>\n\n\n\n<ul class=\"wp-block-list\">\n<li>diversidade de disciplinas;<\/li>\n\n\n\n<li>diferentes curso atendidos;<\/li>\n\n\n\n<li>grande n\u00famero de alunos;<\/li>\n\n\n\n<li>peculiaridades espec\u00edficas das grandes \u00e1reas envolvidas:&nbsp;Estat\u00edstica,&nbsp;Matem\u00e1tica Aplicada e&nbsp;Computa\u00e7\u00e3o;<\/li>\n<\/ul>\n\n\n\n<p>Ent\u00e3o, pela complexidade na organiza\u00e7\u00e3o administrativa, e dificuldade de capacita\u00e7\u00e3o e do planejamento acad\u00eamico, foi feito o desdobramento do Departamento em dois outros, cada um, abrangendo as \u00e1reas e disciplinas que apresentavam maior afinidade de conte\u00fado e de metodologia.<\/p>\n\n\n\n<p>Assim, nasceu o Departamento de Computa\u00e7\u00e3o.<\/p>\n\n\n\n<div class=\"wp-block-columns is-layout-flex wp-container-core-columns-is-layout-9d6595d7 wp-block-columns-is-layout-flex\">\n<div class=\"wp-block-column is-layout-flow wp-block-column-is-layout-flow\"><\/div>\n<\/div>\n","protected":false},"excerpt":{"rendered":"<p>O Departamento de Computa\u00e7\u00e3o foi criado em 1995, ap\u00f3s a formatura da primeira turma do curso de Ci\u00eancia da Computa\u00e7\u00e3o da UEL em 1994. Atualmente, o Departamento de Computa\u00e7\u00e3o oferece os cursos de Bacharelado em Ci\u00eancia da Computa\u00e7\u00e3o, Bacharelado em Ci\u00eancia de Dados e Intelig\u00eancia Artificial, Mestrado em Ci\u00eancia da Computa\u00e7\u00e3o e especializa\u00e7\u00f5es lato sensu [&hellip;]<\/p>\n","protected":false},"author":6,"featured_media":0,"parent":0,"menu_order":0,"comment_status":"closed","ping_status":"closed","template":"","meta":{"_acf_changed":false,"_themeisle_gutenberg_block_has_review":false,"footnotes":""},"class_list":["post-48","page","type-page","status-publish","hentry"],"acf":[],"_links":{"self":[{"href":"https:\/\/departamentos.uel.br\/computacao\/wp-json\/wp\/v2\/pages\/48","targetHints":{"allow":["GET"]}}],"collection":[{"href":"https:\/\/departamentos.uel.br\/computacao\/wp-json\/wp\/v2\/pages"}],"about":[{"href":"https:\/\/departamentos.uel.br\/computacao\/wp-json\/wp\/v2\/types\/page"}],"author":[{"embeddable":true,"href":"https:\/\/departamentos.uel.br\/computacao\/wp-json\/wp\/v2\/users\/6"}],"replies":[{"embeddable":true,"href":"https:\/\/departamentos.uel.br\/computacao\/wp-json\/wp\/v2\/comments?post=48"}],"version-history":[{"count":6,"href":"https:\/\/departamentos.uel.br\/computacao\/wp-json\/wp\/v2\/pages\/48\/revisions"}],"predecessor-version":[{"id":345,"href":"https:\/\/departamentos.uel.br\/computacao\/wp-json\/wp\/v2\/pages\/48\/revisions\/345"}],"wp:attachment":[{"href":"https:\/\/departamentos.uel.br\/computacao\/wp-json\/wp\/v2\/media?parent=48"}],"curies":[{"name":"wp","href":"https:\/\/api.w.org\/{rel}","templated":true}]}}

<p>O Departamento de Computação foi criado em 1995, após a formatura da primeira turma do curso de Ciência da Computação da UEL em 1994. </p>



<p>Atualmente, o Departamento de Computação oferece os cursos de Bacharelado em Ciência da Computação, Bacharelado em Ciência de Dados e Inteligência Artificial, Mestrado em Ciência da Computação e especializações lato sensu em diversas áreas.</p>



<p>O Departamento de Computação tem compromisso constante com a excelência nas áreas de pesquisa, ensino e extensão, proporcionando uma base sólida para a formação de profissionais capazes de atuar com competência e autonomia.</p>



<p>Tudo começou na década de 80, quando na UEL era oferecida apenas a modalidade de “Análise de Sistemas” dentro do curso de Administração, com toda a parte computacional mantida pelos professores do Departamento de Matemática Aplicada.&nbsp;A necessidade de melhoria na qualidade de ensino e aumento da qualificação da massa crítica nesta área eram evidentes.</p>



<p>Foi então que, em 1989 implantou-se o curso de “Especialização em Ciência da Computação”, conveniado com a IBM/BR e COPPE/RJ. Foi um grande passo, mas o curso de Graduação em Ciência da Computação precisava ser criado.</p>



<p>Com a assessoria de qualificados profissionais da COPPE/UFRJ e ILAT/IBM BRASIL, foi elaborado o projeto do curso de Graduação em Ciência da Computação, apreciado e aprovado em 1990. O curso começou a ser implantado no primeiro semestre de 1991.</p>



<p>A partir desta data, houve por conseqüência um crescimento vertiginoso do Departamento de Matemática Aplicada, quanto a:</p>



<ul class="wp-block-list">
<li>diversidade de disciplinas;</li>



<li>diferentes curso atendidos;</li>



<li>grande número de alunos;</li>



<li>peculiaridades específicas das grandes áreas envolvidas:&nbsp;Estatística,&nbsp;Matemática Aplicada e&nbsp;Computação;</li>
</ul>



<p>Então, pela complexidade na organização administrativa, e dificuldade de capacitação e do planejamento acadêmico, foi feito o desdobramento do Departamento em dois outros, cada um, abrangendo as áreas e disciplinas que apresentavam maior afinidade de conteúdo e de metodologia.</p>



<p>Assim, nasceu o Departamento de Computação.</p>



<div class="wp-block-columns is-layout-flex wp-container-core-columns-is-layout-9d6595d7 wp-block-columns-is-layout-flex">
<div class="wp-block-column is-layout-flow wp-block-column-is-layout-flow"></div>
</div>

<p>O Departamento de Computação foi criado em 1995, após a formatura da primeira turma do curso de Ciência da Computação da UEL em 1994. Atualmente, o Departamento de Computação oferece os cursos de Bacharelado em Ciência da Computação, Bacharelado em Ciência de Dados e Inteligência Artificial, Mestrado em Ciência da Computação e especializações lato sensu [&hellip;]</p>
