{"id":43,"date":"2024-10-28T17:16:36","date_gmt":"2024-10-28T20:16:36","guid":{"rendered":"https:\/\/departamentos.uel.br\/clinicas-veterinarias\/?page_id=43"},"modified":"2026-03-16T11:46:32","modified_gmt":"2026-03-16T14:46:32","slug":"corpo-tecnico","status":"publish","type":"page","link":"https:\/\/departamentos.uel.br\/clinicas-veterinarias\/corpo-tecnico\/","title":{"rendered":"Comiss\u00f5es do Departamento"},"content":{"rendered":"\n<div class=\"wp-block-group is-vertical is-layout-flex wp-container-core-group-is-layout-8cf370e7 wp-block-group-is-layout-flex\">\n<p><strong>Comiss\u00e3o de Pesquisa<\/strong><br><strong>Coordenadora<\/strong>: Maria Isabel Mello Martins<\/p>\n\n\n\n<p>e-mail: imartins@uel.br<\/p>\n\n\n\n<p><strong>Vice-Coordenador:<\/strong> J\u00falio Augusto Naylor Lisboa<\/p>\n\n\n\n<p> e-mail: janlisboa@uel.br<\/p>\n\n\n\n<p><strong>Membro:<\/strong> Lucas Al\u00e9cio Gomes <\/p>\n\n\n\n<p>e-mail: lagomes@uel.br<\/p>\n<\/div>\n\n\n\n<p><\/p>\n\n\n\n<p><strong>Comiss\u00e3o de P\u00f3s-Gradua\u00e7\u00e3o<\/strong> <br><strong>Coordenador<\/strong>: J\u00falio Augusto Naylor Lisboa<br>janlisboa@uel.br<br><strong>Vice-Coordenador:<\/strong> Marcelo de Souza Zanutto<br>mzanutto@uel.br<br><strong>Membro: <\/strong>Fernando de Biasi<br>biasi@uel.br<\/p>\n\n\n\n<p><strong>Comiss\u00e3o de Extens\u00e3o<\/strong><br><strong>Coordenadora<\/strong>: Maria Isabel Mello Martins<br>imartins@uel.br<br><strong>Vice-Coordenadora<\/strong>: Mirian Siliane Batista de Souza<br>msiliane@uel.br<br><strong>Membro<\/strong>: Lucas Al\u00e9cio Gomes<br>lagomes@uel.br<\/p>\n\n\n\n<p><strong>Representante nas Comiss\u00f5es do Centro de Ci\u00eancias Agr\u00e1rias<\/strong><br><strong>Extens\u00e3o:<\/strong> Maria Isabel Mello Martins<\/p>\n\n\n\n<p><strong>P\u00f3s-Gradua\u00e7\u00e3o<\/strong>: J\u00falio Augusto Naylor Lisboa<\/p>\n\n\n\n<p><strong>Pesquisa<\/strong>: Maria Isabel Mello Martins<br><br><\/p>\n\n\n\n<p><\/p>\n","protected":false},"excerpt":{"rendered":"<p>Comiss\u00e3o de PesquisaCoordenadora: Maria Isabel Mello Martins e-mail: imartins@uel.br Vice-Coordenador: J\u00falio Augusto Naylor Lisboa e-mail: janlisboa@uel.br Membro: Lucas Al\u00e9cio Gomes e-mail: lagomes@uel.br Comiss\u00e3o de P\u00f3s-Gradua\u00e7\u00e3o Coordenador: J\u00falio Augusto Naylor Lisboajanlisboa@uel.brVice-Coordenador: Marcelo de Souza Zanuttomzanutto@uel.brMembro: Fernando de Biasibiasi@uel.br Comiss\u00e3o de Extens\u00e3oCoordenadora: Maria Isabel Mello Martinsimartins@uel.brVice-Coordenadora: Mirian Siliane Batista de Souzamsiliane@uel.brMembro: Lucas Al\u00e9cio Gomeslagomes@uel.br Representante nas Comiss\u00f5es [&hellip;]<\/p>\n","protected":false},"author":6,"featured_media":0,"parent":0,"menu_order":0,"comment_status":"closed","ping_status":"closed","template":"","meta":{"_acf_changed":false,"_themeisle_gutenberg_block_has_review":false,"footnotes":""},"class_list":["post-43","page","type-page","status-publish","hentry"],"acf":[],"_links":{"self":[{"href":"https:\/\/departamentos.uel.br\/clinicas-veterinarias\/wp-json\/wp\/v2\/pages\/43","targetHints":{"allow":["GET"]}}],"collection":[{"href":"https:\/\/departamentos.uel.br\/clinicas-veterinarias\/wp-json\/wp\/v2\/pages"}],"about":[{"href":"https:\/\/departamentos.uel.br\/clinicas-veterinarias\/wp-json\/wp\/v2\/types\/page"}],"author":[{"embeddable":true,"href":"https:\/\/departamentos.uel.br\/clinicas-veterinarias\/wp-json\/wp\/v2\/users\/6"}],"replies":[{"embeddable":true,"href":"https:\/\/departamentos.uel.br\/clinicas-veterinarias\/wp-json\/wp\/v2\/comments?post=43"}],"version-history":[{"count":10,"href":"https:\/\/departamentos.uel.br\/clinicas-veterinarias\/wp-json\/wp\/v2\/pages\/43\/revisions"}],"predecessor-version":[{"id":227,"href":"https:\/\/departamentos.uel.br\/clinicas-veterinarias\/wp-json\/wp\/v2\/pages\/43\/revisions\/227"}],"wp:attachment":[{"href":"https:\/\/departamentos.uel.br\/clinicas-veterinarias\/wp-json\/wp\/v2\/media?parent=43"}],"curies":[{"name":"wp","href":"https:\/\/api.w.org\/{rel}","templated":true}]}}