{"id":47,"date":"2024-09-26T16:20:24","date_gmt":"2024-09-26T19:20:24","guid":{"rendered":"https:\/\/departamentos.uel.br\/clinica-medica\/?page_id=47"},"modified":"2024-10-08T10:45:36","modified_gmt":"2024-10-08T13:45:36","slug":"eventos","status":"publish","type":"page","link":"https:\/\/departamentos.uel.br\/clinica-medica\/eventos\/","title":{"rendered":"Eventos"},"content":{"rendered":"\n<p class=\"has-medium-font-size\"><strong>2024<\/strong><\/p>\n\n\n\n<div id=\"wp-block-themeisle-blocks-accordion-49a7378c\" class=\"wp-block-themeisle-blocks-accordion exclusive\">\n<details class=\"wp-block-themeisle-blocks-accordion-item\"><summary class=\"wp-block-themeisle-blocks-accordion-item__title\"><div><strong>Health Connect Summit 2024 &#8211; Inova\u00e7\u00e3o, Futuro e Tend\u00eancias no Setor da Sa\u00fade<\/strong><\/div><\/summary><div class=\"wp-block-themeisle-blocks-accordion-item__content\">\n<p>A dire\u00e7\u00e3o, docentes e t\u00e9cnicos do HU participaram do Health Connect Summit 2024 (HCS), nos dias 5 e 6 de Agosto. O evento tem como proposta a intera\u00e7\u00e3o de personagens da sa\u00fade e tecnologia do Brasil, incentivando discuss\u00f5es sobre inova\u00e7\u00e3o, futuro, tend\u00eancias, transforma\u00e7\u00e3o digital, gest\u00e3o e lideran\u00e7a na \u00e1rea da sa\u00fade. O HCS \u00e9 realizado pelo Polo de Sa\u00fade de Londrina e Sebrae\/PR, em parceria com a governan\u00e7a Sa\u00fade Londrina Uni\u00e3o Setorial (Salus) e a Associa\u00e7\u00e3o Londrinense das Ind\u00fastrias e Servi\u00e7os da Sa\u00fade (Alis).<\/p>\n\n\n<div class=\"wp-block-image\">\n<figure class=\"aligncenter size-full\"><img loading=\"lazy\" decoding=\"async\" width=\"445\" height=\"333\" src=\"https:\/\/departamentos.uel.br\/clinica-medica\/wp-content\/uploads\/2024\/10\/Evento-HU.png\" alt=\"\" class=\"wp-image-107\" srcset=\"https:\/\/departamentos.uel.br\/clinica-medica\/wp-content\/uploads\/2024\/10\/Evento-HU.png 445w, https:\/\/departamentos.uel.br\/clinica-medica\/wp-content\/uploads\/2024\/10\/Evento-HU-300x224.png 300w\" sizes=\"auto, (max-width: 445px) 100vw, 445px\" \/><\/figure>\n<\/div><\/div><\/details>\n<\/div>\n","protected":false},"excerpt":{"rendered":"<p>2024<\/p>\n","protected":false},"author":6,"featured_media":0,"parent":0,"menu_order":0,"comment_status":"closed","ping_status":"closed","template":"","meta":{"_acf_changed":false,"_themeisle_gutenberg_block_has_review":false,"footnotes":""},"class_list":["post-47","page","type-page","status-publish","hentry"],"acf":[],"_links":{"self":[{"href":"https:\/\/departamentos.uel.br\/clinica-medica\/wp-json\/wp\/v2\/pages\/47","targetHints":{"allow":["GET"]}}],"collection":[{"href":"https:\/\/departamentos.uel.br\/clinica-medica\/wp-json\/wp\/v2\/pages"}],"about":[{"href":"https:\/\/departamentos.uel.br\/clinica-medica\/wp-json\/wp\/v2\/types\/page"}],"author":[{"embeddable":true,"href":"https:\/\/departamentos.uel.br\/clinica-medica\/wp-json\/wp\/v2\/users\/6"}],"replies":[{"embeddable":true,"href":"https:\/\/departamentos.uel.br\/clinica-medica\/wp-json\/wp\/v2\/comments?post=47"}],"version-history":[{"count":5,"href":"https:\/\/departamentos.uel.br\/clinica-medica\/wp-json\/wp\/v2\/pages\/47\/revisions"}],"predecessor-version":[{"id":109,"href":"https:\/\/departamentos.uel.br\/clinica-medica\/wp-json\/wp\/v2\/pages\/47\/revisions\/109"}],"wp:attachment":[{"href":"https:\/\/departamentos.uel.br\/clinica-medica\/wp-json\/wp\/v2\/media?parent=47"}],"curies":[{"name":"wp","href":"https:\/\/api.w.org\/{rel}","templated":true}]}}

<p class="has-medium-font-size"><strong>2024</strong></p>



<div id="wp-block-themeisle-blocks-accordion-49a7378c" class="wp-block-themeisle-blocks-accordion exclusive">
<details class="wp-block-themeisle-blocks-accordion-item"><summary class="wp-block-themeisle-blocks-accordion-item__title"><div><strong>Health Connect Summit 2024 &#8211; Inovação, Futuro e Tendências no Setor da Saúde</strong></div></summary><div class="wp-block-themeisle-blocks-accordion-item__content">
<p>A direção, docentes e técnicos do HU participaram do Health Connect Summit 2024 (HCS), nos dias 5 e 6 de Agosto. O evento tem como proposta a interação de personagens da saúde e tecnologia do Brasil, incentivando discussões sobre inovação, futuro, tendências, transformação digital, gestão e liderança na área da saúde. O HCS é realizado pelo Polo de Saúde de Londrina e Sebrae/PR, em parceria com a governança Saúde Londrina União Setorial (Salus) e a Associação Londrinense das Indústrias e Serviços da Saúde (Alis).</p>


<div class="wp-block-image">
<figure class="aligncenter size-full"><img loading="lazy" decoding="async" width="445" height="333" src="https://departamentos.uel.br/clinica-medica/wp-content/uploads/2024/10/Evento-HU.png" alt="" class="wp-image-107" srcset="https://departamentos.uel.br/clinica-medica/wp-content/uploads/2024/10/Evento-HU.png 445w, https://departamentos.uel.br/clinica-medica/wp-content/uploads/2024/10/Evento-HU-300x224.png 300w" sizes="auto, (max-width: 445px) 100vw, 445px" /></figure>
</div></div></details>
</div>
