{"id":26,"date":"2024-09-26T14:13:02","date_gmt":"2024-09-26T17:13:02","guid":{"rendered":"https:\/\/departamentos.uel.br\/clinica-medica\/?page_id=26"},"modified":"2024-09-26T16:15:19","modified_gmt":"2024-09-26T19:15:19","slug":"sobre-o-departamento","status":"publish","type":"page","link":"https:\/\/departamentos.uel.br\/clinica-medica\/sobre-o-departamento\/","title":{"rendered":"Sobre o Departamento"},"content":{"rendered":"\n<p>O CCS tem por finalidade oferecer educa\u00e7\u00e3o superior (gradua\u00e7\u00e3o e p\u00f3s-gradua\u00e7\u00e3o) de excel\u00eancia, propiciando a forma\u00e7\u00e3o de profissionais de sa\u00fade capacitados e embasados em preceitos \u00e9ticos, morais, cient\u00edficos e human\u00edsticos. Formar pesquisadores e contribuir para o desenvolvimento cient\u00edfico e tecnol\u00f3gico de nossa regi\u00e3o atrav\u00e9s do ensino, pesquisa, extens\u00e3o e p\u00f3s-gradua\u00e7\u00e3o. Interagir com o poder p\u00fablico e com a sociedade na promo\u00e7\u00e3o de assist\u00eancia qualificada \u00e0 sa\u00fade e na dissemina\u00e7\u00e3o de novos conhecimentos nas \u00e1reas de Enfermagem, Farm\u00e1cia e Bioqu\u00edmica, Fisioterapia, Medicina e Odontologia.<\/p>\n","protected":false},"excerpt":{"rendered":"<p>O CCS tem por finalidade oferecer educa\u00e7\u00e3o superior (gradua\u00e7\u00e3o e p\u00f3s-gradua\u00e7\u00e3o) de excel\u00eancia, propiciando a forma\u00e7\u00e3o de profissionais de sa\u00fade capacitados e embasados em preceitos \u00e9ticos, morais, cient\u00edficos e human\u00edsticos. Formar pesquisadores e contribuir para o desenvolvimento cient\u00edfico e tecnol\u00f3gico de nossa regi\u00e3o atrav\u00e9s do ensino, pesquisa, extens\u00e3o e p\u00f3s-gradua\u00e7\u00e3o. Interagir com o poder p\u00fablico [&hellip;]<\/p>\n","protected":false},"author":6,"featured_media":0,"parent":0,"menu_order":0,"comment_status":"closed","ping_status":"closed","template":"","meta":{"_acf_changed":false,"_themeisle_gutenberg_block_has_review":false,"footnotes":""},"class_list":["post-26","page","type-page","status-publish","hentry"],"acf":[],"_links":{"self":[{"href":"https:\/\/departamentos.uel.br\/clinica-medica\/wp-json\/wp\/v2\/pages\/26","targetHints":{"allow":["GET"]}}],"collection":[{"href":"https:\/\/departamentos.uel.br\/clinica-medica\/wp-json\/wp\/v2\/pages"}],"about":[{"href":"https:\/\/departamentos.uel.br\/clinica-medica\/wp-json\/wp\/v2\/types\/page"}],"author":[{"embeddable":true,"href":"https:\/\/departamentos.uel.br\/clinica-medica\/wp-json\/wp\/v2\/users\/6"}],"replies":[{"embeddable":true,"href":"https:\/\/departamentos.uel.br\/clinica-medica\/wp-json\/wp\/v2\/comments?post=26"}],"version-history":[{"count":2,"href":"https:\/\/departamentos.uel.br\/clinica-medica\/wp-json\/wp\/v2\/pages\/26\/revisions"}],"predecessor-version":[{"id":37,"href":"https:\/\/departamentos.uel.br\/clinica-medica\/wp-json\/wp\/v2\/pages\/26\/revisions\/37"}],"wp:attachment":[{"href":"https:\/\/departamentos.uel.br\/clinica-medica\/wp-json\/wp\/v2\/media?parent=26"}],"curies":[{"name":"wp","href":"https:\/\/api.w.org\/{rel}","templated":true}]}}