{"id":30,"date":"2024-10-23T09:00:56","date_gmt":"2024-10-23T12:00:56","guid":{"rendered":"https:\/\/departamentos.uel.br\/clinica-cirurgica\/?page_id=30"},"modified":"2025-01-12T17:41:39","modified_gmt":"2025-01-12T20:41:39","slug":"infraestrutura","status":"publish","type":"page","link":"https:\/\/departamentos.uel.br\/clinica-cirurgica\/infraestrutura\/","title":{"rendered":"Resid\u00eancia M\u00e9dica e Internato"},"content":{"rendered":"\n<div style=\"height:58px\" aria-hidden=\"true\" class=\"wp-block-spacer\"><\/div>\n\n\n\n<div class=\"wp-block-media-text has-media-on-the-right is-stacked-on-mobile\" style=\"grid-template-columns:auto 29%\"><div class=\"wp-block-media-text__content\">\n<p class=\"has-text-align-center has-large-font-size\">Resid\u00eancias M\u00e9dicas\/ Coordenadores<\/p>\n<\/div><figure class=\"wp-block-media-text__media\"><img loading=\"lazy\" decoding=\"async\" width=\"926\" height=\"800\" src=\"https:\/\/departamentos.uel.br\/clinica-cirurgica\/wp-content\/uploads\/2025\/01\/nurse-2019420_1920-2.avif\" alt=\"\" class=\"wp-image-243 size-full\" srcset=\"https:\/\/departamentos.uel.br\/clinica-cirurgica\/wp-content\/uploads\/2025\/01\/nurse-2019420_1920-2.avif 926w, https:\/\/departamentos.uel.br\/clinica-cirurgica\/wp-content\/uploads\/2025\/01\/nurse-2019420_1920-2-300x259.jpg 300w, https:\/\/departamentos.uel.br\/clinica-cirurgica\/wp-content\/uploads\/2025\/01\/nurse-2019420_1920-2-768x663.jpg 768w\" sizes=\"auto, (max-width: 926px) 100vw, 926px\" \/><\/figure><\/div>\n\n\n\n<div style=\"height:38px\" aria-hidden=\"true\" class=\"wp-block-spacer\"><\/div>\n\n\n\n<p>Anestesiologia:\u00a0 Professora Edineia Favaro Biondo<br><br>Cirurgia Vascular:\u00a0 Professor Wander Eduardo Sardinha\u00a0<br><br>Cirurgia Endovascular:\u00a0 Professor Jos\u00e9 Manuel da Silva Silvestre<br><br>\u00c1rea Basica de Cirurgia: Professor Asc\u00eancio Garcia Lopes Junior<br><br>Cirurgia do Aparelho Digestivo:\u00a0Professor Antonio Cesar Marson<br><br>Neurocirurgia: Professor Marcio Francisco Lehmann\u00a0<br><br>Oftalmologia:\u00a0Professora Elaine Regina Ferraresi Sampaio<br><br>Transplante de C\u00f3rnea: Professora Ana Paula M. Taba Oguido<br><br>Ortopedia e Traumatologia: Professor\u00a0Pedro Henrique Schimidt Alves Ferreira Galv\u00e3o<br><br>Otorrinolaringologia: Professor Ricardo Borges<br><br>Urologia: Professor Marco Aur\u00e9lio de Freitas Rodrigues\u00a0<\/p>\n\n\n\n<div class=\"wp-block-media-text has-media-on-the-right is-stacked-on-mobile\" style=\"grid-template-columns:auto 24%\"><div class=\"wp-block-media-text__content\">\n<p class=\"has-text-align-center has-large-font-size\">Internato M\u00e9dico \/ Coordenadores<\/p>\n<\/div><figure class=\"wp-block-media-text__media\"><img loading=\"lazy\" decoding=\"async\" width=\"440\" height=\"768\" src=\"https:\/\/departamentos.uel.br\/clinica-cirurgica\/wp-content\/uploads\/2025\/01\/Captura-de-Tela-2025-01-12-as-17.34.30-1.png\" alt=\"\" class=\"wp-image-253 size-full\" srcset=\"https:\/\/departamentos.uel.br\/clinica-cirurgica\/wp-content\/uploads\/2025\/01\/Captura-de-Tela-2025-01-12-as-17.34.30-1.png 440w, https:\/\/departamentos.uel.br\/clinica-cirurgica\/wp-content\/uploads\/2025\/01\/Captura-de-Tela-2025-01-12-as-17.34.30-1-172x300.png 172w\" sizes=\"auto, (max-width: 440px) 100vw, 440px\" \/><\/figure><\/div>\n\n\n\n<p>Anestesiologia:\u00a0 Professora Edineia Favaro Biondo<br><br>Cirurgia Vascular:\u00a0 Professor Wander Eduardo Sardinha\u00a0<br><br>\u00c1rea Basica de Cirurgia: Professor Asc\u00eancio Garcia Lopes Junior<br><br>Cirurgia do Aparelho Digestivo:\u00a0Professor Antonio Cesar Marson<br><br>Oftalmologia:\u00a0Professora Elaine Regina Ferraresi Sampaio<br><br>Ortopedia e Traumatologia: Professor\u00a0Pedro Henrique Schimidt Alves Ferreira Galv\u00e3o<br><br>Otorrinolaringologia: Professor Ricardo Borges<br><br>Urologia: Professor Marco Aur\u00e9lio de Freitas Rodrigues\u00a0<\/p>\n","protected":false},"excerpt":{"rendered":"<p>Resid\u00eancias M\u00e9dicas\/ Coordenadores Anestesiologia:\u00a0 Professora Edineia Favaro Biondo Cirurgia Vascular:\u00a0 Professor Wander Eduardo Sardinha\u00a0 Cirurgia Endovascular:\u00a0 Professor Jos\u00e9 Manuel da Silva Silvestre \u00c1rea Basica de Cirurgia: Professor Asc\u00eancio Garcia Lopes Junior Cirurgia do Aparelho Digestivo:\u00a0Professor Antonio Cesar Marson Neurocirurgia: Professor Marcio Francisco Lehmann\u00a0 Oftalmologia:\u00a0Professora Elaine Regina Ferraresi Sampaio Transplante de C\u00f3rnea: Professora Ana Paula M. [&hellip;]<\/p>\n","protected":false},"author":6,"featured_media":0,"parent":0,"menu_order":0,"comment_status":"closed","ping_status":"closed","template":"","meta":{"_acf_changed":false,"_themeisle_gutenberg_block_has_review":false,"footnotes":""},"class_list":["post-30","page","type-page","status-publish","hentry"],"acf":[],"_links":{"self":[{"href":"https:\/\/departamentos.uel.br\/clinica-cirurgica\/wp-json\/wp\/v2\/pages\/30","targetHints":{"allow":["GET"]}}],"collection":[{"href":"https:\/\/departamentos.uel.br\/clinica-cirurgica\/wp-json\/wp\/v2\/pages"}],"about":[{"href":"https:\/\/departamentos.uel.br\/clinica-cirurgica\/wp-json\/wp\/v2\/types\/page"}],"author":[{"embeddable":true,"href":"https:\/\/departamentos.uel.br\/clinica-cirurgica\/wp-json\/wp\/v2\/users\/6"}],"replies":[{"embeddable":true,"href":"https:\/\/departamentos.uel.br\/clinica-cirurgica\/wp-json\/wp\/v2\/comments?post=30"}],"version-history":[{"count":17,"href":"https:\/\/departamentos.uel.br\/clinica-cirurgica\/wp-json\/wp\/v2\/pages\/30\/revisions"}],"predecessor-version":[{"id":255,"href":"https:\/\/departamentos.uel.br\/clinica-cirurgica\/wp-json\/wp\/v2\/pages\/30\/revisions\/255"}],"wp:attachment":[{"href":"https:\/\/departamentos.uel.br\/clinica-cirurgica\/wp-json\/wp\/v2\/media?parent=30"}],"curies":[{"name":"wp","href":"https:\/\/api.w.org\/{rel}","templated":true}]}}