{"id":38,"date":"2024-11-10T20:02:15","date_gmt":"2024-11-10T23:02:15","guid":{"rendered":"https:\/\/departamentos.uel.br\/ciencias-sociais\/?page_id=38"},"modified":"2024-11-10T21:32:31","modified_gmt":"2024-11-11T00:32:31","slug":"sobre-o-departamento","status":"publish","type":"page","link":"https:\/\/departamentos.uel.br\/ciencias-sociais\/sobre-o-departamento\/","title":{"rendered":"Sobre o Departamento"},"content":{"rendered":"\n<p>O Departamento de Ci\u00eancias Sociais da UEL, possui um espa\u00e7o dedicado \u00e0 compreens\u00e3o profunda das din\u00e2micas que moldam a sociedade. <\/p>\n\n\n\n<p>Aqui, buscamos explorar as complexas rela\u00e7\u00f5es entre os indiv\u00edduos, os grupos sociais e as estruturas que organizam o mundo em que vivemos.<\/p>\n\n\n\n<p>Nosso departamento \u00e9 composto por professores e pesquisadores qualificados, comprometidos com a excel\u00eancia acad\u00eamica. <\/p>\n\n\n\n<p>Oferecemos uma forma\u00e7\u00e3o que abrange \u00e1reas como sociologia, antropologia, ci\u00eancia pol\u00edtica, economia e estudos culturais. Ao longo do curso, os estudantes desenvolvem habilidades anal\u00edticas e cr\u00edticas, essenciais para interpretar e transformar as realidades sociais.<\/p>\n\n\n\n<p>Nosso compromisso vai al\u00e9m da sala de aula: estimulamos o di\u00e1logo interdisciplinar, a participa\u00e7\u00e3o em projetos de pesquisa, ensino e extens\u00e3o, troca de experi\u00eancias com a comunidade acad\u00eamica e com a sociedade. <\/p>\n\n\n\n<p>Por meio de eventos, semin\u00e1rios, e est\u00e1gios, buscamos proporcionar aos nossos alunos uma forma\u00e7\u00e3o integral, capaz de prepar\u00e1-los para uma atua\u00e7\u00e3o relevante em diversos campos profissionais.<\/p>\n\n\n\n<p>Se voc\u00ea tem interesse em entender as complexas rela\u00e7\u00f5es que regem a sociedade e em contribuir para a constru\u00e7\u00e3o de um futuro mais justo e igualit\u00e1rio, o Departamento de Ci\u00eancias Sociais da UEL \u00e9 o lugar certo para voc\u00ea. <\/p>\n","protected":false},"excerpt":{"rendered":"<p>O Departamento de Ci\u00eancias Sociais da UEL, possui um espa\u00e7o dedicado \u00e0 compreens\u00e3o profunda das din\u00e2micas que moldam a sociedade. Aqui, buscamos explorar as complexas rela\u00e7\u00f5es entre os indiv\u00edduos, os grupos sociais e as estruturas que organizam o mundo em que vivemos. Nosso departamento \u00e9 composto por professores e pesquisadores qualificados, comprometidos com a excel\u00eancia [&hellip;]<\/p>\n","protected":false},"author":6,"featured_media":0,"parent":0,"menu_order":0,"comment_status":"closed","ping_status":"closed","template":"","meta":{"_acf_changed":false,"_themeisle_gutenberg_block_has_review":false,"footnotes":""},"class_list":["post-38","page","type-page","status-publish","hentry"],"acf":[],"_links":{"self":[{"href":"https:\/\/departamentos.uel.br\/ciencias-sociais\/wp-json\/wp\/v2\/pages\/38","targetHints":{"allow":["GET"]}}],"collection":[{"href":"https:\/\/departamentos.uel.br\/ciencias-sociais\/wp-json\/wp\/v2\/pages"}],"about":[{"href":"https:\/\/departamentos.uel.br\/ciencias-sociais\/wp-json\/wp\/v2\/types\/page"}],"author":[{"embeddable":true,"href":"https:\/\/departamentos.uel.br\/ciencias-sociais\/wp-json\/wp\/v2\/users\/6"}],"replies":[{"embeddable":true,"href":"https:\/\/departamentos.uel.br\/ciencias-sociais\/wp-json\/wp\/v2\/comments?post=38"}],"version-history":[{"count":3,"href":"https:\/\/departamentos.uel.br\/ciencias-sociais\/wp-json\/wp\/v2\/pages\/38\/revisions"}],"predecessor-version":[{"id":68,"href":"https:\/\/departamentos.uel.br\/ciencias-sociais\/wp-json\/wp\/v2\/pages\/38\/revisions\/68"}],"wp:attachment":[{"href":"https:\/\/departamentos.uel.br\/ciencias-sociais\/wp-json\/wp\/v2\/media?parent=38"}],"curies":[{"name":"wp","href":"https:\/\/api.w.org\/{rel}","templated":true}]}}