{"id":36,"date":"2024-11-05T15:50:01","date_gmt":"2024-11-05T18:50:01","guid":{"rendered":"https:\/\/departamentos.uel.br\/ciencias-fisiologicas\/?page_id=36"},"modified":"2024-11-05T16:12:55","modified_gmt":"2024-11-05T19:12:55","slug":"sobre-o-departamento","status":"publish","type":"page","link":"https:\/\/departamentos.uel.br\/ciencias-fisiologicas\/sobre-o-departamento\/","title":{"rendered":"Sobre o Departamento"},"content":{"rendered":"\n<p>O Departamento de Ci\u00eancias Fisiol\u00f3gicas (CIF) do Centro de Ci\u00eancias Biol\u00f3gicas da UEL ministra disciplinas nas \u00e1reas de Biof\u00edsica, Farmacologia e Fisiologia para os cursos de gradua\u00e7\u00e3o em Biomedicina, Ci\u00eancias Biol\u00f3gicas,\u00a0Educa\u00e7\u00e3o F\u00edsica, Enfermagem, Esporte, Farm\u00e1cia, Fisioterapia, Medicina, Medicina Veterin\u00e1ria, Odontologia, Psicologia e Zootecnia. <\/p>\n\n\n\n<p>Desde 1986 o CIF \u00e9 respons\u00e1vel pelo curso de Especializa\u00e7\u00e3o em Fisiologia: Teoria e Pr\u00e1tica e\u00a0desde 2009 pelo Programa\u00a0Multic\u00eantrico de P\u00f3s-Gradua\u00e7\u00e3o em Ci\u00eancias Fisiol\u00f3gicas, com cursos de mestrado e doutorado.<\/p>\n\n\n\n<p>Nos \u00faltimos anos, o CIF vem investindo na forma\u00e7\u00e3o de recursos humanos para atuar na \u00e1rea de Ci\u00eancias Fisiol\u00f3gicas e incentivando a consolida\u00e7\u00e3o de seus grupos de pesquisa com o desenvolvimento de projetos de pesquisa e ensino e a orienta\u00e7\u00e3o de estudantes de gradua\u00e7\u00e3o e p\u00f3s-gradua\u00e7\u00e3o.<\/p>\n\n\n\n<p><\/p>\n","protected":false},"excerpt":{"rendered":"<p>O Departamento de Ci\u00eancias Fisiol\u00f3gicas (CIF) do Centro de Ci\u00eancias Biol\u00f3gicas da UEL ministra disciplinas nas \u00e1reas de Biof\u00edsica, Farmacologia e Fisiologia para os cursos de gradua\u00e7\u00e3o em Biomedicina, Ci\u00eancias Biol\u00f3gicas,\u00a0Educa\u00e7\u00e3o F\u00edsica, Enfermagem, Esporte, Farm\u00e1cia, Fisioterapia, Medicina, Medicina Veterin\u00e1ria, Odontologia, Psicologia e Zootecnia. Desde 1986 o CIF \u00e9 respons\u00e1vel pelo curso de Especializa\u00e7\u00e3o em Fisiologia: [&hellip;]<\/p>\n","protected":false},"author":6,"featured_media":0,"parent":0,"menu_order":0,"comment_status":"closed","ping_status":"closed","template":"","meta":{"_acf_changed":false,"_themeisle_gutenberg_block_has_review":false,"footnotes":""},"class_list":["post-36","page","type-page","status-publish","hentry"],"acf":[],"_links":{"self":[{"href":"https:\/\/departamentos.uel.br\/ciencias-fisiologicas\/wp-json\/wp\/v2\/pages\/36","targetHints":{"allow":["GET"]}}],"collection":[{"href":"https:\/\/departamentos.uel.br\/ciencias-fisiologicas\/wp-json\/wp\/v2\/pages"}],"about":[{"href":"https:\/\/departamentos.uel.br\/ciencias-fisiologicas\/wp-json\/wp\/v2\/types\/page"}],"author":[{"embeddable":true,"href":"https:\/\/departamentos.uel.br\/ciencias-fisiologicas\/wp-json\/wp\/v2\/users\/6"}],"replies":[{"embeddable":true,"href":"https:\/\/departamentos.uel.br\/ciencias-fisiologicas\/wp-json\/wp\/v2\/comments?post=36"}],"version-history":[{"count":4,"href":"https:\/\/departamentos.uel.br\/ciencias-fisiologicas\/wp-json\/wp\/v2\/pages\/36\/revisions"}],"predecessor-version":[{"id":61,"href":"https:\/\/departamentos.uel.br\/ciencias-fisiologicas\/wp-json\/wp\/v2\/pages\/36\/revisions\/61"}],"wp:attachment":[{"href":"https:\/\/departamentos.uel.br\/ciencias-fisiologicas\/wp-json\/wp\/v2\/media?parent=36"}],"curies":[{"name":"wp","href":"https:\/\/api.w.org\/{rel}","templated":true}]}}