{"id":40,"date":"2024-09-27T14:32:31","date_gmt":"2024-09-27T17:32:31","guid":{"rendered":"https:\/\/departamentos.uel.br\/ciencias-do-esporte\/?page_id=40"},"modified":"2024-09-27T16:02:57","modified_gmt":"2024-09-27T19:02:57","slug":"contatos","status":"publish","type":"page","link":"https:\/\/departamentos.uel.br\/ciencias-do-esporte\/contatos\/","title":{"rendered":"Contatos"},"content":{"rendered":"\n<p><strong>Chefe do Departamento<\/strong><br>H\u00e9lio Serassuelo J\u00fanior<br>heliojr@uel.br<\/p>\n\n\n\n<p><strong>Vice-Chefe do Departamento<\/strong><br>H\u00e9lcio Rossi Gon\u00e7alves<br>helcio@uel.br<\/p>\n\n\n\n<p><\/p>\n","protected":false},"excerpt":{"rendered":"<p>Chefe do DepartamentoH\u00e9lio Serassuelo J\u00faniorheliojr@uel.br Vice-Chefe do DepartamentoH\u00e9lcio Rossi Gon\u00e7alveshelcio@uel.br<\/p>\n","protected":false},"author":6,"featured_media":0,"parent":0,"menu_order":0,"comment_status":"closed","ping_status":"closed","template":"","meta":{"_acf_changed":false,"_themeisle_gutenberg_block_has_review":false,"footnotes":""},"class_list":["post-40","page","type-page","status-publish","hentry"],"acf":[],"_links":{"self":[{"href":"https:\/\/departamentos.uel.br\/ciencias-do-esporte\/wp-json\/wp\/v2\/pages\/40","targetHints":{"allow":["GET"]}}],"collection":[{"href":"https:\/\/departamentos.uel.br\/ciencias-do-esporte\/wp-json\/wp\/v2\/pages"}],"about":[{"href":"https:\/\/departamentos.uel.br\/ciencias-do-esporte\/wp-json\/wp\/v2\/types\/page"}],"author":[{"embeddable":true,"href":"https:\/\/departamentos.uel.br\/ciencias-do-esporte\/wp-json\/wp\/v2\/users\/6"}],"replies":[{"embeddable":true,"href":"https:\/\/departamentos.uel.br\/ciencias-do-esporte\/wp-json\/wp\/v2\/comments?post=40"}],"version-history":[{"count":2,"href":"https:\/\/departamentos.uel.br\/ciencias-do-esporte\/wp-json\/wp\/v2\/pages\/40\/revisions"}],"predecessor-version":[{"id":59,"href":"https:\/\/departamentos.uel.br\/ciencias-do-esporte\/wp-json\/wp\/v2\/pages\/40\/revisions\/59"}],"wp:attachment":[{"href":"https:\/\/departamentos.uel.br\/ciencias-do-esporte\/wp-json\/wp\/v2\/media?parent=40"}],"curies":[{"name":"wp","href":"https:\/\/api.w.org\/{rel}","templated":true}]}}