{"id":41,"date":"2024-11-05T09:15:49","date_gmt":"2024-11-05T12:15:49","guid":{"rendered":"https:\/\/departamentos.uel.br\/biologia-animal-e-vegetal\/?page_id=41"},"modified":"2024-11-05T10:29:42","modified_gmt":"2024-11-05T13:29:42","slug":"corpo-tecnico","status":"publish","type":"page","link":"https:\/\/departamentos.uel.br\/biologia-animal-e-vegetal\/corpo-tecnico\/","title":{"rendered":"Corpo T\u00e9cnico"},"content":{"rendered":"\n<p><strong>CHEFIAS<\/strong><\/p>\n\n\n\n<p><strong>Chefe de Departamento<\/strong><br>Fernando Camargo Jerep<br>fjerep@uel.br<\/p>\n\n\n\n<p><strong>Vice-chefe do Departamento<\/strong><br>Renata Stolf Moreira<br>stolf@uel.br<\/p>\n\n\n\n<p><strong>COMISS\u00c3O DE PESQUISA<\/strong><\/p>\n\n\n\n<p>Cristiano Medri<br>cristianomedri@uel.br<\/p>\n\n\n\n<p>Jos\u00e9 Luis Olivan Birindelli<br>josebirindelli@uel.br<\/p>\n\n\n\n<p>Luiz dos Anjos<br>lanjos@uel.br<\/p>\n\n\n\n<p><strong>COMISS\u00c3O DE EXTENS\u00c3O<\/strong><\/p>\n\n\n\n<p>Jos\u00e9 Marcelo Torezan<br>torezan@uel.br<\/p>\n\n\n\n<p>Fernando Maia Silva Dias<br>fernandodias@uel.br<\/p>\n\n\n\n<p>Jos\u00e9 Luis Olivan Birindelli<br>josebirindelli@uel.br<br><br><strong>REPRESENTANTES DO DEPARTAMENTO NOS COLEGIADOS<\/strong><\/p>\n\n\n\n<p><strong>Coordenador do Colegiado do Curso de Ci\u00eancias Biol\u00f3gicas<\/strong><br>Weliton Jos\u00e9 da Silva<br>welitondasilva@uel.br<\/p>\n\n\n\n<p><strong>Coordenadora do TCC do Curso de Ci\u00eancias Biol\u00f3gicas<\/strong><br>Ana Paula Vidotto Magnoni\u00a0<br>anavidotto@uel.br<\/p>\n\n\n\n<p><strong>Vice-Coordenador do TCC do Curso de Ci\u00eancias Biol\u00f3gicas<\/strong><br>Fernando Maia Silva Dias<br>fernandodias@uel.br<\/p>\n\n\n\n<p><strong>Representantes Colegiado do Curso de Ci\u00eancias Biol\u00f3gicas<\/strong><\/p>\n\n\n\n<p>Ana Paula Vidotto Magnoni<br>anavidotto@uel.br<\/p>\n\n\n\n<p>Jos\u00e9 Luis Olivan Birindelli<br>josebirindelli@uel.br<\/p>\n\n\n\n<p><strong>Representante Colegiado do Curso de Agronomia<\/strong><br>Cristiano Medri<br>cristianomedri@uel.br<br><br><strong>Representante Colegiado do Curso de\u00a0Psicologia<\/strong><br>Ana Paula Vidotto Magnoni<br>anavidotto@uel.br<br><br><strong>Representante Colegiado do Curso de Zootecnia<\/strong><br>Fernando Maia Silva Dias<br>fernandodias@uel.br<\/p>\n\n\n\n<p><strong>REPRESENTANTES DO DEPARTAMENTO EM OUTRAS INST\u00c2NCIAS<\/strong><\/p>\n\n\n\n<p><strong>Representantes no N\u00facleo Docente Estruturante<\/strong><br>Gustavo Monteiro Teixeira<br>gmteixeira@uel.br<\/p>\n\n\n\n<p>Jos\u00e9 Marcelo Torezan<br>torezan@uel.br<\/p>\n\n\n\n<p><strong>Representantes no Conselho Universit\u00e1rio<\/strong><br>Fernando Maia Silva Dias<br>fernandodias@uel.br<\/p>\n\n\n\n<p><strong>Conselho Municipal do Meio Ambiente (Consemma &#8211; Gest\u00e3o 2022 &#8211; 2024)<\/strong><br>Ana Paula Vidotto Magnoni<br>anavidotto@uel.br<\/p>\n\n\n\n<p><strong>Representantes no Conselho Estadual do Meio Ambiente<\/strong><br>Jos\u00e9 Marcelo Torezan<br>torezan@uel.br<\/p>\n\n\n\n<p><\/p>\n","protected":false},"excerpt":{"rendered":"<p>CHEFIAS Chefe de DepartamentoFernando Camargo Jerepfjerep@uel.br Vice-chefe do DepartamentoRenata Stolf Moreirastolf@uel.br COMISS\u00c3O DE PESQUISA Cristiano Medricristianomedri@uel.br Jos\u00e9 Luis Olivan Birindellijosebirindelli@uel.br Luiz dos Anjoslanjos@uel.br COMISS\u00c3O DE EXTENS\u00c3O Jos\u00e9 Marcelo Torezantorezan@uel.br Fernando Maia Silva Diasfernandodias@uel.br Jos\u00e9 Luis Olivan Birindellijosebirindelli@uel.br REPRESENTANTES DO DEPARTAMENTO NOS COLEGIADOS Coordenador do Colegiado do Curso de Ci\u00eancias Biol\u00f3gicasWeliton Jos\u00e9 da Silvawelitondasilva@uel.br Coordenadora do [&hellip;]<\/p>\n","protected":false},"author":6,"featured_media":0,"parent":0,"menu_order":0,"comment_status":"closed","ping_status":"closed","template":"","meta":{"_acf_changed":false,"_themeisle_gutenberg_block_has_review":false,"footnotes":""},"class_list":["post-41","page","type-page","status-publish","hentry"],"acf":[],"_links":{"self":[{"href":"https:\/\/departamentos.uel.br\/biologia-animal-e-vegetal\/wp-json\/wp\/v2\/pages\/41","targetHints":{"allow":["GET"]}}],"collection":[{"href":"https:\/\/departamentos.uel.br\/biologia-animal-e-vegetal\/wp-json\/wp\/v2\/pages"}],"about":[{"href":"https:\/\/departamentos.uel.br\/biologia-animal-e-vegetal\/wp-json\/wp\/v2\/types\/page"}],"author":[{"embeddable":true,"href":"https:\/\/departamentos.uel.br\/biologia-animal-e-vegetal\/wp-json\/wp\/v2\/users\/6"}],"replies":[{"embeddable":true,"href":"https:\/\/departamentos.uel.br\/biologia-animal-e-vegetal\/wp-json\/wp\/v2\/comments?post=41"}],"version-history":[{"count":11,"href":"https:\/\/departamentos.uel.br\/biologia-animal-e-vegetal\/wp-json\/wp\/v2\/pages\/41\/revisions"}],"predecessor-version":[{"id":80,"href":"https:\/\/departamentos.uel.br\/biologia-animal-e-vegetal\/wp-json\/wp\/v2\/pages\/41\/revisions\/80"}],"wp:attachment":[{"href":"https:\/\/departamentos.uel.br\/biologia-animal-e-vegetal\/wp-json\/wp\/v2\/media?parent=41"}],"curies":[{"name":"wp","href":"https:\/\/api.w.org\/{rel}","templated":true}]}}

Corpo Técnico

<p><strong>CHEFIAS</strong></p>



<p><strong>Chefe de Departamento</strong><br>Fernando Camargo Jerep<br>fjerep@uel.br</p>



<p><strong>Vice-chefe do Departamento</strong><br>Renata Stolf Moreira<br>stolf@uel.br</p>



<p><strong>COMISSÃO DE PESQUISA</strong></p>



<p>Cristiano Medri<br>cristianomedri@uel.br</p>



<p>José Luis Olivan Birindelli<br>josebirindelli@uel.br</p>



<p>Luiz dos Anjos<br>lanjos@uel.br</p>



<p><strong>COMISSÃO DE EXTENSÃO</strong></p>



<p>José Marcelo Torezan<br>torezan@uel.br</p>



<p>Fernando Maia Silva Dias<br>fernandodias@uel.br</p>



<p>José Luis Olivan Birindelli<br>josebirindelli@uel.br<br><br><strong>REPRESENTANTES DO DEPARTAMENTO NOS COLEGIADOS</strong></p>



<p><strong>Coordenador do Colegiado do Curso de Ciências Biológicas</strong><br>Weliton José da Silva<br>welitondasilva@uel.br</p>



<p><strong>Coordenadora do TCC do Curso de Ciências Biológicas</strong><br>Ana Paula Vidotto Magnoni <br>anavidotto@uel.br</p>



<p><strong>Vice-Coordenador do TCC do Curso de Ciências Biológicas</strong><br>Fernando Maia Silva Dias<br>fernandodias@uel.br</p>



<p><strong>Representantes Colegiado do Curso de Ciências Biológicas</strong></p>



<p>Ana Paula Vidotto Magnoni<br>anavidotto@uel.br</p>



<p>José Luis Olivan Birindelli<br>josebirindelli@uel.br</p>



<p><strong>Representante Colegiado do Curso de Agronomia</strong><br>Cristiano Medri<br>cristianomedri@uel.br<br><br><strong>Representante Colegiado do Curso de Psicologia</strong><br>Ana Paula Vidotto Magnoni<br>anavidotto@uel.br<br><br><strong>Representante Colegiado do Curso de Zootecnia</strong><br>Fernando Maia Silva Dias<br>fernandodias@uel.br</p>



<p><strong>REPRESENTANTES DO DEPARTAMENTO EM OUTRAS INSTÂNCIAS</strong></p>



<p><strong>Representantes no Núcleo Docente Estruturante</strong><br>Gustavo Monteiro Teixeira<br>gmteixeira@uel.br</p>



<p>José Marcelo Torezan<br>torezan@uel.br</p>



<p><strong>Representantes no Conselho Universitário</strong><br>Fernando Maia Silva Dias<br>fernandodias@uel.br</p>



<p><strong>Conselho Municipal do Meio Ambiente (Consemma &#8211; Gestão 2022 &#8211; 2024)</strong><br>Ana Paula Vidotto Magnoni<br>anavidotto@uel.br</p>



<p><strong>Representantes no Conselho Estadual do Meio Ambiente</strong><br>José Marcelo Torezan<br>torezan@uel.br</p>



<p></p>

<p>CHEFIAS Chefe de DepartamentoFernando Camargo Jerepfjerep@uel.br Vice-chefe do DepartamentoRenata Stolf Moreirastolf@uel.br COMISSÃO DE PESQUISA Cristiano Medricristianomedri@uel.br José Luis Olivan Birindellijosebirindelli@uel.br Luiz dos Anjoslanjos@uel.br COMISSÃO DE EXTENSÃO José Marcelo Torezantorezan@uel.br Fernando Maia Silva Diasfernandodias@uel.br José Luis Olivan Birindellijosebirindelli@uel.br REPRESENTANTES DO DEPARTAMENTO NOS COLEGIADOS Coordenador do Colegiado do Curso de Ciências BiológicasWeliton José da Silvawelitondasilva@uel.br Coordenadora do [&hellip;]</p>
