{"id":80,"date":"2024-01-30T15:37:45","date_gmt":"2024-01-30T18:37:45","guid":{"rendered":"https:\/\/departamentos.uel.br\/anatomia\/?page_id=80"},"modified":"2025-02-13T13:41:17","modified_gmt":"2025-02-13T16:41:17","slug":"eventos","status":"publish","type":"page","link":"https:\/\/departamentos.uel.br\/anatomia\/eventos\/","title":{"rendered":"Eventos"},"content":{"rendered":"\n<p>Conhe\u00e7a os eventos na \u00e1rea de Ci\u00eancias e Anatomia a serem realizados na UEL.<\/p>\n\n\n\n<div id=\"wp-block-themeisle-blocks-accordion-3b935a0c\" class=\"wp-block-themeisle-blocks-accordion exclusive\">\n<details class=\"wp-block-themeisle-blocks-accordion-item\"><summary class=\"wp-block-themeisle-blocks-accordion-item__title\"><div><strong>Paran\u00e1 Faz Ci\u00eancia 2023<\/strong><\/div><\/summary><div class=\"wp-block-themeisle-blocks-accordion-item__content\">\n<div class=\"wp-block-media-text is-stacked-on-mobile\"><figure class=\"wp-block-media-text__media\"><a href=\"https:\/\/paranafazciencia.uel.br\"><img loading=\"lazy\" decoding=\"async\" width=\"320\" height=\"215\" src=\"https:\/\/departamentos.uel.br\/anatomia\/wp-content\/uploads\/2024\/02\/Parana-faz-Ciencia.png\" alt=\"\" class=\"wp-image-252 size-full\" srcset=\"https:\/\/departamentos.uel.br\/anatomia\/wp-content\/uploads\/2024\/02\/Parana-faz-Ciencia.png 320w, https:\/\/departamentos.uel.br\/anatomia\/wp-content\/uploads\/2024\/02\/Parana-faz-Ciencia-300x202.png 300w\" sizes=\"auto, (max-width: 320px) 100vw, 320px\" \/><\/a><\/figure><div class=\"wp-block-media-text__content\">\n<p>O Paran\u00e1 Faz Ci\u00eancia promove e divulga a produ\u00e7\u00e3o cient\u00edfica do Estado. O objetivo \u00e9 demonstrar que o Paran\u00e1 incentiva, investe e produz ci\u00eancia com qualidade e muita inova\u00e7\u00e3o, sendo amplamente reconhecido pela comunidade cient\u00edfica internacional. <\/p>\n\n\n\n<p><strong>Clique na imagem e veja a programa\u00e7\u00e3o<\/strong>.<\/p>\n<\/div><\/div>\n<\/div><\/details>\n<\/div>\n\n\n\n<div id=\"wp-block-themeisle-blocks-accordion-ec919d51\" class=\"wp-block-themeisle-blocks-accordion exclusive\">\n<details class=\"wp-block-themeisle-blocks-accordion-item\"><summary class=\"wp-block-themeisle-blocks-accordion-item__title\"><div><strong>1\u00ba Congresso Paranaense de Fisioterapia Aqu\u00e1tica<\/strong><\/div><\/summary><div class=\"wp-block-themeisle-blocks-accordion-item__content\">\n<figure class=\"wp-block-image size-full\"><a href=\"https:\/\/hutec.org.br\/curso\/1o-congresso-paranaense-de-fisioterapia-aquatica\/\"><img loading=\"lazy\" decoding=\"async\" width=\"1022\" height=\"573\" src=\"https:\/\/departamentos.uel.br\/anatomia\/wp-content\/uploads\/2024\/02\/imagem_2024-02-21_104010528.png\" alt=\"\" class=\"wp-image-241\" srcset=\"https:\/\/departamentos.uel.br\/anatomia\/wp-content\/uploads\/2024\/02\/imagem_2024-02-21_104010528.png 1022w, https:\/\/departamentos.uel.br\/anatomia\/wp-content\/uploads\/2024\/02\/imagem_2024-02-21_104010528-300x168.png 300w, https:\/\/departamentos.uel.br\/anatomia\/wp-content\/uploads\/2024\/02\/imagem_2024-02-21_104010528-768x431.png 768w\" sizes=\"auto, (max-width: 1022px) 100vw, 1022px\" \/><\/a><\/figure>\n<\/div><\/details>\n<\/div>\n\n\n\n<div class=\"wp-block-columns is-layout-flex wp-container-core-columns-is-layout-9d6595d7 wp-block-columns-is-layout-flex\">\n<div class=\"wp-block-column is-layout-flow wp-block-column-is-layout-flow\"><\/div>\n<\/div>\n\n\n\n<p class=\"has-verde-color has-text-color has-link-color wp-elements-daec735dfa082b99580f4914fc22e0e5\"><strong>Eventos Diversos na UEL<\/strong><\/p>\n\n\n\n                <div class=\"feed-noticias-perobal alm-listing alm-ajax alm-has-transition\" id=\"feed-noticias-perobal-evento\"><a class=\"noticia-padrao d-flex flex-column flex-md-row align-items-start\" href=\"https:\/\/operobal.uel.br\/cesa\/2026\/03\/24\/unati-abre-programacao-de-2026-com-palestra-sobre-saude-para-idosos\/\">\n                                                    <img decoding=\"async\" class=\"lazy entered loaded\" src=\"https:\/\/operobal.uel.br\/wp-content\/uploads\/2021\/08\/unati-uel-4.jpg\"\/>    \n                                                    <article class=\"ml-0 ml-md-4 corpo-noticia-padrao\">\n                                                        <p class=\"antetitulo mb-0\">Terceira Idade<\/p>\n                                                        <p class=\"titulo mb-2\">Unati abre programa\u00e7\u00e3o de 2026 com palestra sobre sa\u00fade para idosos<\/p>\n                                                        <p class=\"descricao\">Evento gratuito marca in\u00edcio das atividades com palestras e homenagens a pessoas de refer\u00eancia na \u00e1rea do envelhecimento saud\u00e1vel.<\/p>\n                                                    <\/article>\n                                                <\/a><hr class=\"mt-4 mb-4 d-none d-md-block\"><a class=\"noticia-padrao d-flex flex-column flex-md-row align-items-start\" href=\"https:\/\/operobal.uel.br\/ctu\/2026\/03\/23\/seminario-de-historia-da-cidade-e-urbanismo-esta-com-inscricoes-abertas-para-submissao-de-trabalhos\/\">\n                                                    <img decoding=\"async\" class=\"lazy entered loaded\" src=\"https:\/\/operobal.uel.br\/wp-content\/uploads\/2026\/03\/Seminario-de-Historia-da-Cidade-e-do-Urbanismo-SHCU.jpg\"\/>    \n                                                    <article class=\"ml-0 ml-md-4 corpo-noticia-padrao\">\n                                                        <p class=\"antetitulo mb-0\">Semin\u00e1rio<\/p>\n                                                        <p class=\"titulo mb-2\">Semin\u00e1rio de Hist\u00f3ria da Cidade e Urbanismo est\u00e1 com inscri\u00e7\u00f5es abertas para submiss\u00e3o de trabalhos<\/p>\n                                                        <p class=\"descricao\">O evento \u00e9 uma parceria do Programa de P\u00f3s-Gradua\u00e7\u00e3o em Arquitetura e Urbanismo (PPU-UEM\/UEL)\n<\/p>\n                                                    <\/article>\n                                                <\/a><hr class=\"mt-4 mb-4 d-none d-md-block\"><a class=\"noticia-padrao d-flex flex-column flex-md-row align-items-start\" href=\"https:\/\/operobal.uel.br\/clch\/2026\/03\/23\/arquivo-publico-do-parana-realiza-etapa-paranaense-da-conferencia-nacional-de-arquivos\/\">\n                                                    <img decoding=\"async\" class=\"lazy entered loaded\" src=\"https:\/\/operobal.uel.br\/wp-content\/uploads\/2026\/03\/materia-1-180-anos-jpg.jpg\"\/>    \n                                                    <article class=\"ml-0 ml-md-4 corpo-noticia-padrao\">\n                                                        <p class=\"antetitulo mb-0\">ESTADUAL<\/p>\n                                                        <p class=\"titulo mb-2\">Arquivo P\u00fablico do Paran\u00e1 realiza etapa paranaense da Confer\u00eancia Nacional de Arquivos\u00a0<\/p>\n                                                        <p class=\"descricao\">Evento com participa\u00e7\u00e3o do NDPH\/UEL representa retomada sobre a discuss\u00e3o de pol\u00edticas p\u00fablicas arquiv\u00edsticas no Brasil.<\/p>\n                                                    <\/article>\n                                                <\/a><hr class=\"mt-4 mb-4 d-none d-md-block\"><a class=\"noticia-padrao d-flex flex-column flex-md-row align-items-start\" href=\"https:\/\/operobal.uel.br\/cefe\/2026\/03\/20\/nefel-faz-entrega-simbolica-do-livro-comemorativo-dos-50-anos-do-curso-de-educacao-fisica-da-uel\/\">\n                                                    <img decoding=\"async\" class=\"lazy entered loaded\" src=\"https:\/\/operobal.uel.br\/wp-content\/uploads\/2026\/03\/WhatsApp-Image-2026-03-20-at-14.21.18-2.jpeg\"\/>    \n                                                    <article class=\"ml-0 ml-md-4 corpo-noticia-padrao\">\n                                                        <p class=\"antetitulo mb-0\">50 anos<\/p>\n                                                        <p class=\"titulo mb-2\">NEFEL faz entrega simb\u00f3lica do livro comemorativo dos 50 anos do curso de Educa\u00e7\u00e3o F\u00edsica da UEL<\/p>\n                                                        <p class=\"descricao\">O livro comp\u00f5e uma rica tessitura hist\u00f3rica, afetiva e anal\u00edtica, que resgata a mem\u00f3ria coletiva e valoriza os sujeitos deste processo. <\/p>\n                                                    <\/article>\n                                                <\/a><hr class=\"mt-4 mb-4 d-none d-md-block\"><a class=\"noticia-padrao d-flex flex-column flex-md-row align-items-start\" href=\"https:\/\/operobal.uel.br\/cca\/2026\/03\/20\/pos-graduacao-em-ciencia-de-alimentos-traz-egressos-para-celebrar-aniversario\/\">\n                                                    <img decoding=\"async\" class=\"lazy entered loaded\" src=\"https:\/\/operobal.uel.br\/wp-content\/uploads\/2026\/03\/WhatsApp-Image-2026-03-20-at-10.16.49.jpeg\"\/>    \n                                                    <article class=\"ml-0 ml-md-4 corpo-noticia-padrao\">\n                                                        <p class=\"antetitulo mb-0\">50 anos<\/p>\n                                                        <p class=\"titulo mb-2\">P\u00f3s-Gradua\u00e7\u00e3o em Ci\u00eancia de Alimentos traz egressos para celebrar anivers\u00e1rio<\/p>\n                                                        <p class=\"descricao\">Programa comemorou 50 anos de hist\u00f3ria com palestras de ex-alunos e apresenta\u00e7\u00f5es de trabalhos.<\/p>\n                                                    <\/article>\n                                                <\/a><\/div><button id=\"feed-noticias-perobal-load-moreevento\" type=\"button\" class=\"feed-noticias-button\" data-endpoint=\"https:\/\/operobal.uel.br\/wp-json\/wp-perobal\/v1\/posts\/tags\/evento?numberposts=50\" data-ppp=\"5\" data-pages=\"5\">Leia mais<\/button>","protected":false},"excerpt":{"rendered":"<p>Conhe\u00e7a os eventos na \u00e1rea de Ci\u00eancias e Anatomia a serem realizados na UEL. Eventos Diversos na UEL<\/p>\n","protected":false},"author":6,"featured_media":0,"parent":0,"menu_order":0,"comment_status":"closed","ping_status":"closed","template":"","meta":{"_acf_changed":false,"_themeisle_gutenberg_block_has_review":false,"footnotes":""},"class_list":["post-80","page","type-page","status-publish","hentry"],"acf":[],"_links":{"self":[{"href":"https:\/\/departamentos.uel.br\/anatomia\/wp-json\/wp\/v2\/pages\/80","targetHints":{"allow":["GET"]}}],"collection":[{"href":"https:\/\/departamentos.uel.br\/anatomia\/wp-json\/wp\/v2\/pages"}],"about":[{"href":"https:\/\/departamentos.uel.br\/anatomia\/wp-json\/wp\/v2\/types\/page"}],"author":[{"embeddable":true,"href":"https:\/\/departamentos.uel.br\/anatomia\/wp-json\/wp\/v2\/users\/6"}],"replies":[{"embeddable":true,"href":"https:\/\/departamentos.uel.br\/anatomia\/wp-json\/wp\/v2\/comments?post=80"}],"version-history":[{"count":16,"href":"https:\/\/departamentos.uel.br\/anatomia\/wp-json\/wp\/v2\/pages\/80\/revisions"}],"predecessor-version":[{"id":556,"href":"https:\/\/departamentos.uel.br\/anatomia\/wp-json\/wp\/v2\/pages\/80\/revisions\/556"}],"wp:attachment":[{"href":"https:\/\/departamentos.uel.br\/anatomia\/wp-json\/wp\/v2\/media?parent=80"}],"curies":[{"name":"wp","href":"https:\/\/api.w.org\/{rel}","templated":true}]}}