{"id":445,"date":"2024-03-08T16:51:34","date_gmt":"2024-03-08T19:51:34","guid":{"rendered":"https:\/\/departamentos.uel.br\/anatomia\/?page_id=445"},"modified":"2026-03-05T16:29:34","modified_gmt":"2026-03-05T19:29:34","slug":"projetos-2","status":"publish","type":"page","link":"https:\/\/departamentos.uel.br\/anatomia\/projetos-2\/","title":{"rendered":"Projetos"},"content":{"rendered":"\n<div class=\"wp-block-columns is-layout-flex wp-container-core-columns-is-layout-9d6595d7 wp-block-columns-is-layout-flex\">\n<div class=\"wp-block-column is-layout-flow wp-block-column-is-layout-flow\" style=\"flex-basis:100%\">\n<div id=\"wp-block-themeisle-blocks-accordion-427ab5fb\" class=\"wp-block-themeisle-blocks-accordion exclusive\">\n<details class=\"wp-block-themeisle-blocks-accordion-item\"><summary class=\"wp-block-themeisle-blocks-accordion-item__title\"><div>Ferramentas Metodol\u00f3gicas no Ensino da Anatomia Animal e Humana<\/div><\/summary><div class=\"wp-block-themeisle-blocks-accordion-item__content\">\n<p>Coordena\u00e7\u00e3o: Prof. <a href=\"llmartins@uel.br\">Leandro Luis Martins<\/a> <\/p>\n<\/div><\/details>\n\n\n\n<details class=\"wp-block-themeisle-blocks-accordion-item\"><summary class=\"wp-block-themeisle-blocks-accordion-item__title\"><div>Grupo De Estudos Em Animais Silvestres<\/div><\/summary><div class=\"wp-block-themeisle-blocks-accordion-item__content\">\n<p>Coordena\u00e7\u00e3o: Prof. <a href=\"llmartins@uel.br\">Leandro Luis Martins<\/a> <\/p>\n\n\n\n<div id=\"wp-block-themeisle-blocks-accordion-6aba97fe\" class=\"wp-block-themeisle-blocks-accordion exclusive\">\n<details class=\"wp-block-themeisle-blocks-accordion-item\"><summary class=\"wp-block-themeisle-blocks-accordion-item__title\"><div>Accordion title 1<\/div><\/summary><div class=\"wp-block-themeisle-blocks-accordion-item__content\">\n<p>This is a placeholder tab content. It is important to have the necessary information in the block, but at this stage, it is just a placeholder to help you visualise how the content is displayed. Feel free to edit this with your actual content.<\/p>\n<\/div><\/details>\n\n\n\n<details class=\"wp-block-themeisle-blocks-accordion-item\"><summary class=\"wp-block-themeisle-blocks-accordion-item__title\"><div>Accordion title 2<\/div><\/summary><div class=\"wp-block-themeisle-blocks-accordion-item__content\">\n<p>This is a placeholder tab content. It is important to have the necessary information in the block, but at this stage, it is just a placeholder to help you visualise how the content is displayed. Feel free to edit this with your actual content.<\/p>\n<\/div><\/details>\n<\/div>\n<\/div><\/details>\n\n\n\n<details class=\"wp-block-themeisle-blocks-accordion-item\"><summary class=\"wp-block-themeisle-blocks-accordion-item__title\"><div>Digitaliza\u00e7\u00e3o Tridimensional do Acervo de Neuroanatomia da Universidade Estadual de Londrina<\/div><\/summary><div class=\"wp-block-themeisle-blocks-accordion-item__content\">\n<p>Coordena\u00e7\u00e3o: Prof. <a href=\"ekrueger@uel.br\" data-type=\"link\" data-id=\"ekrueger@uel.br\">Eddy Krueger<\/a><\/p>\n<\/div><\/details>\n\n\n\n<details class=\"wp-block-themeisle-blocks-accordion-item\"><summary class=\"wp-block-themeisle-blocks-accordion-item__title\"><div>Constru\u00e7\u00e3o de modelo anat\u00f4mico com uso da criodesidrata\u00e7\u00e3o no preparo de pe\u00e7as anat\u00f4micas de bovinos utilizadas para ensino da reprodu\u00e7\u00e3o animal<\/div><\/summary><div class=\"wp-block-themeisle-blocks-accordion-item__content\">\n<p>Coordena\u00e7\u00e3o: Profa. <a href=\"ekrueger@uel.br\" data-type=\"link\" data-id=\"ekrueger@uel.br\">Daniela Bortoli Becegatto<\/a><\/p>\n<\/div><\/details>\n<\/div>\n<\/div>\n<\/div>\n\n\n\n<p><br><\/p>\n\n\n\n<p><\/p>\n","protected":false},"excerpt":{"rendered":"","protected":false},"author":9,"featured_media":0,"parent":0,"menu_order":0,"comment_status":"closed","ping_status":"closed","template":"","meta":{"_acf_changed":false,"_themeisle_gutenberg_block_has_review":false,"footnotes":""},"class_list":["post-445","page","type-page","status-publish","hentry"],"acf":[],"_links":{"self":[{"href":"https:\/\/departamentos.uel.br\/anatomia\/wp-json\/wp\/v2\/pages\/445","targetHints":{"allow":["GET"]}}],"collection":[{"href":"https:\/\/departamentos.uel.br\/anatomia\/wp-json\/wp\/v2\/pages"}],"about":[{"href":"https:\/\/departamentos.uel.br\/anatomia\/wp-json\/wp\/v2\/types\/page"}],"author":[{"embeddable":true,"href":"https:\/\/departamentos.uel.br\/anatomia\/wp-json\/wp\/v2\/users\/9"}],"replies":[{"embeddable":true,"href":"https:\/\/departamentos.uel.br\/anatomia\/wp-json\/wp\/v2\/comments?post=445"}],"version-history":[{"count":6,"href":"https:\/\/departamentos.uel.br\/anatomia\/wp-json\/wp\/v2\/pages\/445\/revisions"}],"predecessor-version":[{"id":582,"href":"https:\/\/departamentos.uel.br\/anatomia\/wp-json\/wp\/v2\/pages\/445\/revisions\/582"}],"wp:attachment":[{"href":"https:\/\/departamentos.uel.br\/anatomia\/wp-json\/wp\/v2\/media?parent=445"}],"curies":[{"name":"wp","href":"https:\/\/api.w.org\/{rel}","templated":true}]}}