{"id":19,"date":"2024-01-29T11:19:40","date_gmt":"2024-01-29T14:19:40","guid":{"rendered":"https:\/\/departamentos.uel.br\/anatomia\/?page_id=19"},"modified":"2026-02-25T13:03:08","modified_gmt":"2026-02-25T16:03:08","slug":"contatos","status":"publish","type":"page","link":"https:\/\/departamentos.uel.br\/anatomia\/contatos\/","title":{"rendered":"Contatos da Gest\u00e3o 2026-2028"},"content":{"rendered":"\n<p><\/p>\n\n\n\n<p class=\"has-small-font-size\"><strong>Chefia<\/strong> <strong>do Departamento<\/strong><br>Prof.\u00aa Dr.\u00aa C\u00e9lia C. Fornaziero (celiafornaziero@uel.br)<\/p>\n\n\n\n<p class=\"has-small-font-size\"><strong>Vice-chefia do <strong>Departamento<\/strong><\/strong><br>Prof. Dr. Leandro Luis Martins (llmartins@uel.br)<\/p>\n\n\n\n<p class=\"has-small-font-size\"><strong>Representantes das Comiss\u00f5es de Pesquisa<\/strong> <br><strong>Coordenador<\/strong>: Prof. Dr. Eddy Krueger (ekrueger@uel.br)<br><strong>Suplente<\/strong>: Prof.\u00aa Dr.\u00aa Marna Eliana Sakalem (marna@uel.br)<br><strong>Membro<\/strong>: Prof. Dr. Rodrigo C. Sella (rodrigosella@uel.br)<\/p>\n\n\n\n<p class=\"has-small-font-size\"><strong>Representantes das Comiss\u00f5es de<\/strong> <strong>Ensino<\/strong><br><strong>Coordenador<\/strong>a:  Prof.\u00aa Dr.\u00aa Daniela Bortoli Becegatto (danielabecegatto@uel.br)<br><strong>Suplente<\/strong>: Prof.\u00aa Dr.\u00aa Jessica Fernanda do Nascimento Fonseca (jfonseca@uel.br)<br><strong>Membro<\/strong>: Prof. Dr. Eddy Krueger (ekrueger@uel.br)<\/p>\n\n\n\n<p class=\"has-small-font-size\"><strong>Representantes das Comiss\u00f5es de Extens\u00e3o<\/strong><br><strong>Coordenador<\/strong>: Prof. Dr.  Eduardo C. F. Tonani (etonani@uel.br)<br><strong>Suplente<\/strong>: Prof.\u00aa Dr.\u00aa Jessica Fernanda do Nascimento Fonseca (jfonseca@uel.br)<br><strong>Membro<\/strong>: Prof.\u00aa Dr.\u00aa Camila Salvador Sestario (camila.salvador@uel.br)<\/p>\n\n\n\n<p class=\"has-small-font-size\"><strong>P\u00f3s-Gradua\u00e7\u00e3o<\/strong><br><strong>Coordenador<\/strong>: Prof. Dr. Eddy Krueger (ekrueger@uel.br)<br><strong>Suplente<\/strong>: Prof. Dr. Leandro Lu\u00eds Martins (llmartins@uel.br)<br><strong>Membro<\/strong>: Prof. Dr. Rodrigo C. Sella (rodrigosella@uel.br)<\/p>\n\n\n\n<p><strong>Representantes do departamento nos colegiados:<\/strong><br><strong>Biomedicina:<\/strong> Prof.\u00aa Dr.\u00aa Camila Salvador Sestario (camila.salvador@uel.br)<strong><br>Educa\u00e7\u00e3o F\u00edsica:<\/strong> Prof.\u00aa Dr.\u00aa Gabriela De Souza Reginato (gabrielareginato@uel.br)<strong><br>Fisioterapia:<\/strong> Prof. Dr.  Eduardo C. F. Tonani (etonani@uel.br)<br><strong>Medicina:<\/strong> Prof. Dr. Eddy Krueger (ekrueger@uel.br)<br><strong>Medicina Veterin\u00e1ria:<\/strong> Prof.\u00aa Dr.\u00aa Daniela Bortoli Becegatto (danielabecegatto@uel.br)<br><strong>Odontologia:<\/strong> Prof. Dr. Rodrigo C. Sella (rodrigosella@uel.br)<\/p>\n\n\n\n<p><\/p>\n","protected":false},"excerpt":{"rendered":"<p>Chefia do DepartamentoProf.\u00aa Dr.\u00aa C\u00e9lia C. Fornaziero (celiafornaziero@uel.br) Vice-chefia do DepartamentoProf. Dr. Leandro Luis Martins (llmartins@uel.br) Representantes das Comiss\u00f5es de Pesquisa Coordenador: Prof. Dr. Eddy Krueger (ekrueger@uel.br)Suplente: Prof.\u00aa Dr.\u00aa Marna Eliana Sakalem (marna@uel.br)Membro: Prof. Dr. Rodrigo C. Sella (rodrigosella@uel.br) Representantes das Comiss\u00f5es de EnsinoCoordenadora: Prof.\u00aa Dr.\u00aa Daniela Bortoli Becegatto (danielabecegatto@uel.br)Suplente: Prof.\u00aa Dr.\u00aa Jessica Fernanda do [&hellip;]<\/p>\n","protected":false},"author":6,"featured_media":0,"parent":0,"menu_order":0,"comment_status":"closed","ping_status":"closed","template":"","meta":{"_acf_changed":false,"_themeisle_gutenberg_block_has_review":false,"footnotes":""},"class_list":["post-19","page","type-page","status-publish","hentry"],"acf":[],"_links":{"self":[{"href":"https:\/\/departamentos.uel.br\/anatomia\/wp-json\/wp\/v2\/pages\/19","targetHints":{"allow":["GET"]}}],"collection":[{"href":"https:\/\/departamentos.uel.br\/anatomia\/wp-json\/wp\/v2\/pages"}],"about":[{"href":"https:\/\/departamentos.uel.br\/anatomia\/wp-json\/wp\/v2\/types\/page"}],"author":[{"embeddable":true,"href":"https:\/\/departamentos.uel.br\/anatomia\/wp-json\/wp\/v2\/users\/6"}],"replies":[{"embeddable":true,"href":"https:\/\/departamentos.uel.br\/anatomia\/wp-json\/wp\/v2\/comments?post=19"}],"version-history":[{"count":22,"href":"https:\/\/departamentos.uel.br\/anatomia\/wp-json\/wp\/v2\/pages\/19\/revisions"}],"predecessor-version":[{"id":570,"href":"https:\/\/departamentos.uel.br\/anatomia\/wp-json\/wp\/v2\/pages\/19\/revisions\/570"}],"wp:attachment":[{"href":"https:\/\/departamentos.uel.br\/anatomia\/wp-json\/wp\/v2\/media?parent=19"}],"curies":[{"name":"wp","href":"https:\/\/api.w.org\/{rel}","templated":true}]}}