{"id":190,"date":"2024-10-28T11:30:56","date_gmt":"2024-10-28T14:30:56","guid":{"rendered":"https:\/\/departamentos.uel.br\/agronomia\/?page_id=190"},"modified":"2024-10-28T14:34:06","modified_gmt":"2024-10-28T17:34:06","slug":"corpo-tecnico","status":"publish","type":"page","link":"https:\/\/departamentos.uel.br\/agronomia\/corpo-tecnico\/","title":{"rendered":"Corpo T\u00e9cnico"},"content":{"rendered":"\n<p><strong>Chefe do Departamento<\/strong><br>S\u00e9rgio Ruffo Roberto<br>sroberto@uel.br<\/p>\n\n\n\n<p><strong>Vice-Chefe do Departamento<\/strong><br>Marcelo Giovanetti Canteri<br>canteri@uel.br<\/p>\n\n\n\n<p><strong>Secretaria<\/strong> <strong>do Departamento<\/strong><br>Graciane Aparecida da Silva Guilherme<br>deptagro@uel.br<\/p>\n\n\n\n<p><strong>Comiss\u00e3o de Ensino<\/strong><br><strong>Coordenador<\/strong>:\u00a0Ayres de Oliveira Menezes J\u00fanior<br>ayres@uel.br<br><strong>Membro1<\/strong>: Marcelo Augusto de Aguiar e Silva\u00a0<br>aguiaresilva@uel.br<br><strong>Membro2:<\/strong> Efraim Rodrigues\u00a0<br>efraim@uel.br<\/p>\n\n\n\n<p><strong>Comiss\u00e3o de Pesquisa<\/strong><br><strong>Coordenadora<\/strong>:\u00a0D\u00e9bora Cristina Santiago<br>santiago@uel.br<br><strong>Membro1:<\/strong> \u00a0Jo\u00e3o Tavares Filho<br>taveres@uel.br<br><strong>Membro2: <\/strong>\u00a0Leandro Sim\u00f5es Azeredo Gon\u00e7alves<br>leandrosag@uel.br<\/p>\n\n\n\n<p><strong>Comiss\u00e3o de Extens\u00e3o<\/strong><br><strong>Coordenador:<\/strong>\u00a0Ricardo Tadeu de Faria<br>faria@uel.br<br><strong>Membro1:<\/strong>\u00a0Claudemir Zucareli\u00a0<br>claudemircca@uel.br<br><strong>Membro2:<\/strong> Odair Moraes<br>odair@uel.br<\/p>\n\n\n\n<p><\/p>\n\n\n\n<p><\/p>\n\n\n\n<p><\/p>\n\n\n\n<p><\/p>\n\n\n\n<p><\/p>\n\n\n\n<p><\/p>\n\n\n\n<p><\/p>\n\n\n\n<p><\/p>\n\n\n\n<p><\/p>\n","protected":false},"excerpt":{"rendered":"<p>Chefe do DepartamentoS\u00e9rgio Ruffo Robertosroberto@uel.br Vice-Chefe do DepartamentoMarcelo Giovanetti Cantericanteri@uel.br Secretaria do DepartamentoGraciane Aparecida da Silva Guilhermedeptagro@uel.br Comiss\u00e3o de EnsinoCoordenador:\u00a0Ayres de Oliveira Menezes J\u00faniorayres@uel.brMembro1: Marcelo Augusto de Aguiar e Silva\u00a0aguiaresilva@uel.brMembro2: Efraim Rodrigues\u00a0efraim@uel.br Comiss\u00e3o de PesquisaCoordenadora:\u00a0D\u00e9bora Cristina Santiagosantiago@uel.brMembro1: \u00a0Jo\u00e3o Tavares Filhotaveres@uel.brMembro2: \u00a0Leandro Sim\u00f5es Azeredo Gon\u00e7alvesleandrosag@uel.br Comiss\u00e3o de Extens\u00e3oCoordenador:\u00a0Ricardo Tadeu de Fariafaria@uel.brMembro1:\u00a0Claudemir Zucareli\u00a0claudemircca@uel.brMembro2: Odair Moraesodair@uel.br<\/p>\n","protected":false},"author":8,"featured_media":0,"parent":0,"menu_order":0,"comment_status":"closed","ping_status":"closed","template":"","meta":{"_acf_changed":false,"_themeisle_gutenberg_block_has_review":false,"footnotes":""},"class_list":["post-190","page","type-page","status-publish","hentry"],"acf":[],"_links":{"self":[{"href":"https:\/\/departamentos.uel.br\/agronomia\/wp-json\/wp\/v2\/pages\/190","targetHints":{"allow":["GET"]}}],"collection":[{"href":"https:\/\/departamentos.uel.br\/agronomia\/wp-json\/wp\/v2\/pages"}],"about":[{"href":"https:\/\/departamentos.uel.br\/agronomia\/wp-json\/wp\/v2\/types\/page"}],"author":[{"embeddable":true,"href":"https:\/\/departamentos.uel.br\/agronomia\/wp-json\/wp\/v2\/users\/8"}],"replies":[{"embeddable":true,"href":"https:\/\/departamentos.uel.br\/agronomia\/wp-json\/wp\/v2\/comments?post=190"}],"version-history":[{"count":10,"href":"https:\/\/departamentos.uel.br\/agronomia\/wp-json\/wp\/v2\/pages\/190\/revisions"}],"predecessor-version":[{"id":218,"href":"https:\/\/departamentos.uel.br\/agronomia\/wp-json\/wp\/v2\/pages\/190\/revisions\/218"}],"wp:attachment":[{"href":"https:\/\/departamentos.uel.br\/agronomia\/wp-json\/wp\/v2\/media?parent=190"}],"curies":[{"name":"wp","href":"https:\/\/api.w.org\/{rel}","templated":true}]}}

Corpo Técnico

<p><strong>Chefe do Departamento</strong><br>Sérgio Ruffo Roberto<br>sroberto@uel.br</p>



<p><strong>Vice-Chefe do Departamento</strong><br>Marcelo Giovanetti Canteri<br>canteri@uel.br</p>



<p><strong>Secretaria</strong> <strong>do Departamento</strong><br>Graciane Aparecida da Silva Guilherme<br>deptagro@uel.br</p>



<p><strong>Comissão de Ensino</strong><br><strong>Coordenador</strong>: Ayres de Oliveira Menezes Júnior<br>ayres@uel.br<br><strong>Membro1</strong>: Marcelo Augusto de Aguiar e Silva <br>aguiaresilva@uel.br<br><strong>Membro2:</strong> Efraim Rodrigues <br>efraim@uel.br</p>



<p><strong>Comissão de Pesquisa</strong><br><strong>Coordenadora</strong>: Débora Cristina Santiago<br>santiago@uel.br<br><strong>Membro1:</strong>  João Tavares Filho<br>taveres@uel.br<br><strong>Membro2: </strong> Leandro Simões Azeredo Gonçalves<br>leandrosag@uel.br</p>



<p><strong>Comissão de Extensão</strong><br><strong>Coordenador:</strong> Ricardo Tadeu de Faria<br>faria@uel.br<br><strong>Membro1:</strong> Claudemir Zucareli <br>claudemircca@uel.br<br><strong>Membro2:</strong> Odair Moraes<br>odair@uel.br</p>



<p></p>



<p></p>



<p></p>



<p></p>



<p></p>



<p></p>



<p></p>



<p></p>



<p></p>

<p>Chefe do DepartamentoSérgio Ruffo Robertosroberto@uel.br Vice-Chefe do DepartamentoMarcelo Giovanetti Cantericanteri@uel.br Secretaria do DepartamentoGraciane Aparecida da Silva Guilhermedeptagro@uel.br Comissão de EnsinoCoordenador: Ayres de Oliveira Menezes Júniorayres@uel.brMembro1: Marcelo Augusto de Aguiar e Silva aguiaresilva@uel.brMembro2: Efraim Rodrigues efraim@uel.br Comissão de PesquisaCoordenadora: Débora Cristina Santiagosantiago@uel.brMembro1:  João Tavares Filhotaveres@uel.brMembro2:  Leandro Simões Azeredo Gonçalvesleandrosag@uel.br Comissão de ExtensãoCoordenador: Ricardo Tadeu de Fariafaria@uel.brMembro1: Claudemir Zucareli claudemircca@uel.brMembro2: Odair Moraesodair@uel.br</p>
